INSERT INTO `wpla_signups` (`signup_id`, `domain`, `path`, `title`, `user_login`, `user_email`, `registered`, `activated`, `active`, `activation_key`, `meta`) VALUES ('292', '', '', '', 'ykyyoung70528', 'marcsoukup@my.viola.gq', '2019-11-20 22:13:34', '0000-00-00 00:00:00', '0', '6DdFg8AnGfxxKbsXI1yDWBZbijKa7rtL', 'a:3:{s:7:"field_1";s:15:"Young Martinson";s:17:"profile_field_ids";s:1:"1";s:8:"password";s:34:"$P$BrNNRH9.ZBzkpUS2JFivvDUPCedM3k1";}');
INSERT INTO `wpla_signups` (`signup_id`, `domain`, `path`, `title`, `user_login`, `user_email`, `registered`, `activated`, `active`, `activation_key`, `meta`) VALUES ('293', '', '', '', 'mortcasi1981', 'mortcasi1981@forpostsatelite.site', '2019-11-22 14:18:44', '2019-11-22 14:19:47', '1', 'zAchw7RN2ba4W9qyGqewHL5Jopwl4X3q', 'a:4:{s:7:"field_1";s:12:"Angela Adams";s:18:"field_1_visibility";s:6:"public";s:17:"profile_field_ids";s:1:"1";s:8:"password";s:34:"$P$B.TFFrCkG9FMbFn4np60ZVDBtRrRrg.";}');
INSERT INTO `wpla_signups` (`signup_id`, `domain`, `path`, `title`, `user_login`, `user_email`, `registered`, `activated`, `active`, `activation_key`, `meta`) VALUES ('294', '', '', '', 'perbondta1987', 'perbondta1987@forpostsatelite.site', '2019-11-22 16:23:19', '2019-11-22 16:24:27', '1', 'ull3FzWaY0OCQDlA7OnhvV1nwgFPLUIY', 'a:4:{s:7:"field_1";s:15:"Karen Hernandez";s:18:"field_1_visibility";s:6:"public";s:17:"profile_field_ids";s:1:"1";s:8:"password";s:34:"$P$BM9zkUEems9Kc9kSrBwXukobHyeb.X0";}');
INSERT INTO `wpla_signups` (`signup_id`, `domain`, `path`, `title`, `user_login`, `user_email`, `registered`, `activated`, `active`, `activation_key`, `meta`) VALUES ('295', '', '', '', 'mictili1985', 'mictili1985@forpostsatelite.site', '2019-11-22 20:11:49', '2019-11-22 20:12:58', '1', '9JskvKiDg7SywEOG4PUF5Z3UpbPadi4s', 'a:4:{s:7:"field_1";s:12:"Aubrey Olson";s:18:"field_1_visibility";s:6:"public";s:17:"profile_field_ids";s:1:"1";s:8:"password";s:34:"$P$BxyDnGaPIPu.T1GdbmCeikWwa8Wedu/";}');
INSERT INTO `wpla_signups` (`signup_id`, `domain`, `path`, `title`, `user_login`, `user_email`, `registered`, `activated`, `active`, `activation_key`, `meta`) VALUES ('296', '', '', '', 'banumort1975', 'banumort1975@forpostsatelite.site', '2019-11-23 02:30:57', '2019-11-23 02:31:35', '1', 'U0KtUnWy21mSXS5N2Q7na1YCl8IPI5ZT', 'a:4:{s:7:"field_1";s:10:"Kim Gibson";s:18:"field_1_visibility";s:6:"public";s:17:"profile_field_ids";s:1:"1";s:8:"password";s:34:"$P$B7sHXrV0Rwzl7l.a3mwRvdAIlKnpX4.";}');
INSERT INTO `wpla_signups` (`signup_id`, `domain`, `path`, `title`, `user_login`, `user_email`, `registered`, `activated`, `active`, `activation_key`, `meta`) VALUES ('297', '', '', '', 'fucuttpou1982', 'fucuttpou1982@forpostsatelite.site', '2019-11-23 03:10:23', '2019-11-23 03:11:07', '1', 'Rf2JYONAEDEL1LsN3a2mPOmNJMuUMcyK', 'a:4:{s:7:"field_1";s:16:"Elizabeth Miller";s:18:"field_1_visibility";s:6:"public";s:17:"profile_field_ids";s:1:"1";s:8:"password";s:34:"$P$BZxlRPg4rc.SiPE.DDMPYA/cFz1y5l0";}');
INSERT INTO `wpla_signups` (`signup_id`, `domain`, `path`, `title`, `user_login`, `user_email`, `registered`, `activated`, `active`, `activation_key`, `meta`) VALUES ('298', '', '', '', 'orchoipay1988', 'orchoipay1988@forpostsatelite.site', '2019-11-23 03:58:50', '2019-11-23 03:59:53', '1', '16Cg47nVT0ACv8AQEvEhCAqJDA61TzGv', 'a:4:{s:7:"field_1";s:14:"Brandi Collins";s:18:"field_1_visibility";s:6:"public";s:17:"profile_field_ids";s:1:"1";s:8:"password";s:34:"$P$BoI11U16dsPreqwt5x3iSTVd/o7Rg10";}');
INSERT INTO `wpla_signups` (`signup_id`, `domain`, `path`, `title`, `user_login`, `user_email`, `registered`, `activated`, `active`, `activation_key`, `meta`) VALUES ('299', '', '', '', 'timmile1983', 'timmile1983@forpostsatelite.site', '2019-11-23 09:10:46', '2019-11-23 09:11:29', '1', 'ZzHIx64QGOlDj97PZCnduypCJqTDzuYg', 'a:4:{s:7:"field_1";s:12:"David Parker";s:18:"field_1_visibility";s:6:"public";s:17:"profile_field_ids";s:1:"1";s:8:"password";s:34:"$P$BucO8DQLFC3tLsvVKX1Yl/fAa.E0ov/";}');
INSERT INTO `wpla_signups` (`signup_id`, `domain`, `path`, `title`, `user_login`, `user_email`, `registered`, `activated`, `active`, `activation_key`, `meta`) VALUES ('300', '', '', '', 'bergcondsig1981', 'bergcondsig1981@forpostsatelite.site', '2019-11-23 09:48:19', '2019-11-23 09:49:05', '1', '6XwJyTAUGKTLD8Id6sZxO8O1qzO0qWYn', 'a:4:{s:7:"field_1";s:11:"Jan Cuperus";s:18:"field_1_visibility";s:6:"public";s:17:"profile_field_ids";s:1:"1";s:8:"password";s:34:"$P$BXw9BEDDS/5GEQ1xjtDDXBmGXe3Eax1";}');
INSERT INTO `wpla_signups` (`signup_id`, `domain`, `path`, `title`, `user_login`, `user_email`, `registered`, `activated`, `active`, `activation_key`, `meta`) VALUES ('301', '', '', '', 'rjbeartha593', 'Eartha-Dowse84@championindo.com', '2019-11-26 11:34:12', '0000-00-00 00:00:00', '0', 'TdrwQQzYNRCyawxmKRYqSwqtWz2nDlds', 'a:3:{s:7:"field_1";s:12:"Eartha Dowse";s:17:"profile_field_ids";s:1:"1";s:8:"password";s:34:"$P$BInq7ckHrDpAB/4nKzVdfLOZ.vgrV.0";}');
INSERT INTO `wpla_signups` (`signup_id`, `domain`, `path`, `title`, `user_login`, `user_email`, `registered`, `activated`, `active`, `activation_key`, `meta`) VALUES ('302', '', '', '', 'Berdaner', 'deonnasternd6@gmx.com', '2019-11-27 11:13:49', '0000-00-00 00:00:00', '0', '2KF8TnkkiCC1UZJk0mPWO9ex10fxUGPC', 'a:8:{s:7:"field_1";s:8:"RIQYVYBY";s:7:"field_2";s:7:"VENDITA";s:8:"field_50";s:10:"Afganistan";s:10:"field_1530";s:8:"WAFYQIXI";s:10:"field_1529";s:8:"KAPOVOMO";s:10:"field_1528";s:65:"<a href=\\"http://www.usaloansreviews.com/\\">usa loans reviews</a>";s:17:"profile_field_ids";s:21:"1,2,50,1530,1529,1528";s:8:"password";s:34:"$P$BiuCR.rHnpdddXTvMEUWlol0FbtEwe1";}');
INSERT INTO `wpla_signups` (`signup_id`, `domain`, `path`, `title`, `user_login`, `user_email`, `registered`, `activated`, `active`, `activation_key`, `meta`) VALUES ('303', '', '', '', 'Petraxxer', 'silverq1s@gmx.com', '2019-12-03 22:45:12', '0000-00-00 00:00:00', '0', 'GZoc69J0rFbzjPAyehPn2j5fGPCgbGK6', 'a:8:{s:7:"field_1";s:8:"LAZAZYDI";s:7:"field_2";s:7:"VENDITA";s:8:"field_50";s:10:"Afganistan";s:10:"field_1530";s:8:"QENEVABI";s:10:"field_1529";s:8:"MOHEBYGY";s:10:"field_1528";s:103:"<a href=\\"https://www.usaloansreviews.com/page/same-day-payday-loans-online\\">same day payday loans</a>";s:17:"profile_field_ids";s:21:"1,2,50,1530,1529,1528";s:8:"password";s:34:"$P$BdbyQl1v8GGZ8dgVLXbEhmaIKQ1H421";}');
INSERT INTO `wpla_signups` (`signup_id`, `domain`, `path`, `title`, `user_login`, `user_email`, `registered`, `activated`, `active`, `activation_key`, `meta`) VALUES ('304', '', '', '', 'leoniegerste1', 'gildawhitesides@456.dns-cloud.net', '2019-12-06 18:19:16', '0000-00-00 00:00:00', '0', 'Clyc94K1dOqaNjSd1qMS56uDOEYLSv8N', 'a:3:{s:7:"field_1";s:13:"Leonie Gerste";s:17:"profile_field_ids";s:1:"1";s:8:"password";s:34:"$P$B3NPtdb7AmfMrJcgwcyGozsqNHnj2J0";}');
INSERT INTO `wpla_signups` (`signup_id`, `domain`, `path`, `title`, `user_login`, `user_email`, `registered`, `activated`, `active`, `activation_key`, `meta`) VALUES ('305', '', '', '', 'fernandoleavens', 'handoko@pokrqq.com', '2019-12-12 04:59:10', '0000-00-00 00:00:00', '0', '1ajylyqw7FXPe6GZlxcMJpCevHyDYXxO', 'a:3:{s:7:"field_1";s:16:"Fernando Leavens";s:17:"profile_field_ids";s:1:"1";s:8:"password";s:34:"$P$BBFBgUJv9a/5gswddHS/nd4j5HsiAB0";}');
INSERT INTO `wpla_signups` (`signup_id`, `domain`, `path`, `title`, `user_login`, `user_email`, `registered`, `activated`, `active`, `activation_key`, `meta`) VALUES ('306', '', '', '', 'jannettemarrero', 'noemisalcedo@my.viola.gq', '2019-12-16 02:40:04', '0000-00-00 00:00:00', '0', 'hfQL5tHHOSLf6Cs4bGlvjo2qRk5snt51', 'a:3:{s:7:"field_1";s:16:"Jannette Marrero";s:17:"profile_field_ids";s:1:"1";s:8:"password";s:34:"$P$Ba56q/pjBYpnStUaKlBBpbqcKhrUhE.";}');
INSERT INTO `wpla_signups` (`signup_id`, `domain`, `path`, `title`, `user_login`, `user_email`, `registered`, `activated`, `active`, `activation_key`, `meta`) VALUES ('307', '', '', '', 'galenwaller9383', 'budberg@vacuus.gq', '2019-12-18 14:07:50', '0000-00-00 00:00:00', '0', '13Zs5NlHpnZ0WQMqI8f8HmM94Belp2iY', 'a:3:{s:7:"field_1";s:12:"Galen Waller";s:17:"profile_field_ids";s:1:"1";s:8:"password";s:34:"$P$B7N0WhmrPgXsKn6p3gIXklv6UxA5OP.";}');
INSERT INTO `wpla_signups` (`signup_id`, `domain`, `path`, `title`, `user_login`, `user_email`, `registered`, `activated`, `active`, `activation_key`, `meta`) VALUES ('308', '', '', '', 'alisiaafford36', 'sibylle@indiatravel.network', '2019-12-24 08:06:14', '0000-00-00 00:00:00', '0', '1D3Z91KexSv88PNeuAqaGQqDmKJ21vjo', 'a:3:{s:7:"field_1";s:13:"Alisia Afford";s:17:"profile_field_ids";s:1:"1";s:8:"password";s:34:"$P$BaceQuihbwoADWo6eV7wMSV9RbRd/01";}');
INSERT INTO `wpla_signups` (`signup_id`, `domain`, `path`, `title`, `user_login`, `user_email`, `registered`, `activated`, `active`, `activation_key`, `meta`) VALUES ('309', '', '', '', 'iripyje', 'miguel@rzesomaniak.pl', '2019-12-24 23:50:51', '0000-00-00 00:00:00', '0', 'ncXKoR8SKNHPx8cSRDhR9COp8RF5hBQM', 'a:2:{s:17:"profile_field_ids";s:7:"iripyje";s:8:"password";s:34:"$P$BPvZWtlLcmcZWR3c8VZR5wCJvXW7OV0";}');
INSERT INTO `wpla_signups` (`signup_id`, `domain`, `path`, `title`, `user_login`, `user_email`, `registered`, `activated`, `active`, `activation_key`, `meta`) VALUES ('310', '', '', '', 'LevitraGenerikaonlinekaufenrezeptfrei', 'sagercbe@gmx.com', '2019-12-28 03:24:33', '0000-00-00 00:00:00', '0', 'XDGGz0xRS2QjDrFkJBEXSa03zCbxN85x', 'a:8:{s:7:"field_1";s:8:"HITAMUMY";s:7:"field_2";s:7:"VENDITA";s:8:"field_50";s:10:"Afganistan";s:10:"field_1530";s:8:"PEGUCEGE";s:10:"field_1529";s:8:"WYNISODI";s:10:"field_1528";s:126:"Levitra Generika ist ein Medikament zur Behandlung der erektilen Dysfunktion bei Männern, bestehend aus Wirkstoff Vardenafil.";s:17:"profile_field_ids";s:21:"1,2,50,1530,1529,1528";s:8:"password";s:34:"$P$BzMTKmPUc1MTNm51QWIFQDwDa8zM.2/";}');
INSERT INTO `wpla_signups` (`signup_id`, `domain`, `path`, `title`, `user_login`, `user_email`, `registered`, `activated`, `active`, `activation_key`, `meta`) VALUES ('311', '', '', '', 'aundrealedesma1', 'leslieswen@enelopes.com', '2019-12-30 01:46:04', '0000-00-00 00:00:00', '0', 'jCLsoUFW32ypI6xNtwLVGy9dcE6ubz49', 'a:3:{s:7:"field_1";s:15:"Aundrea Ledesma";s:17:"profile_field_ids";s:1:"1";s:8:"password";s:34:"$P$B2xQeCIMn4UPkTCFrmhvZmHh3WLcXA/";}');
INSERT INTO `wpla_signups` (`signup_id`, `domain`, `path`, `title`, `user_login`, `user_email`, `registered`, `activated`, `active`, `activation_key`, `meta`) VALUES ('312', '', '', '', 'grantarchuleta9', 'karenclaribel@goodcoffeemaker.com', '2019-12-30 21:18:18', '0000-00-00 00:00:00', '0', 'hDrZZ7f72cuXKBY4KOW10JBWf3sByM9P', 'a:3:{s:7:"field_1";s:15:"Grant Archuleta";s:17:"profile_field_ids";s:1:"1";s:8:"password";s:34:"$P$Byc2iwI4A81CncasbG2OQTx/mrUbyk0";}');
INSERT INTO `wpla_signups` (`signup_id`, `domain`, `path`, `title`, `user_login`, `user_email`, `registered`, `activated`, `active`, `activation_key`, `meta`) VALUES ('313', '', '', '', 'mpmyajnmbo', 'bjrwvmmp@gmail.com', '2019-12-31 20:46:17', '0000-00-00 00:00:00', '0', '6JBcEoaJdspBN4zpnPOtHYjChrUszavH', 'a:3:{s:7:"field_1";s:12:"nlqevchffhPC";s:17:"profile_field_ids";s:1:"1";s:8:"password";s:34:"$P$BtjkI.LyQtsXFJs00Egs9FEJ42Ji8I.";}');
INSERT INTO `wpla_signups` (`signup_id`, `domain`, `path`, `title`, `user_login`, `user_email`, `registered`, `activated`, `active`, `activation_key`, `meta`) VALUES ('314', '', '', '', 'kolzqdpoaf', 'yylntino@gmail.com', '2020-01-01 04:24:17', '0000-00-00 00:00:00', '0', 'jIkLxuCwcAmQoyjEAkbWRDodzI2G09qm', 'a:3:{s:7:"field_1";s:12:"zybywrrjpvPC";s:17:"profile_field_ids";s:1:"1";s:8:"password";s:34:"$P$BH.weCVRrYuZnHkV7Y998mhQWlA7nJ1";}');
INSERT INTO `wpla_signups` (`signup_id`, `domain`, `path`, `title`, `user_login`, `user_email`, `registered`, `activated`, `active`, `activation_key`, `meta`) VALUES ('315', '', '', '', 'ayzvpcxnrz', 'vaqyfmhd@gmail.com', '2020-01-01 04:42:15', '0000-00-00 00:00:00', '0', 'nNbHWZaV96NG1owK7Nzh00SQl07698re', 'a:3:{s:7:"field_1";s:12:"prjxxnsndyPC";s:17:"profile_field_ids";s:1:"1";s:8:"password";s:34:"$P$BLefpomlbNJQPJOOCOTMOWKGeDsN/u/";}');
INSERT INTO `wpla_signups` (`signup_id`, `domain`, `path`, `title`, `user_login`, `user_email`, `registered`, `activated`, `active`, `activation_key`, `meta`) VALUES ('316', '', '', '', 'xogiayshld', 'nkcxhyqa@gmail.com', '2020-01-01 10:27:11', '0000-00-00 00:00:00', '0', 'vSz5EOvgLLxpS4Ndw0PVE8gDYoxnjzWN', 'a:3:{s:7:"field_1";s:12:"hpzommtabqPC";s:17:"profile_field_ids";s:1:"1";s:8:"password";s:34:"$P$B8Ar.MzoDQimtL7FW8WPDlOQbFzxs70";}');
INSERT INTO `wpla_signups` (`signup_id`, `domain`, `path`, `title`, `user_login`, `user_email`, `registered`, `activated`, `active`, `activation_key`, `meta`) VALUES ('317', '', '', '', 'oqjjpfzcyc', 'lpqnertb@gmail.com', '2020-01-01 10:56:43', '0000-00-00 00:00:00', '0', 'vITIb7mbM61Ifa9PJ3tHNYRgwRvXFFJ1', 'a:3:{s:7:"field_1";s:12:"xtduvmpoutPC";s:17:"profile_field_ids";s:1:"1";s:8:"password";s:34:"$P$BhNX16G2y6SyjDl15gOUctICOZ2vVd1";}');
INSERT INTO `wpla_signups` (`signup_id`, `domain`, `path`, `title`, `user_login`, `user_email`, `registered`, `activated`, `active`, `activation_key`, `meta`) VALUES ('318', '', '', '', 'njkdpszifa', 'epsihqfg@gmail.com', '2020-01-01 16:22:08', '0000-00-00 00:00:00', '0', '1TLtdWqdcKvkq7Iu8gSKzmRbaFFjd93c', 'a:3:{s:7:"field_1";s:12:"eqwiwwtislPC";s:17:"profile_field_ids";s:1:"1";s:8:"password";s:34:"$P$BFqjUTIsYm/7fZmJtR9duvd1a9nKyI/";}');
INSERT INTO `wpla_signups` (`signup_id`, `domain`, `path`, `title`, `user_login`, `user_email`, `registered`, `activated`, `active`, `activation_key`, `meta`) VALUES ('319', '', '', '', 'wfizvqcwkl', 'fmsbojma@gmail.com', '2020-01-01 16:41:00', '0000-00-00 00:00:00', '0', '6HCwC8YGTIEIddZFWlXgBIytBPMiv1ue', 'a:3:{s:7:"field_1";s:12:"xmsbawramtPC";s:17:"profile_field_ids";s:1:"1";s:8:"password";s:34:"$P$BHTpqJa5V3xoLuQLAWhXcC2araKLd40";}');
INSERT INTO `wpla_signups` (`signup_id`, `domain`, `path`, `title`, `user_login`, `user_email`, `registered`, `activated`, `active`, `activation_key`, `meta`) VALUES ('320', '', '', '', 'wwgirfiueb', 'mgtgdseg@gmail.com', '2020-01-01 17:23:01', '0000-00-00 00:00:00', '0', 'Thndp2cjurlg5D29Uo7UNQg8ClbB2YYk', 'a:3:{s:7:"field_1";s:12:"qdrlaolbmvPC";s:17:"profile_field_ids";s:1:"1";s:8:"password";s:34:"$P$BGaQUy.nRV.uJnwURz4tDxHTisLmNr/";}');
INSERT INTO `wpla_signups` (`signup_id`, `domain`, `path`, `title`, `user_login`, `user_email`, `registered`, `activated`, `active`, `activation_key`, `meta`) VALUES ('321', '', '', '', 'nccmdfsgoz', 'igdsyhyb@gmail.com', '2020-01-01 22:45:43', '0000-00-00 00:00:00', '0', 'u7xuGcAq3EXXZ4hOk7B4Ab7l2EWxMU22', 'a:3:{s:7:"field_1";s:12:"gglvjqoaksPC";s:17:"profile_field_ids";s:1:"1";s:8:"password";s:34:"$P$BGLqrNF8K19fK5BwJJc6TStyz285ln0";}');
INSERT INTO `wpla_signups` (`signup_id`, `domain`, `path`, `title`, `user_login`, `user_email`, `registered`, `activated`, `active`, `activation_key`, `meta`) VALUES ('322', '', '', '', 'vplaannayx', 'btzeeses@gmail.com', '2020-01-01 23:41:05', '0000-00-00 00:00:00', '0', '3gdHE19YX5QVPRhHvFe3Ij64qL13Wzhw', 'a:3:{s:7:"field_1";s:12:"inwlynwhjqPC";s:17:"profile_field_ids";s:1:"1";s:8:"password";s:34:"$P$Baw..QN67TJAUBy18y4H39NTJgUstq/";}');
INSERT INTO `wpla_signups` (`signup_id`, `domain`, `path`, `title`, `user_login`, `user_email`, `registered`, `activated`, `active`, `activation_key`, `meta`) VALUES ('323', '', '', '', 'guyvlekahb', 'kuxrukwc@gmail.com', '2020-01-02 04:57:06', '0000-00-00 00:00:00', '0', 'qPwUQkkhW2HbN8Y9ec9DK3hWJ2oVRinY', 'a:3:{s:7:"field_1";s:12:"rdkbyzagpzPC";s:17:"profile_field_ids";s:1:"1";s:8:"password";s:34:"$P$BN0/my6qYHo08EeKF2fIFipJI/EEol0";}');
INSERT INTO `wpla_signups` (`signup_id`, `domain`, `path`, `title`, `user_login`, `user_email`, `registered`, `activated`, `active`, `activation_key`, `meta`) VALUES ('324', '', '', '', 'zghsqlkoyc', 'mbrjegaa@gmail.com', '2020-01-02 06:02:34', '0000-00-00 00:00:00', '0', 'W0E7aaNXKVIkfVUjwQ9vek1B4VED98uK', 'a:3:{s:7:"field_1";s:12:"gaiiyshkvkPC";s:17:"profile_field_ids";s:1:"1";s:8:"password";s:34:"$P$BCzT2dzakPNYCsQJFk1.gjEjlgzKNo.";}');
INSERT INTO `wpla_signups` (`signup_id`, `domain`, `path`, `title`, `user_login`, `user_email`, `registered`, `activated`, `active`, `activation_key`, `meta`) VALUES ('325', '', '', '', 'oewnkzdnbj', 'ssijmvxh@gmail.com', '2020-01-02 10:55:15', '0000-00-00 00:00:00', '0', 'lQpWm6dI37YYZI5bQoXeMlJPESGNIXRs', 'a:3:{s:7:"field_1";s:12:"uogveoqtpsPC";s:17:"profile_field_ids";s:1:"1";s:8:"password";s:34:"$P$B6JIVbyUAldL5pootOpuuIgwSmumww0";}');
INSERT INTO `wpla_signups` (`signup_id`, `domain`, `path`, `title`, `user_login`, `user_email`, `registered`, `activated`, `active`, `activation_key`, `meta`) VALUES ('326', '', '', '', 'whtrweyyii', 'rjbecxkr@gmail.com', '2020-01-02 12:15:11', '0000-00-00 00:00:00', '0', 'pNwDxavx23aKFEoZrLLy1OEgWmKEeTAt', 'a:3:{s:7:"field_1";s:12:"zvproiipilPC";s:17:"profile_field_ids";s:1:"1";s:8:"password";s:34:"$P$BkNwSLEVEwSAB7RCq1xriQZ0t3udYu1";}');
INSERT INTO `wpla_signups` (`signup_id`, `domain`, `path`, `title`, `user_login`, `user_email`, `registered`, `activated`, `active`, `activation_key`, `meta`) VALUES ('327', '', '', '', 'aigturqihd', 'zqypfjwp@gmail.com', '2020-01-02 17:11:16', '0000-00-00 00:00:00', '0', 'azaiIcf9yZV2R5Ip7wcdilEvO0ZwIO0P', 'a:3:{s:7:"field_1";s:12:"fwsatnrfwePC";s:17:"profile_field_ids";s:1:"1";s:8:"password";s:34:"$P$B2bePXYS8AplJkfyOVAUMn1H50L2Fc1";}');
INSERT INTO `wpla_signups` (`signup_id`, `domain`, `path`, `title`, `user_login`, `user_email`, `registered`, `activated`, `active`, `activation_key`, `meta`) VALUES ('328', '', '', '', 'gnknypfilv', 'zfmcdfle@gmail.com', '2020-01-02 18:49:46', '0000-00-00 00:00:00', '0', 'TxP49WZ7oK4PpSm3kdUqiw8tfoVBbJoc', 'a:3:{s:7:"field_1";s:12:"tqauhoyosnPC";s:17:"profile_field_ids";s:1:"1";s:8:"password";s:34:"$P$BrMyN5Fi1r6i8rCbcp27axKkG8/jig.";}');
INSERT INTO `wpla_signups` (`signup_id`, `domain`, `path`, `title`, `user_login`, `user_email`, `registered`, `activated`, `active`, `activation_key`, `meta`) VALUES ('329', '', '', '', 'qrfmwghvrr', 'tjncdfyd@gmail.com', '2020-01-02 20:47:14', '0000-00-00 00:00:00', '0', 'RuQuZouEqavXZT6g3DdgtuhPpzUcsAWs', 'a:3:{s:7:"field_1";s:12:"pwhljtwrhdPC";s:17:"profile_field_ids";s:1:"1";s:8:"password";s:34:"$P$BTBoNYvg6trRnY6aL0Q34VDoNyntda.";}');
INSERT INTO `wpla_signups` (`signup_id`, `domain`, `path`, `title`, `user_login`, `user_email`, `registered`, `activated`, `active`, `activation_key`, `meta`) VALUES ('330', '', '', '', 'xtoacbakxl', 'rdevegwp@gmail.com', '2020-01-02 23:19:04', '0000-00-00 00:00:00', '0', 'DBXW4EOWpxhTSbKhn2WKNGW902s2mrmA', 'a:3:{s:7:"field_1";s:12:"szfkaoacrwPC";s:17:"profile_field_ids";s:1:"1";s:8:"password";s:34:"$P$BGf6hffjrzH5JYo76ZtI.B1ciHYA.t/";}');
INSERT INTO `wpla_signups` (`signup_id`, `domain`, `path`, `title`, `user_login`, `user_email`, `registered`, `activated`, `active`, `activation_key`, `meta`) VALUES ('331', '', '', '', 'lghjcadimn', 'omzxywnx@gmail.com', '2020-01-03 01:14:36', '0000-00-00 00:00:00', '0', 'E4w0cM8JEht4tJ8QXHprQrq6FXBdT4C8', 'a:3:{s:7:"field_1";s:12:"iorjoqqsmqPC";s:17:"profile_field_ids";s:1:"1";s:8:"password";s:34:"$P$BEODzq.f0hAGewZqMskTfbenmaQSZn0";}');
INSERT INTO `wpla_signups` (`signup_id`, `domain`, `path`, `title`, `user_login`, `user_email`, `registered`, `activated`, `active`, `activation_key`, `meta`) VALUES ('332', '', '', '', 'tprppcdptb', 'pxmdjxtc@gmail.com', '2020-01-03 05:37:06', '0000-00-00 00:00:00', '0', 'XqGvyHHYVyWehhovGLdnnwHq9pu4YJim', 'a:3:{s:7:"field_1";s:12:"roatvizzrlPC";s:17:"profile_field_ids";s:1:"1";s:8:"password";s:34:"$P$B97It7rBlzCs00k44VYOuDcoLajusN1";}');
INSERT INTO `wpla_signups` (`signup_id`, `domain`, `path`, `title`, `user_login`, `user_email`, `registered`, `activated`, `active`, `activation_key`, `meta`) VALUES ('333', '', '', '', 'twlreybbjf', 'axllrkmr@gmail.com', '2020-01-03 07:46:33', '0000-00-00 00:00:00', '0', '5mI0MzaLMORLjNyGXTHb8eMEgThRXBDy', 'a:3:{s:7:"field_1";s:12:"togxlybiafPC";s:17:"profile_field_ids";s:1:"1";s:8:"password";s:34:"$P$BugJeEHeJ83KPYLevc.TZDIkMJOzB..";}');
INSERT INTO `wpla_signups` (`signup_id`, `domain`, `path`, `title`, `user_login`, `user_email`, `registered`, `activated`, `active`, `activation_key`, `meta`) VALUES ('334', '', '', '', 'aowoulxusk', 'wzzplzdd@gmail.com', '2020-01-03 11:57:32', '0000-00-00 00:00:00', '0', '7fIhkAieL0xUSnKesiX6wbrQcXYfq0wF', 'a:3:{s:7:"field_1";s:12:"iijvsuthduPC";s:17:"profile_field_ids";s:1:"1";s:8:"password";s:34:"$P$Bnnr62xvkSzXXdsc6eGC8JlL2SnwJh/";}');
INSERT INTO `wpla_signups` (`signup_id`, `domain`, `path`, `title`, `user_login`, `user_email`, `registered`, `activated`, `active`, `activation_key`, `meta`) VALUES ('335', '', '', '', 'odhwisxfou', 'cjavirru@gmail.com', '2020-01-03 14:24:42', '0000-00-00 00:00:00', '0', 'aWoRGQXXfttaudalffhnBzzxrqKOBvUG', 'a:3:{s:7:"field_1";s:12:"odbdovzleePC";s:17:"profile_field_ids";s:1:"1";s:8:"password";s:34:"$P$Bliu2RlysBmMWnjKwoyfSdHZj5GHn1/";}');
INSERT INTO `wpla_signups` (`signup_id`, `domain`, `path`, `title`, `user_login`, `user_email`, `registered`, `activated`, `active`, `activation_key`, `meta`) VALUES ('336', '', '', '', 'gykdcggqzn', 'offbfudz@gmail.com', '2020-01-03 18:13:04', '0000-00-00 00:00:00', '0', 'BxxJr4Ik1TwxpGxBah6BdX8ykzptvtOr', 'a:3:{s:7:"field_1";s:12:"dawydyvhjsPC";s:17:"profile_field_ids";s:1:"1";s:8:"password";s:34:"$P$BTyHE9QF57VNNjTC5L5EaGAQvRt.S51";}');
INSERT INTO `wpla_signups` (`signup_id`, `domain`, `path`, `title`, `user_login`, `user_email`, `registered`, `activated`, `active`, `activation_key`, `meta`) VALUES ('337', '', '', '', 'qgwpubphdt', 'qhtkihlj@gmail.com', '2020-01-03 20:46:22', '0000-00-00 00:00:00', '0', 'KZ3xkXqz8vuEo4bGaqW4sbWXXwhcPwEA', 'a:3:{s:7:"field_1";s:12:"rrdhfltyrrPC";s:17:"profile_field_ids";s:1:"1";s:8:"password";s:34:"$P$BLI8F5sRDHxAHbojyKRtXJAQmG3hsG.";}');
INSERT INTO `wpla_signups` (`signup_id`, `domain`, `path`, `title`, `user_login`, `user_email`, `registered`, `activated`, `active`, `activation_key`, `meta`) VALUES ('338', '', '', '', 'oxmvskzjgr', 'eynjvsqx@gmail.com', '2020-01-03 21:40:50', '0000-00-00 00:00:00', '0', 'yi5F0x9Hklq3So3VjbHi9uirwnfuAeyv', 'a:3:{s:7:"field_1";s:12:"egqimedvrvPC";s:17:"profile_field_ids";s:1:"1";s:8:"password";s:34:"$P$BfqkkajZFYuM8kqH1yVbPA/oW7V9zZ0";}');
INSERT INTO `wpla_signups` (`signup_id`, `domain`, `path`, `title`, `user_login`, `user_email`, `registered`, `activated`, `active`, `activation_key`, `meta`) VALUES ('339', '', '', '', 'uttuctrfxa', 'guoeggmw@gmail.com', '2020-01-04 00:24:04', '0000-00-00 00:00:00', '0', 'vu6OnKZdwJvQKl5BeZQp9jgG79Rl1iGU', 'a:3:{s:7:"field_1";s:12:"mvyhdnjdasPC";s:17:"profile_field_ids";s:1:"1";s:8:"password";s:34:"$P$BAbVu6sExjnoqVUs6QT2oGY4FLrrHm0";}');
INSERT INTO `wpla_signups` (`signup_id`, `domain`, `path`, `title`, `user_login`, `user_email`, `registered`, `activated`, `active`, `activation_key`, `meta`) VALUES ('340', '', '', '', 'xtaletphrr', 'jopyhzekl@neycochan.info', '2020-01-04 02:49:46', '2020-01-04 02:54:30', '1', 'Iwq04UyXEBKMPoFgbZ45FVlljbyRjHAD', 'a:3:{s:7:"field_1";s:10:"xtaletphrr";s:17:"profile_field_ids";s:1:"1";s:8:"password";s:34:"$P$BXzrqZ4iKGIMhyZJMKVS.SchRmnkuO0";}');
INSERT INTO `wpla_signups` (`signup_id`, `domain`, `path`, `title`, `user_login`, `user_email`, `registered`, `activated`, `active`, `activation_key`, `meta`) VALUES ('341', '', '', '', 'fuhjpcmdlj', 'qvecnoub@gmail.com', '2020-01-04 03:21:38', '0000-00-00 00:00:00', '0', '68k4nhIhgEeBz6Kjn7HizKBbJSeAwixQ', 'a:3:{s:7:"field_1";s:12:"gzyckciksuPC";s:17:"profile_field_ids";s:1:"1";s:8:"password";s:34:"$P$BSGntHUob7eM5EqVnFR9HJQbYOozCe0";}');
INSERT INTO `wpla_signups` (`signup_id`, `domain`, `path`, `title`, `user_login`, `user_email`, `registered`, `activated`, `active`, `activation_key`, `meta`) VALUES ('342', '', '', '', 'lntuzmuvcv', 'rryadpwf@gmail.com', '2020-01-04 06:43:18', '0000-00-00 00:00:00', '0', '5EJEqyoCIM9ZECVIqUgbYhOXDuA4StsN', 'a:3:{s:7:"field_1";s:12:"ldsixwtagjPC";s:17:"profile_field_ids";s:1:"1";s:8:"password";s:34:"$P$Bwj4s3Ylhr7DxTT/CtKmgl.FCa3N3A/";}');
INSERT INTO `wpla_signups` (`signup_id`, `domain`, `path`, `title`, `user_login`, `user_email`, `registered`, `activated`, `active`, `activation_key`, `meta`) VALUES ('343', '', '', '', 'eicxrtcrgm', 'vsahsiwy@gmail.com', '2020-01-04 09:53:07', '0000-00-00 00:00:00', '0', '5Nq9uk41UfCLKBAH6n5D9e7PGFjDwQ83', 'a:3:{s:7:"field_1";s:12:"bfflutzdnlPC";s:17:"profile_field_ids";s:1:"1";s:8:"password";s:34:"$P$BbcfVE.wVp2ULi09rH.ROSucxDv9bD.";}');
INSERT INTO `wpla_signups` (`signup_id`, `domain`, `path`, `title`, `user_login`, `user_email`, `registered`, `activated`, `active`, `activation_key`, `meta`) VALUES ('344', '', '', '', 'mkvyehvppr', 'tjqgchgp@gmail.com', '2020-01-04 13:07:57', '0000-00-00 00:00:00', '0', '28uHxeK8BQzSLNhQl8jRTsR7XSWsMuGc', 'a:3:{s:7:"field_1";s:12:"afisokjjgsPC";s:17:"profile_field_ids";s:1:"1";s:8:"password";s:34:"$P$Btafprt2CTmu6ZDTlSGPrj5yyJpxt2.";}');
INSERT INTO `wpla_signups` (`signup_id`, `domain`, `path`, `title`, `user_login`, `user_email`, `registered`, `activated`, `active`, `activation_key`, `meta`) VALUES ('345', '', '', '', 'hdatquvgjr', 'rwtdcibb@gmail.com', '2020-01-04 15:45:42', '0000-00-00 00:00:00', '0', '4ny2yBa6lf0MR77G5sRrchiEDWCHjPMJ', 'a:3:{s:7:"field_1";s:12:"synmisbtqwPC";s:17:"profile_field_ids";s:1:"1";s:8:"password";s:34:"$P$BeiFCTc8N3TFOGUOcVLiEkQQZ/xTIn1";}');
INSERT INTO `wpla_signups` (`signup_id`, `domain`, `path`, `title`, `user_login`, `user_email`, `registered`, `activated`, `active`, `activation_key`, `meta`) VALUES ('346', '', '', '', 'xpqjqbzgea', 'fgwynddy@gmail.com', '2020-01-04 16:42:26', '0000-00-00 00:00:00', '0', 'QvbYVtA3EtGvaxWckiFWwKCMLUtkhwgz', 'a:3:{s:7:"field_1";s:12:"jlkyltmmptPC";s:17:"profile_field_ids";s:1:"1";s:8:"password";s:34:"$P$BJUcwT4Fi1ed7cBSCFe0GAqnsS.OUx0";}');
INSERT INTO `wpla_signups` (`signup_id`, `domain`, `path`, `title`, `user_login`, `user_email`, `registered`, `activated`, `active`, `activation_key`, `meta`) VALUES ('347', '', '', '', 'cmuyiqnvni', 'kxbnnsgm@gmail.com', '2020-01-04 19:43:44', '0000-00-00 00:00:00', '0', 'u3BS5fpZLabkdOKn2XkQTIwvddv6ncHK', 'a:3:{s:7:"field_1";s:12:"ktlmaxuishPC";s:17:"profile_field_ids";s:1:"1";s:8:"password";s:34:"$P$Bq60P4N0b4ORhuUcpa2DOzjKooERK.0";}');
INSERT INTO `wpla_signups` (`signup_id`, `domain`, `path`, `title`, `user_login`, `user_email`, `registered`, `activated`, `active`, `activation_key`, `meta`) VALUES ('348', '', '', '', 'bziuqyfwmn', 'badghwrz@gmail.com', '2020-01-04 23:23:55', '0000-00-00 00:00:00', '0', 's8nZbrh4qORUTSGWgJv2G8k3rb18FJFO', 'a:3:{s:7:"field_1";s:12:"fjuicwdkcnPC";s:17:"profile_field_ids";s:1:"1";s:8:"password";s:34:"$P$Ba0lhtVgrE4DZTtkbt3YH4O25RZRL4/";}');
INSERT INTO `wpla_signups` (`signup_id`, `domain`, `path`, `title`, `user_login`, `user_email`, `registered`, `activated`, `active`, `activation_key`, `meta`) VALUES ('349', '', '', '', 'wztvegpwct', 'otxhzvsz@gmail.com', '2020-01-05 02:10:14', '0000-00-00 00:00:00', '0', 'xtb3xCR28as6HuECVDPvEfkmM169ExwK', 'a:3:{s:7:"field_1";s:12:"yezbtptrbqPC";s:17:"profile_field_ids";s:1:"1";s:8:"password";s:34:"$P$BdG.CTeMn/Kg5p3jWH83EzJa/yLoAq/";}');
INSERT INTO `wpla_signups` (`signup_id`, `domain`, `path`, `title`, `user_login`, `user_email`, `registered`, `activated`, `active`, `activation_key`, `meta`) VALUES ('350', '', '', '', 'vtaletokqm', 'rmtixbpjl@chasvede.info', '2020-01-05 02:56:04', '2020-01-05 03:00:28', '1', 'lPOXqLjtRhsLwGP3SNcNKP4dvtCqcTtH', 'a:3:{s:7:"field_1";s:10:"vtaletokqm";s:17:"profile_field_ids";s:1:"1";s:8:"password";s:34:"$P$BjkyzSD0cz2ugbf4hr9Ft9kruJtCqQ.";}');
INSERT INTO `wpla_signups` (`signup_id`, `domain`, `path`, `title`, `user_login`, `user_email`, `registered`, `activated`, `active`, `activation_key`, `meta`) VALUES ('351', '', '', '', 'zvqqeqvhhw', 'bdpqjwur@gmail.com', '2020-01-05 06:10:59', '0000-00-00 00:00:00', '0', '6mUyWvhV02keqxYOvy5Wi5uChPXmqMoB', 'a:3:{s:7:"field_1";s:12:"ezfiuhxmyxPC";s:17:"profile_field_ids";s:1:"1";s:8:"password";s:34:"$P$BRCJTN2n8hlO7iCMGgpUMI3xKeDKvh/";}');
INSERT INTO `wpla_signups` (`signup_id`, `domain`, `path`, `title`, `user_login`, `user_email`, `registered`, `activated`, `active`, `activation_key`, `meta`) VALUES ('352', '', '', '', 'naiuexqpaa', 'xfwdmgcg@gmail.com', '2020-01-05 08:30:38', '0000-00-00 00:00:00', '0', 'G1NFY4R0wspvqmdy3Yld5ZjfUomPpobV', 'a:3:{s:7:"field_1";s:12:"avikrftmylPC";s:17:"profile_field_ids";s:1:"1";s:8:"password";s:34:"$P$BpE3t2ARf4W8NTYzSLDHkBh2EpaU0H/";}');
INSERT INTO `wpla_signups` (`signup_id`, `domain`, `path`, `title`, `user_login`, `user_email`, `registered`, `activated`, `active`, `activation_key`, `meta`) VALUES ('353', '', '', '', 'txbvmdccfr', 'klvejlay@gmail.com', '2020-01-05 12:40:35', '0000-00-00 00:00:00', '0', 'vNdSLNacJ4LNzRF3rGRs1WVxDbtzs0C0', 'a:3:{s:7:"field_1";s:12:"rtrvibwvbePC";s:17:"profile_field_ids";s:1:"1";s:8:"password";s:34:"$P$B1qdTrW3PPyLlXcOZ9ZiA58Tk/p0bV1";}');
INSERT INTO `wpla_signups` (`signup_id`, `domain`, `path`, `title`, `user_login`, `user_email`, `registered`, `activated`, `active`, `activation_key`, `meta`) VALUES ('354', '', '', '', 'kcuxyeoujc', 'yaofgxhp@gmail.com', '2020-01-05 14:44:49', '0000-00-00 00:00:00', '0', 'bMh4qDFFkkMzLCL20Y5fBIZUlLOi1wO7', 'a:3:{s:7:"field_1";s:12:"hqdxxkabcgPC";s:17:"profile_field_ids";s:1:"1";s:8:"password";s:34:"$P$BJRt16uvJ5C.qQhbS5UZ0XzH03F/Zd0";}');
INSERT INTO `wpla_signups` (`signup_id`, `domain`, `path`, `title`, `user_login`, `user_email`, `registered`, `activated`, `active`, `activation_key`, `meta`) VALUES ('355', '', '', '', 'dopwpakglj', 'wlppgtep@gmail.com', '2020-01-05 19:27:04', '0000-00-00 00:00:00', '0', 'aWuRb4UvLUcfPV1Jpr6tN2gEv7oHvkTk', 'a:3:{s:7:"field_1";s:12:"lqcratuwlsPC";s:17:"profile_field_ids";s:1:"1";s:8:"password";s:34:"$P$BnCczwbc7/bSPuNEUaRCB5oAyQIotu/";}');
INSERT INTO `wpla_signups` (`signup_id`, `domain`, `path`, `title`, `user_login`, `user_email`, `registered`, `activated`, `active`, `activation_key`, `meta`) VALUES ('356', '', '', '', 'bmztqbqnks', 'edwgrysx@gmail.com', '2020-01-06 01:22:39', '0000-00-00 00:00:00', '0', 'TGR9uj6KVrbzWMPonJKi57EPjNbDPw20', 'a:3:{s:7:"field_1";s:12:"lbalkvbccxPC";s:17:"profile_field_ids";s:1:"1";s:8:"password";s:34:"$P$BvqQq2XcR8CmQjoQfM8vPqSOhYcNZk0";}');
INSERT INTO `wpla_signups` (`signup_id`, `domain`, `path`, `title`, `user_login`, `user_email`, `registered`, `activated`, `active`, `activation_key`, `meta`) VALUES ('357', '', '', '', 'fznglfzlwa', 'xfmyffbd@gmail.com', '2020-01-06 02:33:41', '0000-00-00 00:00:00', '0', 'JYc89EoqsOmxLdjzAvULN6HzGO3Mkqlg', 'a:3:{s:7:"field_1";s:12:"idjtbitkzaPC";s:17:"profile_field_ids";s:1:"1";s:8:"password";s:34:"$P$BRvgyRSXUs7NFVb7UU/uHIhBwtrU5J0";}');
INSERT INTO `wpla_signups` (`signup_id`, `domain`, `path`, `title`, `user_login`, `user_email`, `registered`, `activated`, `active`, `activation_key`, `meta`) VALUES ('358', '', '', '', 'lcskjomivt', 'ynykiwqy@gmail.com', '2020-01-06 07:01:59', '0000-00-00 00:00:00', '0', 'kSDQkMW23pDGRaS3T3DK6Ce9NhkHj8gP', 'a:3:{s:7:"field_1";s:12:"vqoglufhfgPC";s:17:"profile_field_ids";s:1:"1";s:8:"password";s:34:"$P$Bm7uVQ3vxm7wuJUG4KIFnNF6Nnoz4f0";}');
INSERT INTO `wpla_signups` (`signup_id`, `domain`, `path`, `title`, `user_login`, `user_email`, `registered`, `activated`, `active`, `activation_key`, `meta`) VALUES ('359', '', '', '', 'yhjyjektna', 'ktcwazhb@gmail.com', '2020-01-06 07:49:25', '0000-00-00 00:00:00', '0', 'PwrU4NFlxz2UkjfwSQ69q4aJSUo9VC25', 'a:3:{s:7:"field_1";s:12:"apygwrcojlPC";s:17:"profile_field_ids";s:1:"1";s:8:"password";s:34:"$P$BLVpaPfY6.zwtYPUC6x1reqm8.lcHq.";}');
INSERT INTO `wpla_signups` (`signup_id`, `domain`, `path`, `title`, `user_login`, `user_email`, `registered`, `activated`, `active`, `activation_key`, `meta`) VALUES ('360', '', '', '', 'cswzizauqh', 'vjmovuwh@gmail.com', '2020-01-06 13:07:20', '0000-00-00 00:00:00', '0', 'ZOfGdPTOmNMIARCl8AVdP0wkUelRn4k8', 'a:3:{s:7:"field_1";s:12:"kmuifipuqePC";s:17:"profile_field_ids";s:1:"1";s:8:"password";s:34:"$P$BTPZUuVEjBZEkrMy68XJKTy.JVZf6u.";}');
INSERT INTO `wpla_signups` (`signup_id`, `domain`, `path`, `title`, `user_login`, `user_email`, `registered`, `activated`, `active`, `activation_key`, `meta`) VALUES ('361', '', '', '', 'qzfwrdytnl', 'pvtoudjm@gmail.com', '2020-01-06 13:31:24', '0000-00-00 00:00:00', '0', '0tmZvTqhIfFPt9qcIPNnJWZbCviFRrYP', 'a:3:{s:7:"field_1";s:12:"zlhrgppzozPC";s:17:"profile_field_ids";s:1:"1";s:8:"password";s:34:"$P$BlM9kIpsCE.8pbOjQKd1mz/GR72FVZ/";}');
INSERT INTO `wpla_signups` (`signup_id`, `domain`, `path`, `title`, `user_login`, `user_email`, `registered`, `activated`, `active`, `activation_key`, `meta`) VALUES ('362', '', '', '', 'gbonqsrxfc', 'ayjjgkew@gmail.com', '2020-01-06 19:23:34', '0000-00-00 00:00:00', '0', 'lNWN6BmOuHVwNy4VmtYxamXtZAYm9UBI', 'a:3:{s:7:"field_1";s:12:"aitheqmlgdPC";s:17:"profile_field_ids";s:1:"1";s:8:"password";s:34:"$P$BnjIiW4s4Xop2YWHYmwW8Ngpk2rBTs.";}');
INSERT INTO `wpla_signups` (`signup_id`, `domain`, `path`, `title`, `user_login`, `user_email`, `registered`, `activated`, `active`, `activation_key`, `meta`) VALUES ('363', '', '', '', 'xxibtexbcs', 'udkldtsu@gmail.com', '2020-01-06 19:23:42', '0000-00-00 00:00:00', '0', '6jdT1B9s0Emt15ajJoNlfiIdKoMAM0nP', 'a:3:{s:7:"field_1";s:12:"xwgpbntzvoPC";s:17:"profile_field_ids";s:1:"1";s:8:"password";s:34:"$P$BzfE/Gkhbs2cx4XfIQdfgENKIKBaTW1";}');
INSERT INTO `wpla_signups` (`signup_id`, `domain`, `path`, `title`, `user_login`, `user_email`, `registered`, `activated`, `active`, `activation_key`, `meta`) VALUES ('364', '', '', '', 'bnbuhoxist', 'yhditcaz@gmail.com', '2020-01-07 01:04:44', '0000-00-00 00:00:00', '0', 'umIJupjV8vZxeIYoJmYcsWva0us6utrp', 'a:3:{s:7:"field_1";s:12:"tjpndmzsjvPC";s:17:"profile_field_ids";s:1:"1";s:8:"password";s:34:"$P$BzrUccM3oOkmozd.pkE74qlyG6D4Il/";}');
INSERT INTO `wpla_signups` (`signup_id`, `domain`, `path`, `title`, `user_login`, `user_email`, `registered`, `activated`, `active`, `activation_key`, `meta`) VALUES ('365', '', '', '', 'fcellivnsm', 'knglaseh@gmail.com', '2020-01-07 01:04:49', '0000-00-00 00:00:00', '0', '9wEJNnHDXLwxD4eUDhuf0OprkuHDyPoI', 'a:3:{s:7:"field_1";s:12:"vcveyjvyirPC";s:17:"profile_field_ids";s:1:"1";s:8:"password";s:34:"$P$B894zhRyiasSqbKvNkJmsqrAu6VxKU/";}');
INSERT INTO `wpla_signups` (`signup_id`, `domain`, `path`, `title`, `user_login`, `user_email`, `registered`, `activated`, `active`, `activation_key`, `meta`) VALUES ('366', '', '', '', 'mluyhfnape', 'lzdyuvvt@gmail.com', '2020-01-07 07:05:40', '0000-00-00 00:00:00', '0', '1IxG9OsFQGAvGU0Wuj3p0MGIyNb77zV7', 'a:3:{s:7:"field_1";s:12:"kyjtzqsebkPC";s:17:"profile_field_ids";s:1:"1";s:8:"password";s:34:"$P$BFi/2XoxYB83oUE/oqaP8iU8VWrkGl.";}');
INSERT INTO `wpla_signups` (`signup_id`, `domain`, `path`, `title`, `user_login`, `user_email`, `registered`, `activated`, `active`, `activation_key`, `meta`) VALUES ('367', '', '', '', 'llgledyrln', 'mqvigjtn@gmail.com', '2020-01-07 07:05:46', '0000-00-00 00:00:00', '0', '1Z7mZD7Fy3Ka7vQVXXotRdRvmwOp155n', 'a:3:{s:7:"field_1";s:12:"vsgjlbocwuPC";s:17:"profile_field_ids";s:1:"1";s:8:"password";s:34:"$P$B55WQ.HcJ7GjV.DpGHC1Wpe2XwSO2z0";}');
INSERT INTO `wpla_signups` (`signup_id`, `domain`, `path`, `title`, `user_login`, `user_email`, `registered`, `activated`, `active`, `activation_key`, `meta`) VALUES ('368', '', '', '', 'rqfoljlwzd', 'dybjpvyu@gmail.com', '2020-01-07 09:51:45', '0000-00-00 00:00:00', '0', 'fgvBmnzqTu1hj9Dm4uR7nXK0V8vV3W81', 'a:3:{s:7:"field_1";s:12:"dejrykywhbPC";s:17:"profile_field_ids";s:1:"1";s:8:"password";s:34:"$P$Bb/GnGwmgmsD1zGIuwZHKHACxPZRaG0";}');
INSERT INTO `wpla_signups` (`signup_id`, `domain`, `path`, `title`, `user_login`, `user_email`, `registered`, `activated`, `active`, `activation_key`, `meta`) VALUES ('369', '', '', '', 'hbqliwamny', 'laxooapu@gmail.com', '2020-01-07 13:33:37', '0000-00-00 00:00:00', '0', 'KAtfKxcZwIGiOwWDNubJl4z03l76gjUM', 'a:3:{s:7:"field_1";s:12:"aldrcjaydnPC";s:17:"profile_field_ids";s:1:"1";s:8:"password";s:34:"$P$Bv1V07LSTSIW9p5I89c/8aP.pI4.fo/";}');
INSERT INTO `wpla_signups` (`signup_id`, `domain`, `path`, `title`, `user_login`, `user_email`, `registered`, `activated`, `active`, `activation_key`, `meta`) VALUES ('370', '', '', '', 'bzviuzexrr', 'kjqwxehc@gmail.com', '2020-01-07 13:33:37', '0000-00-00 00:00:00', '0', 'sU8MwBhmSxP59CBi1YiR181SahZYvCJw', 'a:3:{s:7:"field_1";s:12:"dsradpchuvPC";s:17:"profile_field_ids";s:1:"1";s:8:"password";s:34:"$P$BeGJUw/YmDkF3H9E6toXiIY9ivxOZI0";}');
INSERT INTO `wpla_signups` (`signup_id`, `domain`, `path`, `title`, `user_login`, `user_email`, `registered`, `activated`, `active`, `activation_key`, `meta`) VALUES ('371', '', '', '', 'klvicwhgiy', 'odnnpapc@gmail.com', '2020-01-07 20:04:00', '0000-00-00 00:00:00', '0', 'fwX8zTHtA57hkdJHGHAoXtBNV2hWzL2r', 'a:3:{s:7:"field_1";s:12:"fmxdqtsvnnPC";s:17:"profile_field_ids";s:1:"1";s:8:"password";s:34:"$P$BoTKwXLvGDJoczZnLF5UYcFeeyL7V9.";}');
INSERT INTO `wpla_signups` (`signup_id`, `domain`, `path`, `title`, `user_login`, `user_email`, `registered`, `activated`, `active`, `activation_key`, `meta`) VALUES ('372', '', '', '', 'naygxallui', 'uogoimaf@gmail.com', '2020-01-07 20:04:00', '0000-00-00 00:00:00', '0', 'm2eeNtECoxJ9Srj0pp2vOfHxShdO8hkx', 'a:3:{s:7:"field_1";s:12:"ngoqmqirycPC";s:17:"profile_field_ids";s:1:"1";s:8:"password";s:34:"$P$BPCnoFPj1kaAjmtRe3t6tKDMnUgi3J0";}');
INSERT INTO `wpla_signups` (`signup_id`, `domain`, `path`, `title`, `user_login`, `user_email`, `registered`, `activated`, `active`, `activation_key`, `meta`) VALUES ('373', '', '', '', 'nttnheaxep', 'ryhppyxy@gmail.com', '2020-01-08 01:46:06', '0000-00-00 00:00:00', '0', 'fSZLnqdFdWC4l0bujGa67cmsQpVbITN3', 'a:3:{s:7:"field_1";s:12:"ruxczzhimsPC";s:17:"profile_field_ids";s:1:"1";s:8:"password";s:34:"$P$BQIy3/SEZdBJAYtNu2hRmWiinFbYCP.";}');
INSERT INTO `wpla_signups` (`signup_id`, `domain`, `path`, `title`, `user_login`, `user_email`, `registered`, `activated`, `active`, `activation_key`, `meta`) VALUES ('374', '', '', '', 'dlgstogexx', 'wwzfkwuy@gmail.com', '2020-01-08 01:46:07', '0000-00-00 00:00:00', '0', 's0zVtA8OtpU5LzbguWb9VIDSFMDanWwg', 'a:3:{s:7:"field_1";s:12:"zwgdqnaobaPC";s:17:"profile_field_ids";s:1:"1";s:8:"password";s:34:"$P$BIOTLTAKsNRj.XssB24yKSShD758Lp.";}');
INSERT INTO `wpla_signups` (`signup_id`, `domain`, `path`, `title`, `user_login`, `user_email`, `registered`, `activated`, `active`, `activation_key`, `meta`) VALUES ('375', '', '', '', 'christoperchey', 'ChristoperCheyne32@twice.ppoet.com', '2020-01-08 05:57:22', '0000-00-00 00:00:00', '0', 'Qzs2rVBFABPAhw8YPzaQ4vWqOhxwyc24', 'a:3:{s:7:"field_1";s:17:"Christoper Cheyne";s:17:"profile_field_ids";s:1:"1";s:8:"password";s:34:"$P$BS5G7vo54F8BX3klJpBJYAIhY6k0NO0";}');
INSERT INTO `wpla_signups` (`signup_id`, `domain`, `path`, `title`, `user_login`, `user_email`, `registered`, `activated`, `active`, `activation_key`, `meta`) VALUES ('376', '', '', '', 'efxrpikowr', 'jwtawrsh@gmail.com', '2020-01-08 07:41:32', '0000-00-00 00:00:00', '0', 'FafBmgInUbNVpauNhgaa5buBtej44mM8', 'a:3:{s:7:"field_1";s:12:"elkavtvhrjPC";s:17:"profile_field_ids";s:1:"1";s:8:"password";s:34:"$P$BgR9wPphow6k99eNtk5R79fPB/Vd7a1";}');
INSERT INTO `wpla_signups` (`signup_id`, `domain`, `path`, `title`, `user_login`, `user_email`, `registered`, `activated`, `active`, `activation_key`, `meta`) VALUES ('377', '', '', '', 'ialytonzwj', 'vvroecms@gmail.com', '2020-01-08 07:41:35', '0000-00-00 00:00:00', '0', 'POUGhpTFT9djupLC51DK25zgvtFs7Snc', 'a:3:{s:7:"field_1";s:12:"smujfiszirPC";s:17:"profile_field_ids";s:1:"1";s:8:"password";s:34:"$P$BE8eMi6wtk4H5dYbytZCOVtmwbl4R/.";}');
INSERT INTO `wpla_signups` (`signup_id`, `domain`, `path`, `title`, `user_login`, `user_email`, `registered`, `activated`, `active`, `activation_key`, `meta`) VALUES ('378', '', '', '', 'erickskillen1', 'ErickSkillen66@hello.ppoet.com', '2020-01-08 08:36:50', '0000-00-00 00:00:00', '0', 'uuZ0RUcXCE4HduHiXr4s2CvzhzplkyHM', 'a:3:{s:7:"field_1";s:13:"Erick Skillen";s:17:"profile_field_ids";s:1:"1";s:8:"password";s:34:"$P$B2dR3Gqr2HTF81.XCoPvR5Ntnx8Ezl1";}');
INSERT INTO `wpla_signups` (`signup_id`, `domain`, `path`, `title`, `user_login`, `user_email`, `registered`, `activated`, `active`, `activation_key`, `meta`) VALUES ('379', '', '', '', 'darcy43m3979996', 'DarcySupple18@cope.ppoet.com', '2020-01-08 09:13:45', '0000-00-00 00:00:00', '0', '0jT1DkW3TeQ7NMOuRNr92CFlB2iH6XI0', 'a:3:{s:7:"field_1";s:12:"Darcy Supple";s:17:"profile_field_ids";s:1:"1";s:8:"password";s:34:"$P$B1yC54WdtdUfafWJ.R57yHD8XrIqOg/";}');
INSERT INTO `wpla_signups` (`signup_id`, `domain`, `path`, `title`, `user_login`, `user_email`, `registered`, `activated`, `active`, `activation_key`, `meta`) VALUES ('380', '', '', '', 'frdphjhbxi', 'gzkebibl@gmail.com', '2020-01-08 14:11:07', '0000-00-00 00:00:00', '0', '76uu20GqsKOH0LPpGUYmGEj9BZV8y5R4', 'a:3:{s:7:"field_1";s:12:"elebgbfxfiPC";s:17:"profile_field_ids";s:1:"1";s:8:"password";s:34:"$P$BRA.c8L7o7QfNlgBcVzz3YHqgjfszA0";}');
INSERT INTO `wpla_signups` (`signup_id`, `domain`, `path`, `title`, `user_login`, `user_email`, `registered`, `activated`, `active`, `activation_key`, `meta`) VALUES ('381', '', '', '', 'zrexleviry', 'djkagktl@gmail.com', '2020-01-08 14:11:09', '0000-00-00 00:00:00', '0', 'RzNaB2iPP3m45EBjAWwq0kWxeNse1Xfk', 'a:3:{s:7:"field_1";s:12:"eigvwusyrgPC";s:17:"profile_field_ids";s:1:"1";s:8:"password";s:34:"$P$Bs5PYD1dPdZSDzFy34djWj.lJyYM241";}');
INSERT INTO `wpla_signups` (`signup_id`, `domain`, `path`, `title`, `user_login`, `user_email`, `registered`, `activated`, `active`, `activation_key`, `meta`) VALUES ('382', '', '', '', 'gacvrwehhx', 'svfmchii@gmail.com', '2020-01-08 21:14:55', '0000-00-00 00:00:00', '0', 'Pb6PRNguI7mQd8ZuqlQ7JD6n6JA6hPjf', 'a:3:{s:7:"field_1";s:12:"acpqyezhbdPC";s:17:"profile_field_ids";s:1:"1";s:8:"password";s:34:"$P$BXn3zn6P0mI.QO9D/OSCoO4V.g9MrX0";}');
INSERT INTO `wpla_signups` (`signup_id`, `domain`, `path`, `title`, `user_login`, `user_email`, `registered`, `activated`, `active`, `activation_key`, `meta`) VALUES ('383', '', '', '', 'oikuijkpvl', 'fnjtdkaq@gmail.com', '2020-01-08 21:15:06', '0000-00-00 00:00:00', '0', 'XofpVSMRZtlWb9RwswXKBM4UBIZ1UtYh', 'a:3:{s:7:"field_1";s:12:"stgmhldtiePC";s:17:"profile_field_ids";s:1:"1";s:8:"password";s:34:"$P$B8jBUjXMfyGFJ7/0k4eIRjSSGoTVK8/";}');
INSERT INTO `wpla_signups` (`signup_id`, `domain`, `path`, `title`, `user_login`, `user_email`, `registered`, `activated`, `active`, `activation_key`, `meta`) VALUES ('384', '', '', '', 'EverettbaRee', 'kmhn@wdi09qvh.com', '2020-01-08 23:17:17', '0000-00-00 00:00:00', '0', 'eQ7sCwdhKwh3pQvQTXBQsIg9xG4lzaIL', 'a:3:{s:7:"field_1";s:14:"EverettbaReeVY";s:17:"profile_field_ids";s:1:"1";s:8:"password";s:34:"$P$B/3yX12IAo2TOzGLas4pZodzpT1mVR1";}');
INSERT INTO `wpla_signups` (`signup_id`, `domain`, `path`, `title`, `user_login`, `user_email`, `registered`, `activated`, `active`, `activation_key`, `meta`) VALUES ('385', '', '', '', 'violacolbert508', 'violacolbert83@twice.ppoet.com', '2020-01-09 02:10:52', '0000-00-00 00:00:00', '0', 'alSRgaDrYuh9PpNpmASATZ3VEjvXftsb', 'a:3:{s:7:"field_1";s:13:"Viola Colbert";s:17:"profile_field_ids";s:1:"1";s:8:"password";s:34:"$P$Bfr81Hd4mWKnAKaj4NT/kgr4.leLAf.";}');
INSERT INTO `wpla_signups` (`signup_id`, `domain`, `path`, `title`, `user_login`, `user_email`, `registered`, `activated`, `active`, `activation_key`, `meta`) VALUES ('386', '', '', '', 'tviqptoamx', 'potscljn@gmail.com', '2020-01-09 02:56:30', '0000-00-00 00:00:00', '0', 'Dt25UW7IquRJoXVWP0mRLhU5sCATeqOg', 'a:3:{s:7:"field_1";s:12:"rogwqjfpegPC";s:17:"profile_field_ids";s:1:"1";s:8:"password";s:34:"$P$BL3SXBAp2btLrwSlL2S5JolF4fHPZ4.";}');
INSERT INTO `wpla_signups` (`signup_id`, `domain`, `path`, `title`, `user_login`, `user_email`, `registered`, `activated`, `active`, `activation_key`, `meta`) VALUES ('387', '', '', '', 'tlzhqztvcs', 'vuqcuimk@gmail.com', '2020-01-09 02:56:33', '0000-00-00 00:00:00', '0', 'tmXzAAMy9adUwXe5dIK8k38KwolAu8MD', 'a:3:{s:7:"field_1";s:12:"khznvecthbPC";s:17:"profile_field_ids";s:1:"1";s:8:"password";s:34:"$P$BATrKlvxEIvw3onvurETe4TL7rcaYa/";}');
INSERT INTO `wpla_signups` (`signup_id`, `domain`, `path`, `title`, `user_login`, `user_email`, `registered`, `activated`, `active`, `activation_key`, `meta`) VALUES ('388', '', '', '', 'layne54t993', 'laynebourque40@twice.ppoet.com', '2020-01-09 04:49:08', '0000-00-00 00:00:00', '0', 'CPuqcxhBLgtDCJqhulyRVOrA18jiXcs0', 'a:3:{s:7:"field_1";s:13:"Layne Bourque";s:17:"profile_field_ids";s:1:"1";s:8:"password";s:34:"$P$BmiCHDo8iV5rnSagjo9tVmZj8R0//L0";}');
INSERT INTO `wpla_signups` (`signup_id`, `domain`, `path`, `title`, `user_login`, `user_email`, `registered`, `activated`, `active`, `activation_key`, `meta`) VALUES ('389', '', '', '', 'hioqqlhhlj', 'ljifxmni@gmail.com', '2020-01-09 07:23:10', '0000-00-00 00:00:00', '0', 'c0pkq2icJUcz8bEy4k4Ah0HVXiBWUTh1', 'a:3:{s:7:"field_1";s:12:"ggtdpkcnywPC";s:17:"profile_field_ids";s:1:"1";s:8:"password";s:34:"$P$BMLPCbC5Sfbtx7DlMEyzAO88aTVFzv.";}');
INSERT INTO `wpla_signups` (`signup_id`, `domain`, `path`, `title`, `user_login`, `user_email`, `registered`, `activated`, `active`, `activation_key`, `meta`) VALUES ('390', '', '', '', 'wbqwosvxce', 'bmtkszho@gmail.com', '2020-01-09 09:16:19', '0000-00-00 00:00:00', '0', 'Dze3oYu7NYfP6xu2hnERb9MlwSifjiY6', 'a:3:{s:7:"field_1";s:12:"pecxptbyphPC";s:17:"profile_field_ids";s:1:"1";s:8:"password";s:34:"$P$B6sQ4ufeiPI5aQ/51mzBG68MHO5Ovu.";}');
INSERT INTO `wpla_signups` (`signup_id`, `domain`, `path`, `title`, `user_login`, `user_email`, `registered`, `activated`, `active`, `activation_key`, `meta`) VALUES ('391', '', '', '', 'oxgrbocaim', 'pexrquvd@gmail.com', '2020-01-09 09:19:38', '0000-00-00 00:00:00', '0', 'd23ta9bhWIPH96qrtxXrjVEhG2rDbOWY', 'a:3:{s:7:"field_1";s:12:"baknyuvjfxPC";s:17:"profile_field_ids";s:1:"1";s:8:"password";s:34:"$P$BFVv1lpFsnPu5WE7tV67T2OBqpl.9z/";}');
INSERT INTO `wpla_signups` (`signup_id`, `domain`, `path`, `title`, `user_login`, `user_email`, `registered`, `activated`, `active`, `activation_key`, `meta`) VALUES ('392', '', '', '', 'lindsey41w', 'lindseymedlock86@cope.ppoet.com', '2020-01-09 13:06:53', '0000-00-00 00:00:00', '0', 'Zt8WITUuO0b7ndswcIIsYvWO31SaoBnJ', 'a:3:{s:7:"field_1";s:15:"Lindsey Medlock";s:17:"profile_field_ids";s:1:"1";s:8:"password";s:34:"$P$Bax/eHCSzV4IaAVLeqyaP4y7rqCQ4t.";}');
INSERT INTO `wpla_signups` (`signup_id`, `domain`, `path`, `title`, `user_login`, `user_email`, `registered`, `activated`, `active`, `activation_key`, `meta`) VALUES ('393', '', '', '', 'caridadlipinski', 'caridadlipinski25@hello.ppoet.com', '2020-01-09 13:19:36', '0000-00-00 00:00:00', '0', 'ijhbyVmVxFbkjqbaXimrB9YG8oLXxCou', 'a:3:{s:7:"field_1";s:16:"Caridad Lipinski";s:17:"profile_field_ids";s:1:"1";s:8:"password";s:34:"$P$BqFkd4Wb0D/Sm2UkAB9xYZjyAfTOLk.";}');
INSERT INTO `wpla_signups` (`signup_id`, `domain`, `path`, `title`, `user_login`, `user_email`, `registered`, `activated`, `active`, `activation_key`, `meta`) VALUES ('394', '', '', '', 'vadronovThumb', 'vadronov@ukr.net', '2020-01-09 14:02:41', '0000-00-00 00:00:00', '0', '9mYOrsqS7eykQGirONoAxw4N3L99fd7F', 'a:3:{s:7:"field_1";s:15:"vadronovThumbHU";s:17:"profile_field_ids";s:1:"1";s:8:"password";s:34:"$P$BH0MU9FABPybWWmcgo0mOGA7Bi0tLZ1";}');
INSERT INTO `wpla_signups` (`signup_id`, `domain`, `path`, `title`, `user_login`, `user_email`, `registered`, `activated`, `active`, `activation_key`, `meta`) VALUES ('395', '', '', '', 'lolitaputman7', 'lolitaputman94@twice.ppoet.com', '2020-01-09 14:36:47', '0000-00-00 00:00:00', '0', 'su9Vm67yayhxcnYHfgV9FOiPNuC8vRB9', 'a:3:{s:7:"field_1";s:13:"Lolita Putman";s:17:"profile_field_ids";s:1:"1";s:8:"password";s:34:"$P$BQLmJzzMtFbx9ibMr.nm0jthkZYId6/";}');
INSERT INTO `wpla_signups` (`signup_id`, `domain`, `path`, `title`, `user_login`, `user_email`, `registered`, `activated`, `active`, `activation_key`, `meta`) VALUES ('396', '', '', '', 'eaxkgzdutd', 'tixflsyr@gmail.com', '2020-01-09 15:50:04', '0000-00-00 00:00:00', '0', 'Q9nKWgghBGU1qCsLpbr5o5Ji8NHmApQR', 'a:3:{s:7:"field_1";s:12:"ptabbbvowcPC";s:17:"profile_field_ids";s:1:"1";s:8:"password";s:34:"$P$B.jkh3aq.8vsFq8D//Dgz1GAneJ0SC/";}');
INSERT INTO `wpla_signups` (`signup_id`, `domain`, `path`, `title`, `user_login`, `user_email`, `registered`, `activated`, `active`, `activation_key`, `meta`) VALUES ('397', '', '', '', 'gcoxyfsjpi', 'cawirqxm@gmail.com', '2020-01-09 15:50:04', '0000-00-00 00:00:00', '0', 'EEHVe44xBWwGH7FdRKX4VmsWJYsj2SBl', 'a:3:{s:7:"field_1";s:12:"vcvkutxpphPC";s:17:"profile_field_ids";s:1:"1";s:8:"password";s:34:"$P$BybqqPa3PIYS6V/4i5.FRek407STdn.";}');
INSERT INTO `wpla_signups` (`signup_id`, `domain`, `path`, `title`, `user_login`, `user_email`, `registered`, `activated`, `active`, `activation_key`, `meta`) VALUES ('398', '', '', '', 'kecjnfdlpf', 'psucavih@gmail.com', '2020-01-09 21:47:18', '0000-00-00 00:00:00', '0', 'd0BIHpTSlCEw35lBbSqcY1aCizuuXCQI', 'a:3:{s:7:"field_1";s:12:"ajmzvqdtvzPC";s:17:"profile_field_ids";s:1:"1";s:8:"password";s:34:"$P$B7YJ4IVBwKBLbUQ17YewnsURvwFEUg/";}');
INSERT INTO `wpla_signups` (`signup_id`, `domain`, `path`, `title`, `user_login`, `user_email`, `registered`, `activated`, `active`, `activation_key`, `meta`) VALUES ('399', '', '', '', 'jdtuuixbzh', 'tvkvygmt@gmail.com', '2020-01-10 03:12:09', '0000-00-00 00:00:00', '0', 'FtqZBXxEjVGsgfZ7yNYvb2pS1cNNEQU1', 'a:3:{s:7:"field_1";s:12:"ouvutkjixfPC";s:17:"profile_field_ids";s:1:"1";s:8:"password";s:34:"$P$BsM6/KB2zH6sIIdN1//TVfzgms8FAj0";}');
INSERT INTO `wpla_signups` (`signup_id`, `domain`, `path`, `title`, `user_login`, `user_email`, `registered`, `activated`, `active`, `activation_key`, `meta`) VALUES ('400', '', '', '', 'gujddnpovw', 'alvzkqqn@gmail.com', '2020-01-10 08:43:42', '0000-00-00 00:00:00', '0', 'dfodFHBIRm3wHtq4CeGVwnQ1UCPQ72OM', 'a:3:{s:7:"field_1";s:12:"ukgrcpzekzPC";s:17:"profile_field_ids";s:1:"1";s:8:"password";s:34:"$P$BvXJQe4dZHj9yGiQ7bEkq0pFv4l9PN.";}');
INSERT INTO `wpla_signups` (`signup_id`, `domain`, `path`, `title`, `user_login`, `user_email`, `registered`, `activated`, `active`, `activation_key`, `meta`) VALUES ('401', '', '', '', 'cxrlkbcyuj', 'xxnbrygj@gmail.com', '2020-01-10 14:40:10', '0000-00-00 00:00:00', '0', '0Es26rHbsZV0Fc4XzP0t5eJZN7fSKEGi', 'a:3:{s:7:"field_1";s:12:"wrauvsjkwlPC";s:17:"profile_field_ids";s:1:"1";s:8:"password";s:34:"$P$BhCJ.ENP4ZCyP9uhlytvPsJRqLqPX9/";}');
INSERT INTO `wpla_signups` (`signup_id`, `domain`, `path`, `title`, `user_login`, `user_email`, `registered`, `activated`, `active`, `activation_key`, `meta`) VALUES ('402', '', '', '', 'qpnbsgefjw', 'okqtgidg@gmail.com', '2020-01-10 21:07:07', '0000-00-00 00:00:00', '0', 'z90DfGODiw96gFmrU3ZH7dNmnD1BvyAe', 'a:3:{s:7:"field_1";s:12:"hkiksqpdbsPC";s:17:"profile_field_ids";s:1:"1";s:8:"password";s:34:"$P$BGhWtb.X5nk.MNvzpgPCRQADUrMBoy/";}');
INSERT INTO `wpla_signups` (`signup_id`, `domain`, `path`, `title`, `user_login`, `user_email`, `registered`, `activated`, `active`, `activation_key`, `meta`) VALUES ('403', '', '', '', 'oywckxotyc', 'bffeczie@gmail.com', '2020-01-10 23:56:12', '0000-00-00 00:00:00', '0', 'lKjm2pmIAL7cDo4M0Jqj8bhoPm6x8tL7', 'a:3:{s:7:"field_1";s:12:"oopupfveenPC";s:17:"profile_field_ids";s:1:"1";s:8:"password";s:34:"$P$BW4pK4wWMJqvjQeD.e3q0AU/fF9urL1";}');
INSERT INTO `wpla_signups` (`signup_id`, `domain`, `path`, `title`, `user_login`, `user_email`, `registered`, `activated`, `active`, `activation_key`, `meta`) VALUES ('404', '', '', '', 'oglrferrpa', 'qpadklyb@gmail.com', '2020-01-11 02:23:37', '0000-00-00 00:00:00', '0', 'XOypDvIZzAMcmn63aW8cOmC2T230YiIM', 'a:3:{s:7:"field_1";s:12:"jvvtibmzduPC";s:17:"profile_field_ids";s:1:"1";s:8:"password";s:34:"$P$B1HXqT9B.NuMb4wc.GuynFJ2UT9NFP.";}');
INSERT INTO `wpla_signups` (`signup_id`, `domain`, `path`, `title`, `user_login`, `user_email`, `registered`, `activated`, `active`, `activation_key`, `meta`) VALUES ('405', '', '', '', 'yfruozitgp', 'oamskmqc@gmail.com', '2020-01-11 07:43:12', '0000-00-00 00:00:00', '0', 'GQacumSOGZYJptamGv2ELO4kTFghv6Wb', 'a:3:{s:7:"field_1";s:12:"vikttrktyxPC";s:17:"profile_field_ids";s:1:"1";s:8:"password";s:34:"$P$BKh6O6e206BcX.sX4ATohENPpJYPKy.";}');
INSERT INTO `wpla_signups` (`signup_id`, `domain`, `path`, `title`, `user_login`, `user_email`, `registered`, `activated`, `active`, `activation_key`, `meta`) VALUES ('406', '', '', '', 'zytbjszgjr', 'bdxixuqj@gmail.com', '2020-01-11 13:51:33', '0000-00-00 00:00:00', '0', 'qJ3oT22J9vaMIgErONjxspQeHHUyxvB0', 'a:3:{s:7:"field_1";s:12:"clpicggnilPC";s:17:"profile_field_ids";s:1:"1";s:8:"password";s:34:"$P$B8idK42tpEnUFa9wX.Z/G1GBJrCUfi.";}');
INSERT INTO `wpla_signups` (`signup_id`, `domain`, `path`, `title`, `user_login`, `user_email`, `registered`, `activated`, `active`, `activation_key`, `meta`) VALUES ('407', '', '', '', 'zkffledlcq', 'ypjjyapd@gmail.com', '2020-01-11 20:11:42', '0000-00-00 00:00:00', '0', 'dkxSupZnlYWZWkOhi7PM4uDASx7Oejja', 'a:3:{s:7:"field_1";s:12:"whxjyqpffcPC";s:17:"profile_field_ids";s:1:"1";s:8:"password";s:34:"$P$BhQOBHYoaRKK/jJtDEuQQgjR8l8uYI.";}');
INSERT INTO `wpla_signups` (`signup_id`, `domain`, `path`, `title`, `user_login`, `user_email`, `registered`, `activated`, `active`, `activation_key`, `meta`) VALUES ('408', '', '', '', 'gukjdjlnqx', 'xhgzifxb@gmail.com', '2020-01-11 23:47:32', '0000-00-00 00:00:00', '0', 'EPnOY573PQXqP5CUeXFOiqOif3DQOmP3', 'a:3:{s:7:"field_1";s:12:"gauknytboxPC";s:17:"profile_field_ids";s:1:"1";s:8:"password";s:34:"$P$Bjzrgti3ZirJRXFWrS4oUehl8BWa.j/";}');
INSERT INTO `wpla_signups` (`signup_id`, `domain`, `path`, `title`, `user_login`, `user_email`, `registered`, `activated`, `active`, `activation_key`, `meta`) VALUES ('409', '', '', '', 'smjdbudji', 'whbxwli@gamessport.xyz', '2020-01-12 00:44:36', '2020-01-12 00:49:13', '1', 'AEREnW4s8faNVVZzIjlzZDdj3AVpJZgU', 'a:3:{s:7:"field_1";s:11:"hmzmbnntcJD";s:17:"profile_field_ids";s:1:"1";s:8:"password";s:34:"$P$BHa/WJdG7hil8XcEfLbGdg9FcS8HXM/";}');
INSERT INTO `wpla_signups` (`signup_id`, `domain`, `path`, `title`, `user_login`, `user_email`, `registered`, `activated`, `active`, `activation_key`, `meta`) VALUES ('410', '', '', '', 'lgkzgmexcx', 'ygvdznfj@gmail.com', '2020-01-12 01:43:18', '0000-00-00 00:00:00', '0', 'SBTwDxIoDMz5QEFwu0yiltlRuUXHJEhV', 'a:3:{s:7:"field_1";s:12:"akvkblcefhPC";s:17:"profile_field_ids";s:1:"1";s:8:"password";s:34:"$P$BYqOWAUyq65xjyoT1cfkNA2RlJg/Bs0";}');
INSERT INTO `wpla_signups` (`signup_id`, `domain`, `path`, `title`, `user_login`, `user_email`, `registered`, `activated`, `active`, `activation_key`, `meta`) VALUES ('411', '', '', '', 'fyjfnffgwd', 'sgxemyqr@gmail.com', '2020-01-12 05:14:53', '0000-00-00 00:00:00', '0', 'huEvdls8Hdx9vMlZVmaPJSdABX7r7U24', 'a:3:{s:7:"field_1";s:12:"ltqtkayuekPC";s:17:"profile_field_ids";s:1:"1";s:8:"password";s:34:"$P$B4Lh8JsCas3eXPHiNrKmtZPcaQDwRQ0";}');
INSERT INTO `wpla_signups` (`signup_id`, `domain`, `path`, `title`, `user_login`, `user_email`, `registered`, `activated`, `active`, `activation_key`, `meta`) VALUES ('412', '', '', '', 'mduypoqqze', 'rkfumbhb@gmail.com', '2020-01-12 07:24:57', '0000-00-00 00:00:00', '0', 'cIBJfwMhk8fbQOGp2ygYC1x1EDP7lTk3', 'a:3:{s:7:"field_1";s:12:"ipjebafyyhPC";s:17:"profile_field_ids";s:1:"1";s:8:"password";s:34:"$P$BBasEk8EqxEm0lqb26dL2ncnTl12I2.";}');
INSERT INTO `wpla_signups` (`signup_id`, `domain`, `path`, `title`, `user_login`, `user_email`, `registered`, `activated`, `active`, `activation_key`, `meta`) VALUES ('413', '', '', '', 'yixpastxgn', 'ilfulyue@gmail.com', '2020-01-12 08:26:19', '0000-00-00 00:00:00', '0', 'wpr1obrXBFlTBk7dfs0hPgMY74zizK3Q', 'a:3:{s:7:"field_1";s:12:"twypsspwcfPC";s:17:"profile_field_ids";s:1:"1";s:8:"password";s:34:"$P$Be.2fwNFL7ha6UVjxX9IxpLiL6EqpJ0";}');
INSERT INTO `wpla_signups` (`signup_id`, `domain`, `path`, `title`, `user_login`, `user_email`, `registered`, `activated`, `active`, `activation_key`, `meta`) VALUES ('414', '', '', '', 'jpzrecuimr', 'iuvwasuy@gmail.com', '2020-01-12 10:51:45', '0000-00-00 00:00:00', '0', '8vQDLUOBUW9Nma5v7xM3uJtbNIs8GBfH', 'a:3:{s:7:"field_1";s:12:"dbanmvjjacPC";s:17:"profile_field_ids";s:1:"1";s:8:"password";s:34:"$P$BZDDidLiSP8IofjTNnOiOIaJC86CB3.";}');
INSERT INTO `wpla_signups` (`signup_id`, `domain`, `path`, `title`, `user_login`, `user_email`, `registered`, `activated`, `active`, `activation_key`, `meta`) VALUES ('415', '', '', '', 'iwfsxdzpzi', 'mcizeddc@gmail.com', '2020-01-12 14:01:24', '0000-00-00 00:00:00', '0', 'fLdOqlcZnN205Zly9vw2IlB51j48xUaI', 'a:3:{s:7:"field_1";s:12:"fiolrphujgPC";s:17:"profile_field_ids";s:1:"1";s:8:"password";s:34:"$P$BCz8HPooRL5xbCeb2cp3jOzH3IwHqU1";}');
INSERT INTO `wpla_signups` (`signup_id`, `domain`, `path`, `title`, `user_login`, `user_email`, `registered`, `activated`, `active`, `activation_key`, `meta`) VALUES ('416', '', '', '', 'qyhtgpiulb', 'arrstjdi@gmail.com', '2020-01-12 18:20:58', '0000-00-00 00:00:00', '0', 'qlMwjTZaF8lMk6V67eWAD4sZLBeDHTRK', 'a:3:{s:7:"field_1";s:12:"iuqsqegkhuPC";s:17:"profile_field_ids";s:1:"1";s:8:"password";s:34:"$P$BYyX8k0XiBPcQDPuq6iVWoynDVzHtI/";}');
INSERT INTO `wpla_signups` (`signup_id`, `domain`, `path`, `title`, `user_login`, `user_email`, `registered`, `activated`, `active`, `activation_key`, `meta`) VALUES ('417', '', '', '', 'uwqeswtcbr', 'loueazhj@gmail.com', '2020-01-12 21:03:54', '0000-00-00 00:00:00', '0', 'VuUG9GRvDdD4kqJeiOsM0vr7YoEoiZY8', 'a:3:{s:7:"field_1";s:12:"udduqurgaxPC";s:17:"profile_field_ids";s:1:"1";s:8:"password";s:34:"$P$BRwyCsiIyLZobMAl23/mlHAK1xAZ7t.";}');
INSERT INTO `wpla_signups` (`signup_id`, `domain`, `path`, `title`, `user_login`, `user_email`, `registered`, `activated`, `active`, `activation_key`, `meta`) VALUES ('418', '', '', '', 'eilhngttoi', 'valrppzu@gmail.com', '2020-01-13 00:25:28', '0000-00-00 00:00:00', '0', 'BWdCAHszUcnXRGezKIUwidnysnKUXusM', 'a:3:{s:7:"field_1";s:12:"iqcgwtegdwPC";s:17:"profile_field_ids";s:1:"1";s:8:"password";s:34:"$P$BopUpQ27alKoHpc1bNaG5SObHjG9YZ.";}');
INSERT INTO `wpla_signups` (`signup_id`, `domain`, `path`, `title`, `user_login`, `user_email`, `registered`, `activated`, `active`, `activation_key`, `meta`) VALUES ('419', '', '', '', 'yrgqspzjkz', 'uhcvmtbl@gmail.com', '2020-01-13 03:26:39', '0000-00-00 00:00:00', '0', 'L3qFFFYAl0zPgXwyLzXGKWLV0AVQcYsO', 'a:3:{s:7:"field_1";s:12:"tsjeyqpplmPC";s:17:"profile_field_ids";s:1:"1";s:8:"password";s:34:"$P$Bql//bKIiu7MPbOgNvYJ3G5wKlEKc2/";}');
INSERT INTO `wpla_signups` (`signup_id`, `domain`, `path`, `title`, `user_login`, `user_email`, `registered`, `activated`, `active`, `activation_key`, `meta`) VALUES ('420', '', '', '', 'fbonvezkrm', 'wbcocbfu@gmail.com', '2020-01-13 06:49:03', '0000-00-00 00:00:00', '0', '97p6vHgZ77eSJf53YNnmJzueS74a3IGm', 'a:3:{s:7:"field_1";s:12:"wmelruixpmPC";s:17:"profile_field_ids";s:1:"1";s:8:"password";s:34:"$P$BY8/wZJ0h4BdcKSMzQQq/YAyW1/xJ81";}');
INSERT INTO `wpla_signups` (`signup_id`, `domain`, `path`, `title`, `user_login`, `user_email`, `registered`, `activated`, `active`, `activation_key`, `meta`) VALUES ('421', '', '', '', 'gjeivxvclf', 'vieealfb@gmail.com', '2020-01-13 10:18:33', '0000-00-00 00:00:00', '0', 'ZE3VGWyUWP8mGiNDECnxWIIau03gBr8F', 'a:3:{s:7:"field_1";s:12:"vnxkldkhrbPC";s:17:"profile_field_ids";s:1:"1";s:8:"password";s:34:"$P$B0jfCkGdATjfWi5BMipsq4DsboGKo..";}');
INSERT INTO `wpla_signups` (`signup_id`, `domain`, `path`, `title`, `user_login`, `user_email`, `registered`, `activated`, `active`, `activation_key`, `meta`) VALUES ('422', '', '', '', 'bzeltmfznp', 'usbeckic@gmail.com', '2020-01-13 13:12:41', '0000-00-00 00:00:00', '0', 'UeB62XOq9VYwFiNL7xuEnAkdWWePHcnU', 'a:3:{s:7:"field_1";s:12:"qfrbpwcmfxPC";s:17:"profile_field_ids";s:1:"1";s:8:"password";s:34:"$P$BjJofKxdwMPNb7PpeHKh5zwhJ8CQ0l1";}');
INSERT INTO `wpla_signups` (`signup_id`, `domain`, `path`, `title`, `user_login`, `user_email`, `registered`, `activated`, `active`, `activation_key`, `meta`) VALUES ('423', '', '', '', 'bzqsofxtzb', 'pnokagok@gmail.com', '2020-01-13 14:10:15', '0000-00-00 00:00:00', '0', 'PSLK9PlxGkPvZ8DsX0RtNuhdpgpYt1nk', 'a:3:{s:7:"field_1";s:12:"wnovaeenwbPC";s:17:"profile_field_ids";s:1:"1";s:8:"password";s:34:"$P$BCUHj32uV4OiCHkyEs8OHAc9bADcZl1";}');
INSERT INTO `wpla_signups` (`signup_id`, `domain`, `path`, `title`, `user_login`, `user_email`, `registered`, `activated`, `active`, `activation_key`, `meta`) VALUES ('424', '', '', '', 'hxtkobnwsz', 'uhmpmgde@gmail.com', '2020-01-13 18:16:07', '0000-00-00 00:00:00', '0', 'F7kVAbZMJvGZohghklGTaekLZSnwtM6S', 'a:3:{s:7:"field_1";s:12:"jetnlaqlrmPC";s:17:"profile_field_ids";s:1:"1";s:8:"password";s:34:"$P$BW6Rv4z4kmlnnl.U1SxNwA4M9BaMXX1";}');
INSERT INTO `wpla_signups` (`signup_id`, `domain`, `path`, `title`, `user_login`, `user_email`, `registered`, `activated`, `active`, `activation_key`, `meta`) VALUES ('425', '', '', '', 'wtalettzcn', 'wuorgjksj@chasvede.info', '2020-01-13 19:25:13', '2020-01-13 19:25:37', '1', 'LcrhjGE0gUzHE4ETbluQoo1rqal5apWK', 'a:3:{s:7:"field_1";s:10:"wtalettzcn";s:17:"profile_field_ids";s:1:"1";s:8:"password";s:34:"$P$BDllD2HOKoIXTidWlzJpZJfmHw6JQR0";}');
INSERT INTO `wpla_signups` (`signup_id`, `domain`, `path`, `title`, `user_login`, `user_email`, `registered`, `activated`, `active`, `activation_key`, `meta`) VALUES ('426', '', '', '', 'mtaletnucc', 'pdumzydae@neycochan.info', '2020-01-13 20:05:40', '2020-01-13 20:09:24', '1', 'pWNg8wI5yUnjAaLAsVrbpP2TMRb0Hf8X', 'a:3:{s:7:"field_1";s:10:"mtaletnucc";s:17:"profile_field_ids";s:1:"1";s:8:"password";s:34:"$P$BWdmdeum/vrd.GF9wJBsPbrw.6gkZs1";}');
INSERT INTO `wpla_signups` (`signup_id`, `domain`, `path`, `title`, `user_login`, `user_email`, `registered`, `activated`, `active`, `activation_key`, `meta`) VALUES ('427', '', '', '', 'jwiwonsxia', 'avdcueys@gmail.com', '2020-01-13 21:08:39', '0000-00-00 00:00:00', '0', 'PM3xVIIE3SoKI4vjI2NQIqWm69rmpwic', 'a:3:{s:7:"field_1";s:12:"axsroxjmfrPC";s:17:"profile_field_ids";s:1:"1";s:8:"password";s:34:"$P$Bgmcyx9c6KvWa1y0e8ne.T1MzVxwGT.";}');
INSERT INTO `wpla_signups` (`signup_id`, `domain`, `path`, `title`, `user_login`, `user_email`, `registered`, `activated`, `active`, `activation_key`, `meta`) VALUES ('428', '', '', '', 'poshiwppyj', 'bjfmzhaq@gmail.com', '2020-01-14 02:02:28', '0000-00-00 00:00:00', '0', 'osslQa0VVz0ZY14VEYjbCUzz8VUXIlS8', 'a:3:{s:7:"field_1";s:12:"zxkocfvwozPC";s:17:"profile_field_ids";s:1:"1";s:8:"password";s:34:"$P$B8lXyDvegqNeE.8Xub7bGqewEAd1iC/";}');
INSERT INTO `wpla_signups` (`signup_id`, `domain`, `path`, `title`, `user_login`, `user_email`, `registered`, `activated`, `active`, `activation_key`, `meta`) VALUES ('429', '', '', '', 'qveywljreu', 'nqmoqsgi@gmail.com', '2020-01-14 04:56:49', '0000-00-00 00:00:00', '0', '5SOQ0qxHGH3LuJJaGBb4xN79dNAwcWnP', 'a:3:{s:7:"field_1";s:12:"qqqrwfrqycPC";s:17:"profile_field_ids";s:1:"1";s:8:"password";s:34:"$P$BqtRHq/kxPkVT8Y9D8h.RxleJqU/Cg1";}');
INSERT INTO `wpla_signups` (`signup_id`, `domain`, `path`, `title`, `user_login`, `user_email`, `registered`, `activated`, `active`, `activation_key`, `meta`) VALUES ('430', '', '', '', 'wahwvgcpgc', 'soarsinp@gmail.com', '2020-01-14 09:05:18', '0000-00-00 00:00:00', '0', '0DAQxHic2tcbbFZ9JnotJ9RGqGNd9Q2s', 'a:3:{s:7:"field_1";s:12:"tfhiiddtdoPC";s:17:"profile_field_ids";s:1:"1";s:8:"password";s:34:"$P$BEw4W6xS22T2hK7IWxLoIWf12Qrs7q.";}');
INSERT INTO `wpla_signups` (`signup_id`, `domain`, `path`, `title`, `user_login`, `user_email`, `registered`, `activated`, `active`, `activation_key`, `meta`) VALUES ('431', '', '', '', 'vtwdpljqpl', 'uuyggoui@gmail.com', '2020-01-14 11:34:16', '0000-00-00 00:00:00', '0', 'uzr301w5kEKDvZt8kINHuoG3juAPYqC8', 'a:3:{s:7:"field_1";s:12:"bxkecxnuyhPC";s:17:"profile_field_ids";s:1:"1";s:8:"password";s:34:"$P$Br4sylrygfvkiMajYlmc1A98/tcgi3/";}');
INSERT INTO `wpla_signups` (`signup_id`, `domain`, `path`, `title`, `user_login`, `user_email`, `registered`, `activated`, `active`, `activation_key`, `meta`) VALUES ('432', '', '', '', 'ajgyiirjlp', 'etlhmsha@gmail.com', '2020-01-14 16:32:32', '0000-00-00 00:00:00', '0', 'x81LAkZhEgoZZQntY6mDdmuPuQkEgqpT', 'a:3:{s:7:"field_1";s:12:"wheeniitlaPC";s:17:"profile_field_ids";s:1:"1";s:8:"password";s:34:"$P$B5VdUPqiqDEjXFJ89GRDc9sF7p9Sz5/";}');
INSERT INTO `wpla_signups` (`signup_id`, `domain`, `path`, `title`, `user_login`, `user_email`, `registered`, `activated`, `active`, `activation_key`, `meta`) VALUES ('433', '', '', '', 'xbcfvtkcfr', 'apoxncxw@gmail.com', '2020-01-14 18:46:17', '0000-00-00 00:00:00', '0', 'qZIoVO5GFmHMeEznq26vMOynT4IGvZel', 'a:3:{s:7:"field_1";s:12:"wnqjwdyrvdPC";s:17:"profile_field_ids";s:1:"1";s:8:"password";s:34:"$P$Bma5Uoz/ee.R8D4RSk3l9lKrRaJShs0";}');
INSERT INTO `wpla_signups` (`signup_id`, `domain`, `path`, `title`, `user_login`, `user_email`, `registered`, `activated`, `active`, `activation_key`, `meta`) VALUES ('434', '', '', '', 'bzkgtiywhc', 'pxozbbwv@gmail.com', '2020-01-14 22:28:00', '0000-00-00 00:00:00', '0', 'XSahTGsaJHhZ3mu0T2k7kV1QEaPYz71X', 'a:3:{s:7:"field_1";s:12:"qglybuoddxPC";s:17:"profile_field_ids";s:1:"1";s:8:"password";s:34:"$P$BrgujIx5RFgNRa5lPgAXsXSp6yrsD80";}');
INSERT INTO `wpla_signups` (`signup_id`, `domain`, `path`, `title`, `user_login`, `user_email`, `registered`, `activated`, `active`, `activation_key`, `meta`) VALUES ('435', '', '', '', 'hdcvbznkmc', 'xxrgmcog@gmail.com', '2020-01-15 01:05:18', '0000-00-00 00:00:00', '0', 'TwmICUz7xhXXQTMoW2k7j10S7Nyz8HV7', 'a:3:{s:7:"field_1";s:12:"rmdrdjcqftPC";s:17:"profile_field_ids";s:1:"1";s:8:"password";s:34:"$P$BgBjINLyfWJSmvaGjVo536ZnKXa6BF0";}');
INSERT INTO `wpla_signups` (`signup_id`, `domain`, `path`, `title`, `user_login`, `user_email`, `registered`, `activated`, `active`, `activation_key`, `meta`) VALUES ('436', '', '', '', 'wdlxnmbbdk', 'bokslqsw@gmail.com', '2020-01-15 05:12:43', '0000-00-00 00:00:00', '0', 'qJWdslReqmoKsYCbafycuHduGkp7BcLa', 'a:3:{s:7:"field_1";s:12:"ejqjzxhavlPC";s:17:"profile_field_ids";s:1:"1";s:8:"password";s:34:"$P$BvttV/zMYnRzZCLW0cHtZHHADNMO/J0";}');
INSERT INTO `wpla_signups` (`signup_id`, `domain`, `path`, `title`, `user_login`, `user_email`, `registered`, `activated`, `active`, `activation_key`, `meta`) VALUES ('437', '', '', '', 'pskdbzfsly', 'qljvbnap@gmail.com', '2020-01-15 05:50:41', '0000-00-00 00:00:00', '0', 'iqABEA0J6ctWZcUO0BIG9QJmbzBxFNxz', 'a:3:{s:7:"field_1";s:12:"vkywvljwrjPC";s:17:"profile_field_ids";s:1:"1";s:8:"password";s:34:"$P$BO6vjpN2U0P/EMmuEAu2UTc419uBkm.";}');
INSERT INTO `wpla_signups` (`signup_id`, `domain`, `path`, `title`, `user_login`, `user_email`, `registered`, `activated`, `active`, `activation_key`, `meta`) VALUES ('438', '', '', '', 'owyzjrivnd', 'bqbetixv@gmail.com', '2020-01-15 07:52:22', '0000-00-00 00:00:00', '0', 'EB3SaLEi9fpPfadabMCJU1F7SCr3Y1Kv', 'a:3:{s:7:"field_1";s:12:"dbhyuwehyoPC";s:17:"profile_field_ids";s:1:"1";s:8:"password";s:34:"$P$B34Hbc6jcFR1hjOnmKmkktdCgfpi86.";}');
INSERT INTO `wpla_signups` (`signup_id`, `domain`, `path`, `title`, `user_login`, `user_email`, `registered`, `activated`, `active`, `activation_key`, `meta`) VALUES ('439', '', '', '', 'jyqzuuluuf', 'hyaznzrp@gmail.com', '2020-01-15 12:39:07', '0000-00-00 00:00:00', '0', 'M5084hjQvJLSCR7AwjFYBx5bnPdzxKVw', 'a:3:{s:7:"field_1";s:12:"tdkqehqadhPC";s:17:"profile_field_ids";s:1:"1";s:8:"password";s:34:"$P$BejKiUp2tx4cwpJaBX01hmEc5usrcA1";}');
INSERT INTO `wpla_signups` (`signup_id`, `domain`, `path`, `title`, `user_login`, `user_email`, `registered`, `activated`, `active`, `activation_key`, `meta`) VALUES ('440', '', '', '', 'ievqssckth', 'hzjvgpdh@gmail.com', '2020-01-15 15:23:48', '0000-00-00 00:00:00', '0', '97uN5bBFIcZVpsnRcW21WIdzwWyO8y9m', 'a:3:{s:7:"field_1";s:12:"wpvirapcbcPC";s:17:"profile_field_ids";s:1:"1";s:8:"password";s:34:"$P$BM7ke2oEpa3xUaCdU2ObNxSSOiQ4Cc.";}');
INSERT INTO `wpla_signups` (`signup_id`, `domain`, `path`, `title`, `user_login`, `user_email`, `registered`, `activated`, `active`, `activation_key`, `meta`) VALUES ('441', '', '', '', 'SprinAppone', 'emelylisborn@springcleaning.pro', '2020-01-15 17:22:08', '2020-01-15 17:35:25', '1', 'cFMlIJc0xGy8fkksWnSOHcJybfqMwCRk', 'a:3:{s:7:"field_1";s:13:"SprinApponeAY";s:17:"profile_field_ids";s:1:"1";s:8:"password";s:34:"$P$BBLUw12bhlHxeiEFMpgQohZjFaUBZK.";}');
INSERT INTO `wpla_signups` (`signup_id`, `domain`, `path`, `title`, `user_login`, `user_email`, `registered`, `activated`, `active`, `activation_key`, `meta`) VALUES ('442', '', '', '', 'jimwskxylg', 'tzfpdyub@gmail.com', '2020-01-15 19:17:01', '0000-00-00 00:00:00', '0', 'wUngXDU1cNLy22aVZ9HJrj0rA6lvElZ4', 'a:3:{s:7:"field_1";s:12:"dfglceiosnPC";s:17:"profile_field_ids";s:1:"1";s:8:"password";s:34:"$P$B8zEia7.BeJOgtrFQ8rcVPK5RW07Qs.";}');
INSERT INTO `wpla_signups` (`signup_id`, `domain`, `path`, `title`, `user_login`, `user_email`, `registered`, `activated`, `active`, `activation_key`, `meta`) VALUES ('443', '', '', '', 'xtmdktxzql', 'chcnswbz@gmail.com', '2020-01-15 21:21:48', '0000-00-00 00:00:00', '0', 'xYxMuTiUug3CMLdnU5K1e8w21WHDuGfA', 'a:3:{s:7:"field_1";s:12:"kmrftmsxsjPC";s:17:"profile_field_ids";s:1:"1";s:8:"password";s:34:"$P$B/qX6AA0cKBDVcR59/1xdbL/AkpWtg0";}');
INSERT INTO `wpla_signups` (`signup_id`, `domain`, `path`, `title`, `user_login`, `user_email`, `registered`, `activated`, `active`, `activation_key`, `meta`) VALUES ('444', '', '', '', 'cleannef', 'thorndikejoseph77@yandex.com', '2020-01-15 21:54:14', '2020-01-15 22:03:08', '1', 'T1H1FZsq9VVEt19TkaJ2yul4WxXv2pRV', 'a:3:{s:7:"field_1";s:10:"cleannefYL";s:17:"profile_field_ids";s:1:"1";s:8:"password";s:34:"$P$BeP9NZs2W/JpmOyp4DRxY5903ujDEz0";}');
INSERT INTO `wpla_signups` (`signup_id`, `domain`, `path`, `title`, `user_login`, `user_email`, `registered`, `activated`, `active`, `activation_key`, `meta`) VALUES ('445', '', '', '', 'tmkjhunnqw', 'aesdttes@gmail.com', '2020-01-16 00:49:57', '0000-00-00 00:00:00', '0', 'tEMHvUZSnuzsiVEyeQYaHmlRXurRuiAe', 'a:3:{s:7:"field_1";s:12:"xamjktmyeiPC";s:17:"profile_field_ids";s:1:"1";s:8:"password";s:34:"$P$BrH5RiypHJKobdg0ORWJbg0QoqbMFv1";}');
INSERT INTO `wpla_signups` (`signup_id`, `domain`, `path`, `title`, `user_login`, `user_email`, `registered`, `activated`, `active`, `activation_key`, `meta`) VALUES ('446', '', '', '', 'zqjljpmsce', 'qrpogses@gmail.com', '2020-01-16 02:54:52', '0000-00-00 00:00:00', '0', 'sh2WrCgm0LMgCzjHDDlyZPSY5dGrMZQl', 'a:3:{s:7:"field_1";s:12:"fqmtoappfjPC";s:17:"profile_field_ids";s:1:"1";s:8:"password";s:34:"$P$B8R4O3l8XHzpVDm255BNjk3rBvj.ME/";}');
INSERT INTO `wpla_signups` (`signup_id`, `domain`, `path`, `title`, `user_login`, `user_email`, `registered`, `activated`, `active`, `activation_key`, `meta`) VALUES ('447', '', '', '', 'phnkknwynf', 'dbawpspn@gmail.com', '2020-01-16 06:37:26', '0000-00-00 00:00:00', '0', 'ww76t7qmkaism1fCr6tHNR9TyfVLzbSH', 'a:3:{s:7:"field_1";s:12:"wlpjdxydocPC";s:17:"profile_field_ids";s:1:"1";s:8:"password";s:34:"$P$BRsnSMaLS65yKeWt16H48I3AXj/6hN0";}');
INSERT INTO `wpla_signups` (`signup_id`, `domain`, `path`, `title`, `user_login`, `user_email`, `registered`, `activated`, `active`, `activation_key`, `meta`) VALUES ('448', '', '', '', 'efmdccyejp', 'daubwprb@gmail.com', '2020-01-16 08:58:56', '0000-00-00 00:00:00', '0', 'H5WTwURd1klMwjWtxXw5AHzkgcHSgoZ3', 'a:3:{s:7:"field_1";s:12:"khdahxdopkPC";s:17:"profile_field_ids";s:1:"1";s:8:"password";s:34:"$P$BKvfr1uj5jZBZgDFDR2gS6n8F8b48S1";}');
INSERT INTO `wpla_signups` (`signup_id`, `domain`, `path`, `title`, `user_login`, `user_email`, `registered`, `activated`, `active`, `activation_key`, `meta`) VALUES ('449', '', '', '', 'wwuyooqaaf', 'jdjjshev@gmail.com', '2020-01-16 13:21:10', '0000-00-00 00:00:00', '0', 'lvhrkCzPx7eW68Lh1I5uBdWfPXzrBjN3', 'a:3:{s:7:"field_1";s:12:"tnnwvtotudPC";s:17:"profile_field_ids";s:1:"1";s:8:"password";s:34:"$P$Bi0k6yLxBCj8YBlKjtijBNzWWTVmaG/";}');
INSERT INTO `wpla_signups` (`signup_id`, `domain`, `path`, `title`, `user_login`, `user_email`, `registered`, `activated`, `active`, `activation_key`, `meta`) VALUES ('450', '', '', '', 'sherman58k1376', 'shermanbrowning82@lay.foooq.com', '2020-01-16 14:25:09', '0000-00-00 00:00:00', '0', 'QUVu8kf9TT2AVohCe76HaMh8MHfEotA8', 'a:3:{s:7:"field_1";s:16:"Sherman Browning";s:17:"profile_field_ids";s:1:"1";s:8:"password";s:34:"$P$BIYUKn3wbk4V.E3TkYGx0EEo6suQsq/";}');
INSERT INTO `wpla_signups` (`signup_id`, `domain`, `path`, `title`, `user_login`, `user_email`, `registered`, `activated`, `active`, `activation_key`, `meta`) VALUES ('451', '', '', '', 'qfuapghqsg', 'tdvidrqd@gmail.com', '2020-01-16 15:55:34', '0000-00-00 00:00:00', '0', 'SM52oo0V2HhfWzNWY9v2uoYCHEP3kYkR', 'a:3:{s:7:"field_1";s:12:"iyuvicausqPC";s:17:"profile_field_ids";s:1:"1";s:8:"password";s:34:"$P$BM.C5PCHF.vRO7Sd0eWiXd6gZD31iw/";}');
INSERT INTO `wpla_signups` (`signup_id`, `domain`, `path`, `title`, `user_login`, `user_email`, `registered`, `activated`, `active`, `activation_key`, `meta`) VALUES ('452', '', '', '', 'nqyqodqenc', 'yjsbbeut@gmail.com', '2020-01-16 20:22:24', '0000-00-00 00:00:00', '0', '5CPdYLb9jIxHaIhj24M7hObr2b0giOc5', 'a:3:{s:7:"field_1";s:12:"nxlhhdlnbjPC";s:17:"profile_field_ids";s:1:"1";s:8:"password";s:34:"$P$B2VlMFRwFOrOvgZchkHcBt5UFyZ99D0";}');
INSERT INTO `wpla_signups` (`signup_id`, `domain`, `path`, `title`, `user_login`, `user_email`, `registered`, `activated`, `active`, `activation_key`, `meta`) VALUES ('453', '', '', '', 'hucyxnocls', 'irajmwhl@gmail.com', '2020-01-16 22:38:40', '0000-00-00 00:00:00', '0', 'jovmo09UpxztilF4ePDKdhhhfqdJOw1L', 'a:3:{s:7:"field_1";s:12:"dcbdjxuwmoPC";s:17:"profile_field_ids";s:1:"1";s:8:"password";s:34:"$P$BHAZOKS5q.gGAU8j1MgC8XvNYEupvE0";}');
INSERT INTO `wpla_signups` (`signup_id`, `domain`, `path`, `title`, `user_login`, `user_email`, `registered`, `activated`, `active`, `activation_key`, `meta`) VALUES ('454', '', '', '', 'zrvxnxtnmu', 'ayoqghkv@gmail.com', '2020-01-17 02:24:44', '0000-00-00 00:00:00', '0', '5xiv9dANZLnIQ5fXSFzchUvxyB4eSDYr', 'a:3:{s:7:"field_1";s:12:"rntqrsiacjPC";s:17:"profile_field_ids";s:1:"1";s:8:"password";s:34:"$P$BKHqVro.uerKBVqQbqt/kr7Utp3I3M/";}');
INSERT INTO `wpla_signups` (`signup_id`, `domain`, `path`, `title`, `user_login`, `user_email`, `registered`, `activated`, `active`, `activation_key`, `meta`) VALUES ('455', '', '', '', 'zavnzuetbr', 'pewroalh@gmail.com', '2020-01-17 04:22:16', '0000-00-00 00:00:00', '0', 'SdAkQwMFUWlPNiqj7nwQ6LN3GJieWRRs', 'a:3:{s:7:"field_1";s:12:"ibizhbkotiPC";s:17:"profile_field_ids";s:1:"1";s:8:"password";s:34:"$P$BKe2X81l8Zc/yLMlOhB5J.sOjCfhjN1";}');
INSERT INTO `wpla_signups` (`signup_id`, `domain`, `path`, `title`, `user_login`, `user_email`, `registered`, `activated`, `active`, `activation_key`, `meta`) VALUES ('456', '', '', '', 'gidefqobmt', 'iecchfhf@gmail.com', '2020-01-17 08:36:59', '0000-00-00 00:00:00', '0', 'XM2obXWBdp0DKWZ9Q8xFCNDYk91yCk2v', 'a:3:{s:7:"field_1";s:12:"jhrjnrkavmPC";s:17:"profile_field_ids";s:1:"1";s:8:"password";s:34:"$P$BllwBbElzouA2/EXan/7.kkenshV0M1";}');
INSERT INTO `wpla_signups` (`signup_id`, `domain`, `path`, `title`, `user_login`, `user_email`, `registered`, `activated`, `active`, `activation_key`, `meta`) VALUES ('457', '', '', '', 'nqznwzdvpp', 'irhdinub@gmail.com', '2020-01-17 10:31:06', '0000-00-00 00:00:00', '0', 'nw8uOq95vjA43Lh60o0yHtfEeA5xJDV2', 'a:3:{s:7:"field_1";s:12:"uqujujtbonPC";s:17:"profile_field_ids";s:1:"1";s:8:"password";s:34:"$P$BB2DR/zHXqlW60gZcfvo.7kGOVh4Us.";}');
INSERT INTO `wpla_signups` (`signup_id`, `domain`, `path`, `title`, `user_login`, `user_email`, `registered`, `activated`, `active`, `activation_key`, `meta`) VALUES ('458', '', '', '', 'bwbsbvngep', 'efnlsupl@gmail.com', '2020-01-17 15:29:49', '0000-00-00 00:00:00', '0', 'zP3LLPbBAseApRMTJYOurXjbrpHx8bmp', 'a:3:{s:7:"field_1";s:12:"yqwotxtatbPC";s:17:"profile_field_ids";s:1:"1";s:8:"password";s:34:"$P$BpgYFmXlRWtrs12rJPa57lGrN23dbG1";}');
INSERT INTO `wpla_signups` (`signup_id`, `domain`, `path`, `title`, `user_login`, `user_email`, `registered`, `activated`, `active`, `activation_key`, `meta`) VALUES ('459', '', '', '', 'junjpaifbp', 'ntgufajc@gmail.com', '2020-01-18 05:44:14', '0000-00-00 00:00:00', '0', 'j6YaLIY0nBL2Ye7DDVMxVvRGEbws0EAR', 'a:3:{s:7:"field_1";s:12:"ifkquczfhuPC";s:17:"profile_field_ids";s:1:"1";s:8:"password";s:34:"$P$BbiqXUzI0FYQFpK6Bzgw1PF1qQC3cM.";}');
INSERT INTO `wpla_signups` (`signup_id`, `domain`, `path`, `title`, `user_login`, `user_email`, `registered`, `activated`, `active`, `activation_key`, `meta`) VALUES ('460', '', '', '', 'ptgxjgfhfn', 'noololqw@gmail.com', '2020-01-18 18:31:36', '0000-00-00 00:00:00', '0', 'ltPvAnl9vQjnnDno4ixowLlwlR0RiYpl', 'a:3:{s:7:"field_1";s:12:"ijaqemwzagPC";s:17:"profile_field_ids";s:1:"1";s:8:"password";s:34:"$P$B/bT2h1AHqlXKs8H0VEDRry9fPxInk/";}');
INSERT INTO `wpla_signups` (`signup_id`, `domain`, `path`, `title`, `user_login`, `user_email`, `registered`, `activated`, `active`, `activation_key`, `meta`) VALUES ('461', '', '', '', 'odilnohqod', 'kmxnqhbf@gmail.com', '2020-01-19 09:05:28', '0000-00-00 00:00:00', '0', 'IAV7wohVRYXLVsWrnrBt2n5iT9EhbbFK', 'a:3:{s:7:"field_1";s:12:"darcruhnioPC";s:17:"profile_field_ids";s:1:"1";s:8:"password";s:34:"$P$BmS/n32z31VuNQuF8ri7obmUdy02.H1";}');
INSERT INTO `wpla_signups` (`signup_id`, `domain`, `path`, `title`, `user_login`, `user_email`, `registered`, `activated`, `active`, `activation_key`, `meta`) VALUES ('462', '', '', '', 'vvuwruhbtp', 'igxwdkbh@gmail.com', '2020-01-19 23:27:34', '0000-00-00 00:00:00', '0', '8afpJ0mMlVlwEwnPP0pI61PkFUwzutKv', 'a:3:{s:7:"field_1";s:12:"zzdhesvcauPC";s:17:"profile_field_ids";s:1:"1";s:8:"password";s:34:"$P$BDyINhEEEhlVbi.4fQz1KFWmzGa/rs.";}');
INSERT INTO `wpla_signups` (`signup_id`, `domain`, `path`, `title`, `user_login`, `user_email`, `registered`, `activated`, `active`, `activation_key`, `meta`) VALUES ('463', '', '', '', 'hvxslcivvb', 'hrhnlfgk@gmail.com', '2020-01-20 13:18:53', '0000-00-00 00:00:00', '0', 'dmvrhZaZIuU0FiSlB5NV9qvkVlEU4jEk', 'a:3:{s:7:"field_1";s:12:"yljtzlkqeuPC";s:17:"profile_field_ids";s:1:"1";s:8:"password";s:34:"$P$BXRh0FLC5Zl6gKGEVrM3VG6G9NUjPJ.";}');
INSERT INTO `wpla_signups` (`signup_id`, `domain`, `path`, `title`, `user_login`, `user_email`, `registered`, `activated`, `active`, `activation_key`, `meta`) VALUES ('464', '', '', '', 'kyzgoigimz', 'dnkufljq@gmail.com', '2020-01-21 02:47:03', '0000-00-00 00:00:00', '0', 'C2UOiKWWCUDKNrzntHR6HVcZZZERsTlc', 'a:3:{s:7:"field_1";s:12:"ytkjrraoafPC";s:17:"profile_field_ids";s:1:"1";s:8:"password";s:34:"$P$BcKG0y29Cq.otzLlBnuINwjL2.bVNg.";}');
INSERT INTO `wpla_signups` (`signup_id`, `domain`, `path`, `title`, `user_login`, `user_email`, `registered`, `activated`, `active`, `activation_key`, `meta`) VALUES ('465', '', '', '', 'teleinsprig', 'aaronogden8564@yandex.com', '2020-01-21 02:54:10', '2020-01-21 03:17:41', '1', '5odUwUE1ZCf33Fwa5m1z6FcfvADmpt8m', 'a:3:{s:7:"field_1";s:13:"teleinsprigXP";s:17:"profile_field_ids";s:1:"1";s:8:"password";s:34:"$P$B9QZ.wwjEQNVbJ4WQbA.OVDBe3RB1K1";}');
INSERT INTO `wpla_signups` (`signup_id`, `domain`, `path`, `title`, `user_login`, `user_email`, `registered`, `activated`, `active`, `activation_key`, `meta`) VALUES ('466', '', '', '', 'ommgvdybtw', 'otunoqkx@gmail.com', '2020-01-21 15:35:05', '0000-00-00 00:00:00', '0', '31JOvSiDyCDf8R8nUEMPYgwwovZRZOnX', 'a:3:{s:7:"field_1";s:12:"ildfnsqutpPC";s:17:"profile_field_ids";s:1:"1";s:8:"password";s:34:"$P$BGaw0R.oKv8nzA18lnbTYe5Gm6dKzU/";}');
INSERT INTO `wpla_signups` (`signup_id`, `domain`, `path`, `title`, `user_login`, `user_email`, `registered`, `activated`, `active`, `activation_key`, `meta`) VALUES ('467', '', '', '', 'ohsdlwltgm', 'asngdeky@gmail.com', '2020-01-22 02:15:40', '0000-00-00 00:00:00', '0', '6PCpC8FEpNuU2reEOBQ1OdPjKOCQ7Df1', 'a:3:{s:7:"field_1";s:12:"gwettqzqygPC";s:17:"profile_field_ids";s:1:"1";s:8:"password";s:34:"$P$BfKu3buxofuuikcYiMQXZwJ7no5Zsu.";}');
INSERT INTO `wpla_signups` (`signup_id`, `domain`, `path`, `title`, `user_login`, `user_email`, `registered`, `activated`, `active`, `activation_key`, `meta`) VALUES ('468', '', '', '', 'bolucpa1988', 'bolucpa1988@tachkahuchkas.ru', '2020-01-22 10:51:41', '0000-00-00 00:00:00', '0', 'ZbZm1VG8YFTz1fgu012Oqr2PeQZNSoED', 'a:4:{s:7:"field_1";s:13:"Bryan Leavitt";s:18:"field_1_visibility";s:6:"public";s:17:"profile_field_ids";s:1:"1";s:8:"password";s:34:"$P$Bsx0o.TJSaVwtCrrtmExdSBTJA5IuD.";}');
INSERT INTO `wpla_signups` (`signup_id`, `domain`, `path`, `title`, `user_login`, `user_email`, `registered`, `activated`, `active`, `activation_key`, `meta`) VALUES ('469', '', '', '', 'tesacar1980', 'tesacar1980@meagleglobal.ru', '2020-01-22 12:24:14', '2020-01-22 12:25:28', '1', 'neyShiuTHa12DQ0Rcf8kvrdwkkeyrjLx', 'a:4:{s:7:"field_1";s:14:"Karen Levenson";s:18:"field_1_visibility";s:6:"public";s:17:"profile_field_ids";s:1:"1";s:8:"password";s:34:"$P$BhoBTFQ9zhnt1HYjFqeaPzFsh2sbay1";}');
INSERT INTO `wpla_signups` (`signup_id`, `domain`, `path`, `title`, `user_login`, `user_email`, `registered`, `activated`, `active`, `activation_key`, `meta`) VALUES ('470', '', '', '', 'gladtelwinn1984', 'gladtelwinn1984@meagleglobal.ru', '2020-01-22 13:58:42', '2020-01-22 13:59:57', '1', 'f2KC02vi6JM3jmAPeXBtABWO5JOwBVL5', 'a:4:{s:7:"field_1";s:14:"Melvin Jarrett";s:18:"field_1_visibility";s:6:"public";s:17:"profile_field_ids";s:1:"1";s:8:"password";s:34:"$P$BqPwlXOrkTfU8N/T.auEPm2EvQFqw8/";}');
INSERT INTO `wpla_signups` (`signup_id`, `domain`, `path`, `title`, `user_login`, `user_email`, `registered`, `activated`, `active`, `activation_key`, `meta`) VALUES ('471', '', '', '', 'geotira1980', 'geotira1980@meagleglobal.ru', '2020-01-22 14:20:30', '2020-01-22 14:21:40', '1', 'lb7SrNbSPX7EbJOnC1gz7TYz4PZiLGL3', 'a:4:{s:7:"field_1";s:9:"Ana Olson";s:18:"field_1_visibility";s:6:"public";s:17:"profile_field_ids";s:1:"1";s:8:"password";s:34:"$P$BAFwiMlyDILray/0nVQjEotEph2qpG/";}');
INSERT INTO `wpla_signups` (`signup_id`, `domain`, `path`, `title`, `user_login`, `user_email`, `registered`, `activated`, `active`, `activation_key`, `meta`) VALUES ('472', '', '', '', 'ynwvbgtdzo', 'dbrnirdk@gmail.com', '2020-01-22 14:26:54', '0000-00-00 00:00:00', '0', 'p7rxfU1prLCPc2Kxp0jMMPSFPZKqH22J', 'a:3:{s:7:"field_1";s:12:"jezonncvalPC";s:17:"profile_field_ids";s:1:"1";s:8:"password";s:34:"$P$BRzS/sys9XjAlaz0EHxXr3k8Nypo0./";}');
INSERT INTO `wpla_signups` (`signup_id`, `domain`, `path`, `title`, `user_login`, `user_email`, `registered`, `activated`, `active`, `activation_key`, `meta`) VALUES ('473', '', '', '', 'alanbi1974', 'alanbi1974@meagleglobal.ru', '2020-01-22 14:40:33', '2020-01-22 14:41:38', '1', '6awcZ0qcpJH7IXsNl0Wwyws3PBxbf9ew', 'a:4:{s:7:"field_1";s:10:"Joel Jeune";s:18:"field_1_visibility";s:6:"public";s:17:"profile_field_ids";s:1:"1";s:8:"password";s:34:"$P$B6DyJ8m99cZfBJwzPN1BpmYlIxldXj/";}');
INSERT INTO `wpla_signups` (`signup_id`, `domain`, `path`, `title`, `user_login`, `user_email`, `registered`, `activated`, `active`, `activation_key`, `meta`) VALUES ('474', '', '', '', 'ataletywvm', 'fvkzceyge@neycochan.info', '2020-01-22 17:01:01', '0000-00-00 00:00:00', '0', 'VhJKlwtoiZMCgCNYye9wDO7LlcuaaE16', 'a:3:{s:7:"field_1";s:10:"ataletywvm";s:17:"profile_field_ids";s:1:"1";s:8:"password";s:34:"$P$BgxRyRNaTcZS/GQdBQ9OrvNJ/gpe8C1";}');
INSERT INTO `wpla_signups` (`signup_id`, `domain`, `path`, `title`, `user_login`, `user_email`, `registered`, `activated`, `active`, `activation_key`, `meta`) VALUES ('475', '', '', '', 'NicolasJab', 'vitalijbabin544@gmail.com', '2020-01-22 17:06:15', '2020-01-23 00:08:30', '1', 'iRXknMSLfZI7VeD3tQV32OShO7wxU2Uh', 'a:3:{s:7:"field_1";s:12:"NicolasJabUD";s:17:"profile_field_ids";s:1:"1";s:8:"password";s:34:"$P$BnzefajZTCNyCKzCJbbg4eOpAYbeRG/";}');
INSERT INTO `wpla_signups` (`signup_id`, `domain`, `path`, `title`, `user_login`, `user_email`, `registered`, `activated`, `active`, `activation_key`, `meta`) VALUES ('476', '', '', '', 'wmcjyh', 'ogxjzaz@gmail.com', '2020-01-22 21:02:55', '0000-00-00 00:00:00', '0', 'Flnrqp9QOy0Pql0rmwqg8PdwvDniKUfx', 'a:3:{s:7:"field_1";s:8:"pmub53NJ";s:17:"profile_field_ids";s:1:"1";s:8:"password";s:34:"$P$BwsJO0OAnPDr.jbikaDhZTTXn6ZLVl1";}');
INSERT INTO `wpla_signups` (`signup_id`, `domain`, `path`, `title`, `user_login`, `user_email`, `registered`, `activated`, `active`, `activation_key`, `meta`) VALUES ('477', '', '', '', 'albertocof2707', 'albertododery14@lay.foooq.com', '2020-01-22 21:55:57', '0000-00-00 00:00:00', '0', 'mbbP4dnBvZ0qhBS46Ua3D7nxhzsPTLoP', 'a:3:{s:7:"field_1";s:14:"Alberto Dodery";s:17:"profile_field_ids";s:1:"1";s:8:"password";s:34:"$P$BXDsp/2w58XvGFNDV2.6gpdcLynaHw.";}');
INSERT INTO `wpla_signups` (`signup_id`, `domain`, `path`, `title`, `user_login`, `user_email`, `registered`, `activated`, `active`, `activation_key`, `meta`) VALUES ('478', '', '', '', 'wvvngan0302358', 'nganlaughlin68@pole.foooq.com', '2020-01-22 23:52:14', '0000-00-00 00:00:00', '0', 'GffPUa5kS6EIPEfBCit3ohBOKRnRGpkL', 'a:3:{s:7:"field_1";s:12:"Del Muhammad";s:17:"profile_field_ids";s:1:"1";s:8:"password";s:34:"$P$BiG7i2JihfDUB7L/UwFHHv13oZl35W/";}');
INSERT INTO `wpla_signups` (`signup_id`, `domain`, `path`, `title`, `user_login`, `user_email`, `registered`, `activated`, `active`, `activation_key`, `meta`) VALUES ('479', '', '', '', 'fwropnxocn', 'jlkwextt@gmail.com', '2020-01-23 02:51:41', '0000-00-00 00:00:00', '0', '1tLzGxDZIbgo4FslVxMuJDaVgVHlGXdi', 'a:3:{s:7:"field_1";s:12:"oiinlwcjzmPC";s:17:"profile_field_ids";s:1:"1";s:8:"password";s:34:"$P$BNqpUc.kNkjknBWGN.bjSK3skf/7V60";}');
INSERT INTO `wpla_signups` (`signup_id`, `domain`, `path`, `title`, `user_login`, `user_email`, `registered`, `activated`, `active`, `activation_key`, `meta`) VALUES ('480', '', '', '', 'earnestcantor', 'earnestcantor68@group.jaffx.com', '2020-01-23 07:14:29', '0000-00-00 00:00:00', '0', '1JchlEMb3Nyee9AqcM53x9se7uWKkG0Q', 'a:3:{s:7:"field_1";s:14:"Earnest Cantor";s:17:"profile_field_ids";s:1:"1";s:8:"password";s:34:"$P$Buc2AyiWO/kmSnBFUeN32xnhl0pqMV.";}');
INSERT INTO `wpla_signups` (`signup_id`, `domain`, `path`, `title`, `user_login`, `user_email`, `registered`, `activated`, `active`, `activation_key`, `meta`) VALUES ('481', '', '', '', 'dqyxezmfso', 'gekystqj@gmail.com', '2020-01-25 03:25:59', '0000-00-00 00:00:00', '0', 'BIW0MWXUHws0T1zo2WIOC7TnhmR0Ihx3', 'a:3:{s:7:"field_1";s:12:"lvlnqtntzzPC";s:17:"profile_field_ids";s:1:"1";s:8:"password";s:34:"$P$B8CFzKhKmyZL4YhGC6gFlZZDU2X7rf.";}');
INSERT INTO `wpla_signups` (`signup_id`, `domain`, `path`, `title`, `user_login`, `user_email`, `registered`, `activated`, `active`, `activation_key`, `meta`) VALUES ('482', '', '', '', 'Beskilly', 'gloriapremov5@gmx.com', '2020-01-25 17:29:44', '0000-00-00 00:00:00', '0', 'wrSxdDGlXowEwhArOxQNWS0K0wg6jmcl', 'a:8:{s:7:"field_1";s:8:"BIBEXOTI";s:7:"field_2";s:7:"VENDITA";s:8:"field_50";s:10:"Afganistan";s:10:"field_1530";s:8:"VETIFUZA";s:10:"field_1529";s:8:"VIWOKADO";s:10:"field_1528";s:8:"Beskilly";s:17:"profile_field_ids";s:21:"1,2,50,1530,1529,1528";s:8:"password";s:34:"$P$BdgbyrYMa5Ne/b2wbI.Vn9/wg9KwER1";}');
INSERT INTO `wpla_signups` (`signup_id`, `domain`, `path`, `title`, `user_login`, `user_email`, `registered`, `activated`, `active`, `activation_key`, `meta`) VALUES ('483', '', '', '', 'tingcneweselun', 'tingcneweselun@perfsoundmiss.info', '2020-01-26 09:22:37', '2020-01-26 09:23:04', '1', 'RQuU6RwFcRzfWvWulyycDoiTKDPcT7pF', 'a:8:{s:7:"field_1";s:14:"tingcneweselun";s:7:"field_2";s:20:"- Direttore Generale";s:8:"field_50";s:8:"Giappone";s:10:"field_1530";s:14:"tingcneweselun";s:10:"field_1529";s:14:"tingcneweselun";s:10:"field_1528";s:10:"Modrica RS";s:17:"profile_field_ids";s:21:"1,2,50,1530,1529,1528";s:8:"password";s:34:"$P$B9axJxB.2SO3F/oDtf0nyK7l3MIF6a0";}');
INSERT INTO `wpla_signups` (`signup_id`, `domain`, `path`, `title`, `user_login`, `user_email`, `registered`, `activated`, `active`, `activation_key`, `meta`) VALUES ('484', '', '', '', 'thyolectinsboscau', 'thyolectinsboscau@perfsoundmiss.info', '2020-01-26 10:15:22', '2020-01-26 10:16:11', '1', '1PX6ZNFDSnQTNz1MLyXBA9qUAyKHtpHd', 'a:8:{s:7:"field_1";s:17:"thyolectinsboscau";s:7:"field_2";s:20:"- Direttore Generale";s:8:"field_50";s:7:"Nigeria";s:10:"field_1530";s:17:"thyolectinsboscau";s:10:"field_1529";s:17:"thyolectinsboscau";s:10:"field_1528";s:5:"DOBOJ";s:17:"profile_field_ids";s:21:"1,2,50,1530,1529,1528";s:8:"password";s:34:"$P$By5POIUUy/19Y8TKl6JeC1IwGz4zkL1";}');
INSERT INTO `wpla_signups` (`signup_id`, `domain`, `path`, `title`, `user_login`, `user_email`, `registered`, `activated`, `active`, `activation_key`, `meta`) VALUES ('485', '', '', '', 'uwowairzym', 'puiygbct@gmail.com', '2020-01-26 10:58:02', '0000-00-00 00:00:00', '0', 'YMBwwkYRSxnn9gRolqYgTglNk3JAbL4I', 'a:3:{s:7:"field_1";s:12:"lbmfffiygzPC";s:17:"profile_field_ids";s:1:"1";s:8:"password";s:34:"$P$BT7L9ZIyuHcPJCAfEnbj7hgOdprKZU.";}');
INSERT INTO `wpla_signups` (`signup_id`, `domain`, `path`, `title`, `user_login`, `user_email`, `registered`, `activated`, `active`, `activation_key`, `meta`) VALUES ('486', '', '', '', 'lecadgenane', 'lecadgenane@perfsoundmiss.info', '2020-01-26 11:04:46', '2020-01-26 11:05:15', '1', 'Id1AITgIYHET0XAuvNJGOyuo0aVautxq', 'a:8:{s:7:"field_1";s:11:"lecadgenane";s:7:"field_2";s:20:"- Direttore Generale";s:8:"field_50";s:11:"El Salvador";s:10:"field_1530";s:11:"lecadgenane";s:10:"field_1529";s:11:"lecadgenane";s:10:"field_1528";s:10:"Serbia.011";s:17:"profile_field_ids";s:21:"1,2,50,1530,1529,1528";s:8:"password";s:34:"$P$BhsYqXxOR3HdU9W9j8IH5qk1BygdOf1";}');
INSERT INTO `wpla_signups` (`signup_id`, `domain`, `path`, `title`, `user_login`, `user_email`, `registered`, `activated`, `active`, `activation_key`, `meta`) VALUES ('487', '', '', '', 'gausumdycontplan', 'gausumdycontplan@perfsoundmiss.info', '2020-01-26 11:59:58', '2020-01-26 12:01:06', '1', 'dOltPyuFWCtndOcyJreDCccfQ9vrg3g1', 'a:8:{s:7:"field_1";s:16:"gausumdycontplan";s:7:"field_2";s:20:"- Direttore Generale";s:8:"field_50";s:6:"Spagna";s:10:"field_1530";s:16:"gausumdycontplan";s:10:"field_1529";s:16:"gausumdycontplan";s:10:"field_1528";s:17:"Somewhere in Time";s:17:"profile_field_ids";s:21:"1,2,50,1530,1529,1528";s:8:"password";s:34:"$P$BvBYQZYXHb9DiR2m6uTcxNK85lv20c.";}');
INSERT INTO `wpla_signups` (`signup_id`, `domain`, `path`, `title`, `user_login`, `user_email`, `registered`, `activated`, `active`, `activation_key`, `meta`) VALUES ('488', '', '', '', 'alinsusyska', 'alinsusyska@perfsoundmiss.info', '2020-01-26 12:50:58', '2020-01-26 12:52:10', '1', 'q1p0ewbxh4noIMGM8zvvsON2Kdx9WrS5', 'a:8:{s:7:"field_1";s:11:"alinsusyska";s:7:"field_2";s:20:"- Direttore Generale";s:8:"field_50";s:9:"Singapore";s:10:"field_1530";s:11:"alinsusyska";s:10:"field_1529";s:11:"alinsusyska";s:10:"field_1528";s:14:"Delta quadrant";s:17:"profile_field_ids";s:21:"1,2,50,1530,1529,1528";s:8:"password";s:34:"$P$B79hDkaHKyH2qNCzdBYw.P5dh3qM8H/";}');
INSERT INTO `wpla_signups` (`signup_id`, `domain`, `path`, `title`, `user_login`, `user_email`, `registered`, `activated`, `active`, `activation_key`, `meta`) VALUES ('489', '', '', '', 'kavasendele', 'kavasendele@perfsoundmiss.info', '2020-01-26 13:42:59', '2020-01-26 13:44:48', '1', '8tOXIAOCG4VZd5plMS4wn6x7cIXCPUAZ', 'a:8:{s:7:"field_1";s:11:"kavasendele";s:7:"field_2";s:20:"- Direttore Generale";s:8:"field_50";s:5:"India";s:10:"field_1530";s:11:"kavasendele";s:10:"field_1529";s:11:"kavasendele";s:10:"field_1528";s:12:"Shnjish town";s:17:"profile_field_ids";s:21:"1,2,50,1530,1529,1528";s:8:"password";s:34:"$P$BmW4Xnq1WsfeBAB8twfvp2AA8an4jd.";}');
INSERT INTO `wpla_signups` (`signup_id`, `domain`, `path`, `title`, `user_login`, `user_email`, `registered`, `activated`, `active`, `activation_key`, `meta`) VALUES ('490', '', '', '', 'abfosancakind', 'abfosancakind@perfsoundmiss.info', '2020-01-26 14:36:31', '2020-01-26 14:37:42', '1', 'ypOJrQBmMDSDDpOuOOIyoewQ4pcVb1gw', 'a:8:{s:7:"field_1";s:13:"abfosancakind";s:7:"field_2";s:20:"- Direttore Generale";s:8:"field_50";s:7:"Bahrein";s:10:"field_1530";s:13:"abfosancakind";s:10:"field_1529";s:13:"abfosancakind";s:10:"field_1528";s:19:"Bosna i hercegovina";s:17:"profile_field_ids";s:21:"1,2,50,1530,1529,1528";s:8:"password";s:34:"$P$BSJTKso.UnxHVoId6QCssZL9t4zljc0";}');
INSERT INTO `wpla_signups` (`signup_id`, `domain`, `path`, `title`, `user_login`, `user_email`, `registered`, `activated`, `active`, `activation_key`, `meta`) VALUES ('491', '', '', '', 'noiparhasbrosco', 'noiparhasbrosco@perfsoundmiss.info', '2020-01-26 15:29:17', '2020-01-26 15:30:23', '1', '2AxteVKJnGqswnqybjKayzOXweI8vqyi', 'a:8:{s:7:"field_1";s:15:"noiparhasbrosco";s:7:"field_2";s:20:"- Direttore Generale";s:8:"field_50";s:6:"Libano";s:10:"field_1530";s:15:"noiparhasbrosco";s:10:"field_1529";s:15:"noiparhasbrosco";s:10:"field_1528";s:10:"Tovarisevo";s:17:"profile_field_ids";s:21:"1,2,50,1530,1529,1528";s:8:"password";s:34:"$P$BYfwTye5C0XYk5Y7I1XuTDwg4WwFsA.";}');
INSERT INTO `wpla_signups` (`signup_id`, `domain`, `path`, `title`, `user_login`, `user_email`, `registered`, `activated`, `active`, `activation_key`, `meta`) VALUES ('492', '', '', '', 'psychzapsiomyuti', 'psychzapsiomyuti@perfsoundmiss.info', '2020-01-26 16:21:06', '2020-01-26 16:22:07', '1', 'TnOTxzExzTpPtr2LQ6kMQG7qCa5y41tr', 'a:8:{s:7:"field_1";s:16:"psychzapsiomyuti";s:7:"field_2";s:20:"- Direttore Generale";s:8:"field_50";s:5:"Niger";s:10:"field_1530";s:16:"psychzapsiomyuti";s:10:"field_1529";s:16:"psychzapsiomyuti";s:10:"field_1528";s:5:"Cazin";s:17:"profile_field_ids";s:21:"1,2,50,1530,1529,1528";s:8:"password";s:34:"$P$BkgaosNNZmzhDV6U058yS0XwinaZMO/";}');
INSERT INTO `wpla_signups` (`signup_id`, `domain`, `path`, `title`, `user_login`, `user_email`, `registered`, `activated`, `active`, `activation_key`, `meta`) VALUES ('493', '', '', '', 'leratetemce', 'leratetemce@perfsoundmiss.info', '2020-01-26 17:13:44', '2020-01-26 17:16:05', '1', 'F7ABAZid4HJIlOcJnYMvPwgUCZkYeh8q', 'a:8:{s:7:"field_1";s:11:"leratetemce";s:7:"field_2";s:20:"- Direttore Generale";s:8:"field_50";s:8:"Giamaica";s:10:"field_1530";s:11:"leratetemce";s:10:"field_1529";s:11:"leratetemce";s:10:"field_1528";s:7:"Apatrid";s:17:"profile_field_ids";s:21:"1,2,50,1530,1529,1528";s:8:"password";s:34:"$P$BDo03wZFgUXcvnQTYCB.OPBCj4No8x1";}');
INSERT INTO `wpla_signups` (`signup_id`, `domain`, `path`, `title`, `user_login`, `user_email`, `registered`, `activated`, `active`, `activation_key`, `meta`) VALUES ('494', '', '', '', 'sleepensoworvi', 'sleepensoworvi@perfsoundmiss.info', '2020-01-26 18:05:10', '2020-01-26 18:06:25', '1', 'XwPkOBqmjnGocMowT93VnBupKw95NrXv', 'a:8:{s:7:"field_1";s:14:"sleepensoworvi";s:7:"field_2";s:20:"- Direttore Generale";s:8:"field_50";s:9:"Gibraltar";s:10:"field_1530";s:14:"sleepensoworvi";s:10:"field_1529";s:14:"sleepensoworvi";s:10:"field_1528";s:9:"Nederland";s:17:"profile_field_ids";s:21:"1,2,50,1530,1529,1528";s:8:"password";s:34:"$P$Bx/pQlTuFJUnFwSd8owGvWKPe.vYeN1";}');
INSERT INTO `wpla_signups` (`signup_id`, `domain`, `path`, `title`, `user_login`, `user_email`, `registered`, `activated`, `active`, `activation_key`, `meta`) VALUES ('495', '', '', '', 'MillardBuida', 'bradshawhannah701930@yandex.com', '2020-02-06 05:30:04', '2020-02-06 05:53:32', '1', 'KAbPS4uLeT4CCwGWl9qgpqu1qd0z2Wjv', 'a:3:{s:7:"field_1";s:14:"MillardBuidaXW";s:17:"profile_field_ids";s:1:"1";s:8:"password";s:34:"$P$BiIg7HWl8J1bfnAcTYbl.XMY02BpaD/";}');
INSERT INTO `wpla_signups` (`signup_id`, `domain`, `path`, `title`, `user_login`, `user_email`, `registered`, `activated`, `active`, `activation_key`, `meta`) VALUES ('496', '', '', '', 'VernonNopsy', 'davidSmimi@acyclovir-buy.com', '2020-02-06 17:14:54', '2020-02-06 17:17:18', '1', '62cqlMOPvlZCeHF9ICeeHgzRDWIOYQP9', 'a:3:{s:7:"field_1";s:13:"VernonNopsyZY";s:17:"profile_field_ids";s:1:"1";s:8:"password";s:34:"$P$BZmDDwAshMMn77k11SqhKCwVAywxuy.";}');
INSERT INTO `wpla_signups` (`signup_id`, `domain`, `path`, `title`, `user_login`, `user_email`, `registered`, `activated`, `active`, `activation_key`, `meta`) VALUES ('497', '', '', '', 'Danielciday', 'murrayglami@acyclovir-buy.com', '2020-02-09 02:28:19', '2020-02-09 02:30:06', '1', 'eS1pgbjiS7py2K8hE2p531CCAB9GKHEc', 'a:3:{s:7:"field_1";s:13:"DanielcidayPL";s:17:"profile_field_ids";s:1:"1";s:8:"password";s:34:"$P$BINNMo7NBcnx9Q2qt8wfJYyGRQr5w.0";}');
INSERT INTO `wpla_signups` (`signup_id`, `domain`, `path`, `title`, `user_login`, `user_email`, `registered`, `activated`, `active`, `activation_key`, `meta`) VALUES ('498', '', '', '', 'Willyglype', 'loginovmaksimwiye@mail.ru', '2020-02-09 13:36:13', '2020-02-09 13:37:06', '1', 'gFACn5y1hoJrnBX4Z7EPmxODTtDpadog', 'a:3:{s:7:"field_1";s:12:"WillyglypeKO";s:17:"profile_field_ids";s:1:"1";s:8:"password";s:34:"$P$BlZkhxs/pem1aR1pknbKfYdPrMGkr7.";}');
INSERT INTO `wpla_signups` (`signup_id`, `domain`, `path`, `title`, `user_login`, `user_email`, `registered`, `activated`, `active`, `activation_key`, `meta`) VALUES ('499', '', '', '', 'williamhurwitz', 'williamhurwitz83@soul.pumez.com', '2020-02-10 06:24:50', '0000-00-00 00:00:00', '0', 'Hb4WRliVH7nr9eDo8rGgqoyZdQq9MBKB', 'a:3:{s:7:"field_1";s:15:"William Hurwitz";s:17:"profile_field_ids";s:1:"1";s:8:"password";s:34:"$P$BJWdCUv17m.6oxw9K7UOgUtQHWUAo0/";}');
INSERT INTO `wpla_signups` (`signup_id`, `domain`, `path`, `title`, `user_login`, `user_email`, `registered`, `activated`, `active`, `activation_key`, `meta`) VALUES ('500', '', '', '', 'ellielight59', 'ellielight70@allow.felphi.com', '2020-02-10 08:08:55', '0000-00-00 00:00:00', '0', 'PEukEJx6Zu2cQWzHsFc2oML8E5y0grtL', 'a:3:{s:7:"field_1";s:11:"Ellie Light";s:17:"profile_field_ids";s:1:"1";s:8:"password";s:34:"$P$B76oMTMDp4mBz9CAfRj6.Y3iFpVN0X/";}');
INSERT INTO `wpla_signups` (`signup_id`, `domain`, `path`, `title`, `user_login`, `user_email`, `registered`, `activated`, `active`, `activation_key`, `meta`) VALUES ('501', '', '', '', 'christophernic', 'christophernickerson28@lemon.pumez.com', '2020-02-12 01:00:58', '0000-00-00 00:00:00', '0', 'nyBQEcB6UpbgXYIVSGERS0clITHCiNEa', 'a:3:{s:7:"field_1";s:21:"Christopher Nickerson";s:17:"profile_field_ids";s:1:"1";s:8:"password";s:34:"$P$BiiAjHmDIzJusNmhxk2SNlIS6iEg1n1";}');
INSERT INTO `wpla_signups` (`signup_id`, `domain`, `path`, `title`, `user_login`, `user_email`, `registered`, `activated`, `active`, `activation_key`, `meta`) VALUES ('502', '', '', '', 'tiadavison6', 'tiadavison23@album.foooq.com', '2020-02-12 05:06:43', '0000-00-00 00:00:00', '0', 'i0Yx5BHj5jUuMWiyxgJ95w6bBFWaJ8HH', 'a:3:{s:7:"field_1";s:11:"Tia Davison";s:17:"profile_field_ids";s:1:"1";s:8:"password";s:34:"$P$Bv/gvJ4tvd5iBFGkkoa45MV6KAkWKG.";}');
INSERT INTO `wpla_signups` (`signup_id`, `domain`, `path`, `title`, `user_login`, `user_email`, `registered`, `activated`, `active`, `activation_key`, `meta`) VALUES ('503', '', '', '', 'klausrefshauge', 'klausrefshauge54@allow.felphi.com', '2020-02-12 07:09:35', '0000-00-00 00:00:00', '0', 'Xj5i3oMPRrYsyXSXRNkLFTWcagE4Qeb1', 'a:3:{s:7:"field_1";s:15:"Klaus Refshauge";s:17:"profile_field_ids";s:1:"1";s:8:"password";s:34:"$P$Bctg95ujALsazU7q1P03XjlDj38ku6.";}');
INSERT INTO `wpla_signups` (`signup_id`, `domain`, `path`, `title`, `user_login`, `user_email`, `registered`, `activated`, `active`, `activation_key`, `meta`) VALUES ('504', '', '', '', 'zenaidawheat54', 'zenaidawheat11@soul.pumez.com', '2020-02-13 10:45:25', '0000-00-00 00:00:00', '0', 'uiicqLtkaVX2HNykUpbIvE9dhw2f5K9u', 'a:3:{s:7:"field_1";s:13:"Zenaida Wheat";s:17:"profile_field_ids";s:1:"1";s:8:"password";s:34:"$P$Ba.CJJt8fzsKaqsIa2qBysCtZcB4Ye/";}');
INSERT INTO `wpla_signups` (`signup_id`, `domain`, `path`, `title`, `user_login`, `user_email`, `registered`, `activated`, `active`, `activation_key`, `meta`) VALUES ('505', '', '', '', 'edwardj691707678', 'edwardweber14@group.jaffx.com', '2020-02-13 11:43:53', '0000-00-00 00:00:00', '0', 'fTMbVcJg8UZ5Qy2dntglzmFZlujyOZLw', 'a:3:{s:7:"field_1";s:12:"Edward Weber";s:17:"profile_field_ids";s:1:"1";s:8:"password";s:34:"$P$B5BIX0GciB4t5pLVklsIighPawbw9Y.";}');
INSERT INTO `wpla_signups` (`signup_id`, `domain`, `path`, `title`, `user_login`, `user_email`, `registered`, `activated`, `active`, `activation_key`, `meta`) VALUES ('506', '', '', '', 'kliucsvj', 'ckybnjfhx@onlineusar.biz', '2020-02-14 06:26:25', '2020-02-14 07:53:51', '1', 'IfkSUwEc6gUNoUF7L5pcH1E7zaXBpKys', 'a:3:{s:7:"field_1";s:10:"oiewrzckLN";s:17:"profile_field_ids";s:1:"1";s:8:"password";s:34:"$P$BRNYqb/0YN8TwHz6hJQu8RouhFPc/V/";}');
INSERT INTO `wpla_signups` (`signup_id`, `domain`, `path`, `title`, `user_login`, `user_email`, `registered`, `activated`, `active`, `activation_key`, `meta`) VALUES ('507', '', '', '', 'lcnkmcem', 'tpdcnuwju@onlineusar.biz', '2020-02-15 09:26:47', '2020-02-15 10:28:06', '1', 'DeWy26v0CEUmfSYVmwWIdo4yqR7MBUOm', 'a:3:{s:7:"field_1";s:10:"harehhshLN";s:17:"profile_field_ids";s:1:"1";s:8:"password";s:34:"$P$BM4ngHUTF7m7UjzChCwIkI9D15QwCg.";}');
INSERT INTO `wpla_signups` (`signup_id`, `domain`, `path`, `title`, `user_login`, `user_email`, `registered`, `activated`, `active`, `activation_key`, `meta`) VALUES ('508', '', '', '', 'Mirtharvde', 'lrwrlkxyg@viagrabuyonlinemy.com', '2020-02-21 19:45:10', '2020-02-21 19:47:01', '1', 'UD1h3q7uDL79gUnFYA3ICXen8JPNozp2', 'a:3:{s:7:"field_1";s:13:"JohnsonpbqlBM";s:17:"profile_field_ids";s:1:"1";s:8:"password";s:34:"$P$B2WKObeFB31uQzy/6MeyNgKc6VNZ3R1";}');
INSERT INTO `wpla_signups` (`signup_id`, `domain`, `path`, `title`, `user_login`, `user_email`, `registered`, `activated`, `active`, `activation_key`, `meta`) VALUES ('509', '', '', '', 'porterpound8', 'fournierdelacruz23jghhlt@x1mails.com', '2020-02-22 03:11:24', '0000-00-00 00:00:00', '0', 'MJzmEm9szMx2kQcUIuwwF5KK5gRWSzRj', 'a:3:{s:7:"field_1";s:18:"Lindgreen Bendixen";s:17:"profile_field_ids";s:1:"1";s:8:"password";s:34:"$P$BQVdSSbCmksRakWothbAuE6nlmawba0";}');
INSERT INTO `wpla_signups` (`signup_id`, `domain`, `path`, `title`, `user_login`, `user_email`, `registered`, `activated`, `active`, `activation_key`, `meta`) VALUES ('510', '', '', '', 'JimmieNeict', '20@alviory.net', '2020-02-22 11:49:18', '0000-00-00 00:00:00', '0', 'bHVNAIanjS5mUnF3fLbfTrSuStZZwRdh', 'a:3:{s:7:"field_1";s:13:"JimmieNeictWF";s:17:"profile_field_ids";s:1:"1";s:8:"password";s:34:"$P$Bx596wo9Vjhi1ojQ5wGzkFS6E6Bogx/";}');
INSERT INTO `wpla_signups` (`signup_id`, `domain`, `path`, `title`, `user_login`, `user_email`, `registered`, `activated`, `active`, `activation_key`, `meta`) VALUES ('511', '', '', '', 'Eusebiofxhx', 'grkavxmoy@viagrabuyonlinemy.com', '2020-02-24 22:30:37', '2020-02-24 22:36:02', '1', 'NMiuHfmpwim1n6s4fDIaIVLP0gTuk2j3', 'a:3:{s:7:"field_1";s:12:"MeggannofyBM";s:17:"profile_field_ids";s:1:"1";s:8:"password";s:34:"$P$Btiz6l7n4Vy1h4gNP5N0s3qOHXROUj/";}');
INSERT INTO `wpla_signups` (`signup_id`, `domain`, `path`, `title`, `user_login`, `user_email`, `registered`, `activated`, `active`, `activation_key`, `meta`) VALUES ('512', '', '', '', 'Earleneebhq', 'vmhamlfqd@viagrabuyonlinemy.com', '2020-02-25 20:51:00', '2020-02-25 20:53:38', '1', '6sIZSFBz0C2Ud3V7nPXf6or8QnaOsEfS', 'a:3:{s:7:"field_1";s:10:"HanhttaqBM";s:17:"profile_field_ids";s:1:"1";s:8:"password";s:34:"$P$BuOjAn.NpRCGwZh9E7UuugeD0DtYGZ.";}');
INSERT INTO `wpla_signups` (`signup_id`, `domain`, `path`, `title`, `user_login`, `user_email`, `registered`, `activated`, `active`, `activation_key`, `meta`) VALUES ('513', '', '', '', 'Cindakntx', 'iumfdouya@viagrabuyonlinemy.com', '2020-02-25 21:11:11', '2020-02-25 21:14:32', '1', 'ItpGzDGZbPmYwVBBmsh63PiaEC52eqSK', 'a:3:{s:7:"field_1";s:12:"AthenaoskwBM";s:17:"profile_field_ids";s:1:"1";s:8:"password";s:34:"$P$BNe5gzguyFF94NTsPvrLgluKxDDBnS0";}');
INSERT INTO `wpla_signups` (`signup_id`, `domain`, `path`, `title`, `user_login`, `user_email`, `registered`, `activated`, `active`, `activation_key`, `meta`) VALUES ('514', '', '', '', 'Qianajhsb', 'ypdicbnwt@viagrabuyonlinemy.com', '2020-02-26 03:43:09', '2020-02-26 03:43:54', '1', 'Exia1nVNBUITMcnNoRVbwO5aZ0RrvVcg', 'a:3:{s:7:"field_1";s:12:"MyrtiskpuoBM";s:17:"profile_field_ids";s:1:"1";s:8:"password";s:34:"$P$BiTLJUM9CbsH83FE9D2aXpCUzo3MAa.";}');
INSERT INTO `wpla_signups` (`signup_id`, `domain`, `path`, `title`, `user_login`, `user_email`, `registered`, `activated`, `active`, `activation_key`, `meta`) VALUES ('515', '', '', '', 'Nenajdbl', 'yehevmnxd@viagrabuyonlinemy.com', '2020-02-26 16:46:42', '2020-02-26 16:51:49', '1', 'd0gmcg5RptZ0iuZr0LtrrAbpV8iKHnxG', 'a:3:{s:7:"field_1";s:13:"DomingorrziBM";s:17:"profile_field_ids";s:1:"1";s:8:"password";s:34:"$P$BnscwCUK4Dhe2zffPPr9IqUnJCrUrO1";}');
INSERT INTO `wpla_signups` (`signup_id`, `domain`, `path`, `title`, `user_login`, `user_email`, `registered`, `activated`, `active`, `activation_key`, `meta`) VALUES ('516', '', '', '', 'Elwoodvsmq', 'btnmoptqj@viagrabuyonlinemy.com', '2020-02-27 18:46:24', '2020-02-27 18:47:21', '1', 'wjo1098sTIQvlOTzOOjZ5xCFoRqXncvt', 'a:3:{s:7:"field_1";s:11:"AlisaqtuoBM";s:17:"profile_field_ids";s:1:"1";s:8:"password";s:34:"$P$BojBn94qc3CT5LkZ75z6DUBO1aJl8n0";}');
INSERT INTO `wpla_signups` (`signup_id`, `domain`, `path`, `title`, `user_login`, `user_email`, `registered`, `activated`, `active`, `activation_key`, `meta`) VALUES ('517', '', '', '', 'Risayqzb', 'afycquuxg@viagrabuyonlinemy.com', '2020-02-27 22:02:08', '2020-02-27 22:04:00', '1', 'sl8eoUUSjdOzT1XrdHJEfR1gBh9S3aHq', 'a:3:{s:7:"field_1";s:10:"ElkeucboBM";s:17:"profile_field_ids";s:1:"1";s:8:"password";s:34:"$P$BVJ6XU72nTiWSeCjkIprOKokZwDxXs/";}');
INSERT INTO `wpla_signups` (`signup_id`, `domain`, `path`, `title`, `user_login`, `user_email`, `registered`, `activated`, `active`, `activation_key`, `meta`) VALUES ('518', '', '', '', 'SteveRenda', 'colinwood54@yandex.com', '2020-02-28 03:19:05', '2020-02-28 04:15:44', '1', 'zOQRhrdOTsmvb1R175zSiDk4eerHhYrH', 'a:3:{s:7:"field_1";s:12:"SteveRendaLZ";s:17:"profile_field_ids";s:1:"1";s:8:"password";s:34:"$P$BJKCb..KzLZ6p3tRftAwn73Nr6HHnn1";}');
INSERT INTO `wpla_signups` (`signup_id`, `domain`, `path`, `title`, `user_login`, `user_email`, `registered`, `activated`, `active`, `activation_key`, `meta`) VALUES ('519', '', '', '', 'KennethFEs', 'maidsnyc@yandex.com', '2020-03-02 03:05:43', '2020-03-02 04:47:19', '1', 's1gsH502jZZ35j2zthQWFJwQaEA9B1Yb', 'a:3:{s:7:"field_1";s:12:"KennethFEsQT";s:17:"profile_field_ids";s:1:"1";s:8:"password";s:34:"$P$BEqmKZ2DxEVagWYenq/GymWQ9pAYVA1";}');
INSERT INTO `wpla_signups` (`signup_id`, `domain`, `path`, `title`, `user_login`, `user_email`, `registered`, `activated`, `active`, `activation_key`, `meta`) VALUES ('520', '', '', '', 'Jamesfus', 'cortesges@gmail.com', '2020-03-02 07:23:08', '2020-03-02 07:32:53', '1', 'qvHKyrKP1nM5HKcT7H2Y4nviELa7phbq', 'a:3:{s:7:"field_1";s:10:"JamesfusAZ";s:17:"profile_field_ids";s:1:"1";s:8:"password";s:34:"$P$Be8OjJZ61estmtBcTJGJmxG.qO9/GV1";}');
INSERT INTO `wpla_signups` (`signup_id`, `domain`, `path`, `title`, `user_login`, `user_email`, `registered`, `activated`, `active`, `activation_key`, `meta`) VALUES ('521', '', '', '', 'bvtvvzle', 'tdyhqvtnc@propeciat.com', '2020-03-04 18:15:51', '2020-03-04 22:58:13', '1', 'tqEhVA4GoLDBcQAcyyjjC7oSLma3nRDh', 'a:3:{s:7:"field_1";s:10:"krrpjqenLN";s:17:"profile_field_ids";s:1:"1";s:8:"password";s:34:"$P$BUryLjdElS/6uDlV0FDggeZXhnymbE0";}');
INSERT INTO `wpla_signups` (`signup_id`, `domain`, `path`, `title`, `user_login`, `user_email`, `registered`, `activated`, `active`, `activation_key`, `meta`) VALUES ('522', '', '', '', 'ycepahux', '22873Rusk@enmencub.info', '2020-03-06 04:38:26', '0000-00-00 00:00:00', '0', 's9bcc8Bpc8mRjddrBhkw76dSYVnMVD73', 'a:2:{s:17:"profile_field_ids";s:8:"ycepahux";s:8:"password";s:34:"$P$B3j.z7CWl3j9jWhYB1jnh8VegPXviR.";}');
INSERT INTO `wpla_signups` (`signup_id`, `domain`, `path`, `title`, `user_login`, `user_email`, `registered`, `activated`, `active`, `activation_key`, `meta`) VALUES ('523', '', '', '', 'jjwzpeup', 'polwhviqx@propeciat.com', '2020-03-06 13:46:08', '0000-00-00 00:00:00', '0', 'Q4NTZ7j1Ugm5czGp7pMuQRuQBpdCHjTd', 'a:3:{s:7:"field_1";s:10:"iwcimaqdLN";s:17:"profile_field_ids";s:1:"1";s:8:"password";s:34:"$P$BoYYyRvyo5061DRjhOb11U4nYF5UHy0";}');
INSERT INTO `wpla_signups` (`signup_id`, `domain`, `path`, `title`, `user_login`, `user_email`, `registered`, `activated`, `active`, `activation_key`, `meta`) VALUES ('524', '', '', '', 'opalshackell3', 'antavesntc3@rambler.ru', '2020-03-09 00:48:18', '0000-00-00 00:00:00', '0', 'e4OqryDu41n1dpdrK5XrJu0Qwoj9V5wN', 'a:3:{s:7:"field_1";s:13:"Opal Shackell";s:17:"profile_field_ids";s:1:"1";s:8:"password";s:34:"$P$BpPFaCmaIgyeIEUr2TBrACQBwpvyVv0";}');
INSERT INTO `wpla_signups` (`signup_id`, `domain`, `path`, `title`, `user_login`, `user_email`, `registered`, `activated`, `active`, `activation_key`, `meta`) VALUES ('525', '', '', '', 'EugenejuS', 'mpaqndzo@krystinvalevo.online', '2020-03-10 00:31:29', '2020-03-10 00:34:12', '1', 'iDjCMkF4j9zte9ENoFfXYFUYWGcDgzNj', 'a:3:{s:7:"field_1";s:11:"EugenejuSMF";s:17:"profile_field_ids";s:1:"1";s:8:"password";s:34:"$P$BrkwcgloLF1CGCK7zq6C7DKMThhtuj.";}');
INSERT INTO `wpla_signups` (`signup_id`, `domain`, `path`, `title`, `user_login`, `user_email`, `registered`, `activated`, `active`, `activation_key`, `meta`) VALUES ('526', '', '', '', 'WojtekShemn', 'ciomilcamul1980@mail.ru', '2020-03-13 05:36:41', '0000-00-00 00:00:00', '0', 'iIT0LJxi6ciR0SkZ4QvkdjZXcFEVuM99', 'a:3:{s:7:"field_1";s:13:"WojtekShemnIH";s:17:"profile_field_ids";s:1:"1";s:8:"password";s:34:"$P$BdgkBa/EqRHKyPXq46wLLBAFZU7sly/";}');
INSERT INTO `wpla_signups` (`signup_id`, `domain`, `path`, `title`, `user_login`, `user_email`, `registered`, `activated`, `active`, `activation_key`, `meta`) VALUES ('527', '', '', '', 'BrentKab', 'rishat.kuleshov.90@mail.ru', '2020-03-17 10:06:01', '2020-03-17 10:10:10', '1', 'TeXcrt3n1gmwoLL0A8rG1BVar9rjq1xI', 'a:3:{s:7:"field_1";s:10:"BrentKabPO";s:17:"profile_field_ids";s:1:"1";s:8:"password";s:34:"$P$BrFvQ3urta5xvPvT1eefkClhw8INTX0";}');
INSERT INTO `wpla_signups` (`signup_id`, `domain`, `path`, `title`, `user_login`, `user_email`, `registered`, `activated`, `active`, `activation_key`, `meta`) VALUES ('528', '', '', '', 'BrianCab', 'myoefuqa@syminotrowiecky.online', '2020-03-18 17:24:25', '2020-03-18 17:28:50', '1', 'p8ZejZ5OEWXpCAHnNCaWzJ0E1Iil3pGf', 'a:3:{s:7:"field_1";s:10:"BrianCabID";s:17:"profile_field_ids";s:1:"1";s:8:"password";s:34:"$P$Blswlk902hevtYG9bTyEHkdPmvU6yL1";}');
INSERT INTO `wpla_signups` (`signup_id`, `domain`, `path`, `title`, `user_login`, `user_email`, `registered`, `activated`, `active`, `activation_key`, `meta`) VALUES ('529', '', '', '', 'COVID2019Unjup', 'korona@mailfree.co.pl', '2020-03-23 21:28:34', '2020-03-23 21:33:40', '1', 'rGikyeSgfwLGkm1dBSI5d8XZ3Kbdx8K3', 'a:3:{s:7:"field_1";s:16:"COVID2019UnjupNO";s:17:"profile_field_ids";s:1:"1";s:8:"password";s:34:"$P$BYCCB4M.CcAVIJyxRi6blRwX2CUxdz0";}');
INSERT INTO `wpla_signups` (`signup_id`, `domain`, `path`, `title`, `user_login`, `user_email`, `registered`, `activated`, `active`, `activation_key`, `meta`) VALUES ('530', '', '', '', 'Errylessacruino', 'stkt@uvedifuciq.host', '2020-03-26 04:36:35', '2020-03-26 04:42:05', '1', 'lJaSEc28VwAzsUDwm6VRCIxAk7DqWF0c', 'a:3:{s:7:"field_1";s:15:"Errylessacruino";s:17:"profile_field_ids";s:1:"1";s:8:"password";s:34:"$P$BzBam0I46HMf5ESfT8bgmib016IsKU1";}');
INSERT INTO `wpla_signups` (`signup_id`, `domain`, `path`, `title`, `user_login`, `user_email`, `registered`, `activated`, `active`, `activation_key`, `meta`) VALUES ('531', '', '', '', 'Richardalief', 'looloo@paklogo.ru', '2020-03-27 03:19:32', '2020-03-27 03:51:38', '1', 'MQHJj6jmvpVR9UD67ckNcd4AdDUPj03u', 'a:3:{s:7:"field_1";s:14:"RichardaliefVJ";s:17:"profile_field_ids";s:1:"1";s:8:"password";s:34:"$P$BDlY.rqYy1x7dueTyMjnRpHHS35sPT/";}');
INSERT INTO `wpla_signups` (`signup_id`, `domain`, `path`, `title`, `user_login`, `user_email`, `registered`, `activated`, `active`, `activation_key`, `meta`) VALUES ('532', '', '', '', 'Floydbaw', 'popovantonyruv@mail.ru', '2020-03-27 15:55:48', '0000-00-00 00:00:00', '0', 'YnHEcwEITAfezmFZrWUZGmFib0yFmi7c', 'a:3:{s:7:"field_1";s:10:"FloydbawKI";s:17:"profile_field_ids";s:1:"1";s:8:"password";s:34:"$P$BKeObrDen9./an3JcvNtEdnIBjyt1L0";}');
INSERT INTO `wpla_signups` (`signup_id`, `domain`, `path`, `title`, `user_login`, `user_email`, `registered`, `activated`, `active`, `activation_key`, `meta`) VALUES ('533', '', '', '', 'Thomasnar', 'novikovmikhailoalc@mail.ru', '2020-03-27 15:55:50', '0000-00-00 00:00:00', '0', 'dnzC6QhbcbL9TBM3PUEgtCwu2TaUJiz9', 'a:3:{s:7:"field_1";s:11:"ThomasnarUR";s:17:"profile_field_ids";s:1:"1";s:8:"password";s:34:"$P$Bjvwradv1rPTEyziiK.omnnislgeEE1";}');
INSERT INTO `wpla_signups` (`signup_id`, `domain`, `path`, `title`, `user_login`, `user_email`, `registered`, `activated`, `active`, `activation_key`, `meta`) VALUES ('534', '', '', '', 'malhfyij', 'asdasdcxvbasdfail@gmail.com', '2020-03-29 11:27:58', '0000-00-00 00:00:00', '0', 'uUcvH5NJql5OMNx0S8LD5DP1MoVzU95x', 'a:3:{s:7:"field_1";s:10:"nkvbuxtoSA";s:17:"profile_field_ids";s:1:"1";s:8:"password";s:34:"$P$BYyFuqZ0oz9rYvHS18bV3yxLMNewMJ.";}');
INSERT INTO `wpla_signups` (`signup_id`, `domain`, `path`, `title`, `user_login`, `user_email`, `registered`, `activated`, `active`, `activation_key`, `meta`) VALUES ('535', '', '', '', 'labedroomMob', 'averba@seoturbina.ru', '2020-03-31 11:36:44', '2020-03-31 11:54:39', '1', 'FQ98AKQhLwVtJdVmm48NWvw3I4IgAKGu', 'a:3:{s:7:"field_1";s:14:"labedroomMobBS";s:17:"profile_field_ids";s:1:"1";s:8:"password";s:34:"$P$B5LPYHPUu2m9NrUSZpT.pQIVWLKYHf0";}');
INSERT INTO `wpla_signups` (`signup_id`, `domain`, `path`, `title`, `user_login`, `user_email`, `registered`, `activated`, `active`, `activation_key`, `meta`) VALUES ('536', '', '', '', 'novoelecVaw', 'aerofeev8667@mail.ru', '2020-03-31 21:01:03', '0000-00-00 00:00:00', '0', 'QYHNRfg3G8hzIrhiN8el9R258gkh2pdr', 'a:3:{s:7:"field_1";s:13:"novoelecVawXJ";s:17:"profile_field_ids";s:1:"1";s:8:"password";s:34:"$P$BhO.9jjentQBu4fiKNH2XR8mcrqPwA0";}');
INSERT INTO `wpla_signups` (`signup_id`, `domain`, `path`, `title`, `user_login`, `user_email`, `registered`, `activated`, `active`, `activation_key`, `meta`) VALUES ('537', '', '', '', 'vidosonPof', 'ibaranov2733@mail.ru', '2020-03-31 23:37:18', '0000-00-00 00:00:00', '0', '0nM0OQjmID1S3ATcI8vxXhaCHBjOg843', 'a:3:{s:7:"field_1";s:12:"vidosonPofIJ";s:17:"profile_field_ids";s:1:"1";s:8:"password";s:34:"$P$Bd3iKwWP37.hpOP2lXGrRGsppLIPhT1";}');
INSERT INTO `wpla_signups` (`signup_id`, `domain`, `path`, `title`, `user_login`, `user_email`, `registered`, `activated`, `active`, `activation_key`, `meta`) VALUES ('538', '', '', '', 'mzyiptmr', 'negzykroh@canadian-pharmacyka.com', '2020-04-03 07:04:04', '0000-00-00 00:00:00', '0', '0IZjEgM1MnrSBnBev8AA4QxluUb0agLs', 'a:3:{s:7:"field_1";s:10:"sbhaeczrLN";s:17:"profile_field_ids";s:1:"1";s:8:"password";s:34:"$P$BU3jagnYNKQJIypd5J05UstW8J9b1L/";}');
INSERT INTO `wpla_signups` (`signup_id`, `domain`, `path`, `title`, `user_login`, `user_email`, `registered`, `activated`, `active`, `activation_key`, `meta`) VALUES ('539', '', '', '', 'lumwpbiw', 'yfepbgvup@onlineus.biz', '2020-04-04 19:27:59', '2020-04-05 05:14:57', '1', '4KlzDM9GV1f2wb8vhyvjQrPbRP8HnEjv', 'a:3:{s:7:"field_1";s:10:"motqocgmLN";s:17:"profile_field_ids";s:1:"1";s:8:"password";s:34:"$P$BLPFaRJJtfWRbeb..iZycmAV23nRv7.";}');
INSERT INTO `wpla_signups` (`signup_id`, `domain`, `path`, `title`, `user_login`, `user_email`, `registered`, `activated`, `active`, `activation_key`, `meta`) VALUES ('540', '', '', '', 'Atfeuo', 'mgu8r@gmail.com', '2020-04-05 12:03:56', '0000-00-00 00:00:00', '0', '4uNkJGtmber404fy5Ap3b3Y70HHsVqzB', 'a:3:{s:7:"field_1";s:8:"KfvxgeCN";s:17:"profile_field_ids";s:1:"1";s:8:"password";s:34:"$P$BeYmROmdX0gVDJmfFDNRahuzP1esm2.";}');
INSERT INTO `wpla_signups` (`signup_id`, `domain`, `path`, `title`, `user_login`, `user_email`, `registered`, `activated`, `active`, `activation_key`, `meta`) VALUES ('541', '', '', '', 'GTA5Mankax', 'ljisad82@red2.mobi', '2020-04-06 09:46:19', '2020-04-06 09:51:00', '1', 'KkmEumMgCWoPeHL1wrgeseTckSC3rySz', 'a:3:{s:7:"field_1";s:12:"GTA5MankaxRC";s:17:"profile_field_ids";s:1:"1";s:8:"password";s:34:"$P$BMfgH9hkRCFDV8N5PV0NrIhmEVs1HK1";}');
INSERT INTO `wpla_signups` (`signup_id`, `domain`, `path`, `title`, `user_login`, `user_email`, `registered`, `activated`, `active`, `activation_key`, `meta`) VALUES ('542', '', '', '', 'Rusatip', 'brauerhalsey84@gmail.com', '2020-04-06 23:59:07', '2020-04-07 00:09:28', '1', 'ehYnzTHiEiRobUHNBl6ZLUn4DDhRqlof', 'a:3:{s:7:"field_1";s:9:"RusatipHO";s:17:"profile_field_ids";s:1:"1";s:8:"password";s:34:"$P$BkVPJ9fr1svzuVR1x7sb4POJRqsndo1";}');
INSERT INTO `wpla_signups` (`signup_id`, `domain`, `path`, `title`, `user_login`, `user_email`, `registered`, `activated`, `active`, `activation_key`, `meta`) VALUES ('543', '', '', '', 'levitradeliveredp5', 'iyvdg@gmail.com', '2020-04-07 00:19:02', '0000-00-00 00:00:00', '0', 'QkBijmEXtSS3RY5HevTNoplny49uMAXv', 'a:3:{s:7:"field_1";s:15:"best viagra rjA";s:17:"profile_field_ids";s:1:"1";s:8:"password";s:34:"$P$BxJ2E.MrxZMwzochbiL9I9MCWciC.Q.";}');
INSERT INTO `wpla_signups` (`signup_id`, `domain`, `path`, `title`, `user_login`, `user_email`, `registered`, `activated`, `active`, `activation_key`, `meta`) VALUES ('544', '', '', '', '5mglevitrae3', 'um838@gmail.com', '2020-04-07 06:46:10', '0000-00-00 00:00:00', '0', 'NmOrbAruiakvIQNDHYG3p3V4dvxYaQGK', 'a:3:{s:7:"field_1";s:16:"cialis store pbA";s:17:"profile_field_ids";s:1:"1";s:8:"password";s:34:"$P$BQPABDgYOjXeiuh/dp0aGjP4Rh9WiU.";}');
INSERT INTO `wpla_signups` (`signup_id`, `domain`, `path`, `title`, `user_login`, `user_email`, `registered`, `activated`, `active`, `activation_key`, `meta`) VALUES ('545', '', '', '', 'levitraprofessionalfy', 'ujpu9@gmail.com', '2020-04-07 13:36:48', '0000-00-00 00:00:00', '0', 'Hy8ZfuL0XdoLPTQyWrCPORwjAU126uPE', 'a:3:{s:7:"field_1";s:14:"get viagra xjA";s:17:"profile_field_ids";s:1:"1";s:8:"password";s:34:"$P$B5WkXfuyMtR7hf4Qg316astG57zwPt1";}');
INSERT INTO `wpla_signups` (`signup_id`, `domain`, `path`, `title`, `user_login`, `user_email`, `registered`, `activated`, `active`, `activation_key`, `meta`) VALUES ('546', '', '', '', 'cialisstoretx', 'g7rzt@gmail.com', '2020-04-07 20:59:44', '0000-00-00 00:00:00', '0', 'dijpNa57Y5gVZcNplQcXcU7hO7pqCFyU', 'a:3:{s:7:"field_1";s:14:"buy viagra ehA";s:17:"profile_field_ids";s:1:"1";s:8:"password";s:34:"$P$B2pIUB8YVTOL/MT9hBUj5..COECKWP0";}');
INSERT INTO `wpla_signups` (`signup_id`, `domain`, `path`, `title`, `user_login`, `user_email`, `registered`, `activated`, `active`, `activation_key`, `meta`) VALUES ('547', '', '', '', 'takeviagraut', 'fdb8d@gmail.com', '2020-04-08 03:24:47', '0000-00-00 00:00:00', '0', '8ctogaXkduZlQs7Msgo5lADP3ThOREGj', 'a:3:{s:7:"field_1";s:15:"viagra side eiA";s:17:"profile_field_ids";s:1:"1";s:8:"password";s:34:"$P$BSXXy3HTquMEjPAU/6WPIPl4StnjOD/";}');
INSERT INTO `wpla_signups` (`signup_id`, `domain`, `path`, `title`, `user_login`, `user_email`, `registered`, `activated`, `active`, `activation_key`, `meta`) VALUES ('548', '', '', '', 'usalevitraxa', '91pa3@gmail.com', '2020-04-08 10:41:57', '0000-00-00 00:00:00', '0', 'rfCzcQeFx9Bhw4nUBhyhS5s6LghNkOmk', 'a:3:{s:7:"field_1";s:15:"levitra now jkA";s:17:"profile_field_ids";s:1:"1";s:8:"password";s:34:"$P$B0M.7ByOXj7k/D7N6swzJtYdwwntWj1";}');
INSERT INTO `wpla_signups` (`signup_id`, `domain`, `path`, `title`, `user_login`, `user_email`, `registered`, `activated`, `active`, `activation_key`, `meta`) VALUES ('549', '', '', '', 'cialisprofessionala1', 'wefwn@gmail.com', '2020-04-08 18:06:13', '0000-00-00 00:00:00', '0', '5MNlw572zPg3JuPueAhO5oTbOEqCuR2r', 'a:3:{s:7:"field_1";s:17:"sales levitra mzA";s:17:"profile_field_ids";s:1:"1";s:8:"password";s:34:"$P$BMG4mLYBHQM2rnHeNJ76T0rqJItQT7.";}');
INSERT INTO `wpla_signups` (`signup_id`, `domain`, `path`, `title`, `user_login`, `user_email`, `registered`, `activated`, `active`, `activation_key`, `meta`) VALUES ('550', '', '', '', 'cialisusarb', 'hxgq6@gmail.com', '2020-04-09 01:16:26', '0000-00-00 00:00:00', '0', 'hRI81FimC1WKFc3CzhCz0YEEhuDoltYi', 'a:3:{s:7:"field_1";s:21:"levitra overnight jxA";s:17:"profile_field_ids";s:1:"1";s:8:"password";s:34:"$P$B/msQAWYFkRs636IH5BeWlIOs6vUDC0";}');
INSERT INTO `wpla_signups` (`signup_id`, `domain`, `path`, `title`, `user_login`, `user_email`, `registered`, `activated`, `active`, `activation_key`, `meta`) VALUES ('551', '', '', '', 'cialisgenericgu', '54nu7@gmail.com', '2020-04-09 08:51:15', '0000-00-00 00:00:00', '0', 'ded7K2wNDz5AqQuIlvLv9ZBxLIOzK3Bz', 'a:3:{s:7:"field_1";s:19:"levitra generic wfA";s:17:"profile_field_ids";s:1:"1";s:8:"password";s:34:"$P$BFGPaYYEx.MMD9GKImaiLR0cM32ZqE0";}');
INSERT INTO `wpla_signups` (`signup_id`, `domain`, `path`, `title`, `user_login`, `user_email`, `registered`, `activated`, `active`, `activation_key`, `meta`) VALUES ('552', '', '', '', 'cialisstorez6', '5u10i@gmail.com', '2020-04-09 16:22:44', '0000-00-00 00:00:00', '0', '1vxGGSY9AmdNdA7xRnnLVIhgyaga4NWP', 'a:3:{s:7:"field_1";s:13:"viagra rx kuA";s:17:"profile_field_ids";s:1:"1";s:8:"password";s:34:"$P$BtgxKZ6TxR7a4me3NFUsB4pEbBy2Od.";}');
INSERT INTO `wpla_signups` (`signup_id`, `domain`, `path`, `title`, `user_login`, `user_email`, `registered`, `activated`, `active`, `activation_key`, `meta`) VALUES ('553', '', '', '', 'brandedlevitrapi', '1jdcw@gmail.com', '2020-04-09 23:25:30', '0000-00-00 00:00:00', '0', 'mhOLWwtUtOUfwFhpEgOJ7HoBRD7roXsr', 'a:3:{s:7:"field_1";s:16:"sales cialis onA";s:17:"profile_field_ids";s:1:"1";s:8:"password";s:34:"$P$BhUU1ezj3I2QUFMcKxzFE2RTmZJubb/";}');
INSERT INTO `wpla_signups` (`signup_id`, `domain`, `path`, `title`, `user_login`, `user_email`, `registered`, `activated`, `active`, `activation_key`, `meta`) VALUES ('554', '', '', '', 'JamieVow', 'jamiekat@mailfree.monster', '2020-04-10 03:34:29', '2020-04-10 03:42:54', '1', 'eihBudK6N4knksgNI7k3TLEnAZ0lazCp', 'a:3:{s:7:"field_1";s:10:"JamieVowDE";s:17:"profile_field_ids";s:1:"1";s:8:"password";s:34:"$P$B5vs0MizePshC4yCmoP1wFfg7kVSSH.";}');
INSERT INTO `wpla_signups` (`signup_id`, `domain`, `path`, `title`, `user_login`, `user_email`, `registered`, `activated`, `active`, `activation_key`, `meta`) VALUES ('555', '', '', '', 'brandcialisvh', 'x7s66@gmail.com', '2020-04-10 06:23:16', '0000-00-00 00:00:00', '0', 'TRimQ16LjAE3wSB9bFuwOyM8hnLbbj9o', 'a:3:{s:7:"field_1";s:15:"levitra now flA";s:17:"profile_field_ids";s:1:"1";s:8:"password";s:34:"$P$Bl3EQqxcdcfdClGtXyY6TezQLfzK7j/";}');
INSERT INTO `wpla_signups` (`signup_id`, `domain`, `path`, `title`, `user_login`, `user_email`, `registered`, `activated`, `active`, `activation_key`, `meta`) VALUES ('556', '', '', '', 'jeor46', 'ssrqbo@yahoo.com', '2020-04-10 13:02:27', '0000-00-00 00:00:00', '0', 'pC23LDlyXdou7MkwsdeYh22XGwwaLa98', 'a:3:{s:7:"field_1";s:8:"ntznagSP";s:17:"profile_field_ids";s:1:"1";s:8:"password";s:34:"$P$Bwul3mkVXKfKeI4SL7rxYgcPRRInuk0";}');
INSERT INTO `wpla_signups` (`signup_id`, `domain`, `path`, `title`, `user_login`, `user_email`, `registered`, `activated`, `active`, `activation_key`, `meta`) VALUES ('557', '', '', '', 'mailcialisyq', 'pqtel@gmail.com', '2020-04-10 13:55:40', '0000-00-00 00:00:00', '0', 'Nohm0rc0HgMaXKcYr8g00dSrwyypNQ1m', 'a:3:{s:7:"field_1";s:15:"take cialis ljA";s:17:"profile_field_ids";s:1:"1";s:8:"password";s:34:"$P$B.kJBvAztQFmfmOBMcm10KQoxzSeOX.";}');
INSERT INTO `wpla_signups` (`signup_id`, `domain`, `path`, `title`, `user_login`, `user_email`, `registered`, `activated`, `active`, `activation_key`, `meta`) VALUES ('558', '', '', '', 'levitraprescriptionsq9', 'c7m9e@gmail.com', '2020-04-10 21:04:35', '0000-00-00 00:00:00', '0', 'B8WSDcyREdebkzyfqeFmWg5D7SENbIO6', 'a:3:{s:7:"field_1";s:24:"levitra prescription itA";s:17:"profile_field_ids";s:1:"1";s:8:"password";s:34:"$P$BYYl6sFMMEFfgviEh8yKNnNK0EK8MD1";}');
INSERT INTO `wpla_signups` (`signup_id`, `domain`, `path`, `title`, `user_login`, `user_email`, `registered`, `activated`, `active`, `activation_key`, `meta`) VALUES ('559', '', '', '', 'cialisreviewst6', 'g4gn7@gmail.com', '2020-04-11 03:52:50', '0000-00-00 00:00:00', '0', 'xI6EbKqHMhi60VOhNyfDpsNcvE9pE71A', 'a:3:{s:7:"field_1";s:13:"us viagra w1A";s:17:"profile_field_ids";s:1:"1";s:8:"password";s:34:"$P$Bcr94WXwDdek20cYWcUHYWVOvyTir31";}');
INSERT INTO `wpla_signups` (`signup_id`, `domain`, `path`, `title`, `user_login`, `user_email`, `registered`, `activated`, `active`, `activation_key`, `meta`) VALUES ('560', '', '', '', 'cialisonlineyj', 'ymf9a@gmail.com', '2020-04-11 10:43:01', '0000-00-00 00:00:00', '0', 'eCJMd9zksfKKoSZmXVoU1LHz1hbxstxN', 'a:3:{s:7:"field_1";s:16:"cheap cialis xvA";s:17:"profile_field_ids";s:1:"1";s:8:"password";s:34:"$P$BxcNOob/F49jGtCDIqj/szRjy8HzoT1";}');
INSERT INTO `wpla_signups` (`signup_id`, `domain`, `path`, `title`, `user_login`, `user_email`, `registered`, `activated`, `active`, `activation_key`, `meta`) VALUES ('561', '', '', '', 'viagragenericnh', 'h83tu@gmail.com', '2020-04-11 18:07:33', '0000-00-00 00:00:00', '0', 'WfqQRj3TvcbSvt0WTppynFSFVCKPKk37', 'a:3:{s:7:"field_1";s:20:"cialis delivered alA";s:17:"profile_field_ids";s:1:"1";s:8:"password";s:34:"$P$BnPtZhlNL/9PofKUg1jseMCwt9.PAg/";}');
INSERT INTO `wpla_signups` (`signup_id`, `domain`, `path`, `title`, `user_login`, `user_email`, `registered`, `activated`, `active`, `activation_key`, `meta`) VALUES ('562', '', '', '', 'cialissidej6', 'megsr@gmail.com', '2020-04-12 01:09:34', '0000-00-00 00:00:00', '0', 'qN1KX7YbrELdinkpn9S03Vrba9UyObMQ', 'a:3:{s:7:"field_1";s:16:"brand viagra tlA";s:17:"profile_field_ids";s:1:"1";s:8:"password";s:34:"$P$Bg88ER/q2Tg3L2z9ozopA4WWx8eUpr/";}');
INSERT INTO `wpla_signups` (`signup_id`, `domain`, `path`, `title`, `user_login`, `user_email`, `registered`, `activated`, `active`, `activation_key`, `meta`) VALUES ('563', '', '', '', 'Appone', 'no-reply@apistudio.ru', '2020-04-12 05:48:32', '0000-00-00 00:00:00', '0', '1sZgA3a2ThaVdMGKphfY7fDijUnLXOQt', 'a:3:{s:7:"field_1";s:8:"ApponeVQ";s:17:"profile_field_ids";s:1:"1";s:8:"password";s:34:"$P$BPpzlEpW14Hp2ilxf6u5bVemDW.2FD0";}');
INSERT INTO `wpla_signups` (`signup_id`, `domain`, `path`, `title`, `user_login`, `user_email`, `registered`, `activated`, `active`, `activation_key`, `meta`) VALUES ('564', '', '', '', 'levitraalcoholuy', 'd14w1@gmail.com', '2020-04-12 07:51:51', '0000-00-00 00:00:00', '0', 'zprUo8G8arxe7ry34m9UlBFhhbWitknn', 'a:3:{s:7:"field_1";s:19:"generic levitra cxA";s:17:"profile_field_ids";s:1:"1";s:8:"password";s:34:"$P$BfzBxYmMtvSD/aZJdLXAnb/TTd6jiD1";}');
INSERT INTO `wpla_signups` (`signup_id`, `domain`, `path`, `title`, `user_login`, `user_email`, `registered`, `activated`, `active`, `activation_key`, `meta`) VALUES ('565', '', '', '', 'viagraalcoholul', 'a174y@gmail.com', '2020-04-12 15:08:07', '0000-00-00 00:00:00', '0', '7YKpHCBDb0Fh6fhpTrPaGVQgcNf69psq', 'a:3:{s:7:"field_1";s:15:"levitra buy ofA";s:17:"profile_field_ids";s:1:"1";s:8:"password";s:34:"$P$BlbhM/yR2vvPVvWWfsBPQAYdR8KqPQ/";}');
INSERT INTO `wpla_signups` (`signup_id`, `domain`, `path`, `title`, `user_login`, `user_email`, `registered`, `activated`, `active`, `activation_key`, `meta`) VALUES ('566', '', '', '', 'sadogrcawib', 'yubelkin3495@mail.ru', '2020-04-12 16:28:11', '0000-00-00 00:00:00', '0', '0r28FYgf0SdmcMxPVrVobGtbGUCtQW6p', 'a:3:{s:7:"field_1";s:13:"sadogrcawibUO";s:17:"profile_field_ids";s:1:"1";s:8:"password";s:34:"$P$BaOYnFZVXSQcdwsYzlh65TP1MLElQc/";}');
INSERT INTO `wpla_signups` (`signup_id`, `domain`, `path`, `title`, `user_login`, `user_email`, `registered`, `activated`, `active`, `activation_key`, `meta`) VALUES ('567', '', '', '', 'prokatNoR', 'vtolkachev7184@mail.ru', '2020-04-12 19:38:45', '0000-00-00 00:00:00', '0', 'OwpjALCSDYLKxEuuKG9dUkd1daK55cr7', 'a:3:{s:7:"field_1";s:11:"prokatNoRZB";s:17:"profile_field_ids";s:1:"1";s:8:"password";s:34:"$P$BHhp/fND3gEI0AhP2/7ZK8KPkzja2L1";}');
INSERT INTO `wpla_signups` (`signup_id`, `domain`, `path`, `title`, `user_login`, `user_email`, `registered`, `activated`, `active`, `activation_key`, `meta`) VALUES ('568', '', '', '', 'costlevitrats', 'y5253@gmail.com', '2020-04-12 22:16:08', '0000-00-00 00:00:00', '0', 'qcSXHa8s2hopORH3tM9vA2GR6ntUf0dY', 'a:3:{s:7:"field_1";s:16:"brand cialis mpA";s:17:"profile_field_ids";s:1:"1";s:8:"password";s:34:"$P$B5LM/uijm7PB01bPIRDpxOgxK9ZoY71";}');
INSERT INTO `wpla_signups` (`signup_id`, `domain`, `path`, `title`, `user_login`, `user_email`, `registered`, `activated`, `active`, `activation_key`, `meta`) VALUES ('569', '', '', '', 'viagradelivereda8', '3rl25@gmail.com', '2020-04-13 04:59:19', '0000-00-00 00:00:00', '0', '8M215UDtappE4wnknp9fWp747DGBZnKm', 'a:3:{s:7:"field_1";s:15:"viagra once kzA";s:17:"profile_field_ids";s:1:"1";s:8:"password";s:34:"$P$BJ2wdSi0ga4gtmXIeRj.Tvh9SUcUTG0";}');
INSERT INTO `wpla_signups` (`signup_id`, `domain`, `path`, `title`, `user_login`, `user_email`, `registered`, `activated`, `active`, `activation_key`, `meta`) VALUES ('570', '', '', '', 'cialisstoren8', '5exjm@gmail.com', '2020-04-13 12:15:22', '0000-00-00 00:00:00', '0', 'rRE0lNcBY8PA1RmVaQg79y5ulQDd0iG5', 'a:3:{s:7:"field_1";s:16:"cost levitra taA";s:17:"profile_field_ids";s:1:"1";s:8:"password";s:34:"$P$BsWl4dqaag7qa6PbiVieFyj0vCmIiQ0";}');
INSERT INTO `wpla_signups` (`signup_id`, `domain`, `path`, `title`, `user_login`, `user_email`, `registered`, `activated`, `active`, `activation_key`, `meta`) VALUES ('571', '', '', '', 'levitrafreeb9', '5yg0t@gmail.com', '2020-04-13 20:28:14', '0000-00-00 00:00:00', '0', 'ZeSOPuriPB6F9lsFW7RSgQTA13qQXBkP', 'a:3:{s:7:"field_1";s:15:"viagra sale kwA";s:17:"profile_field_ids";s:1:"1";s:8:"password";s:34:"$P$BnYURpKHJLx/8BVAEqsHl09525HLvk.";}');
INSERT INTO `wpla_signups` (`signup_id`, `domain`, `path`, `title`, `user_login`, `user_email`, `registered`, `activated`, `active`, `activation_key`, `meta`) VALUES ('572', '', '', '', 'viagracouponst', 'nhbzu@gmail.com', '2020-04-14 03:05:32', '0000-00-00 00:00:00', '0', 'SY0c8CgNA1kU7VOzXeuWYoY5uSIDAJfs', 'a:3:{s:7:"field_1";s:16:"cialis store v2A";s:17:"profile_field_ids";s:1:"1";s:8:"password";s:34:"$P$BeMw9jdDStW427ZUTmJCzDtrXILFz10";}');
INSERT INTO `wpla_signups` (`signup_id`, `domain`, `path`, `title`, `user_login`, `user_email`, `registered`, `activated`, `active`, `activation_key`, `meta`) VALUES ('573', '', '', '', 'viagracanadamb', 'copie@gmail.com', '2020-04-14 10:11:10', '0000-00-00 00:00:00', '0', '4q6adXBFtknONKDWJIrH0jUoLVnnMyEK', 'a:3:{s:7:"field_1";s:15:"free viagra kaA";s:17:"profile_field_ids";s:1:"1";s:8:"password";s:34:"$P$BNI2iDlr9XywMJHQ6sMCCF4a7SFmgp1";}');
INSERT INTO `wpla_signups` (`signup_id`, `domain`, `path`, `title`, `user_login`, `user_email`, `registered`, `activated`, `active`, `activation_key`, `meta`) VALUES ('574', '', '', '', 'popacPrume', 'sshevcov9340@mail.ru', '2020-04-14 16:27:29', '0000-00-00 00:00:00', '0', 'E3VFYsjcfhMwYzpVtdcBwkiipmWqMpAp', 'a:3:{s:7:"field_1";s:12:"popacPrumeZG";s:17:"profile_field_ids";s:1:"1";s:8:"password";s:34:"$P$B3w1LlcDEQdm2cEcJugY.WmAskp.iF.";}');
INSERT INTO `wpla_signups` (`signup_id`, `domain`, `path`, `title`, `user_login`, `user_email`, `registered`, `activated`, `active`, `activation_key`, `meta`) VALUES ('575', '', '', '', 'MatthewGum', 'novostroyka63@renovation-manhattan.com', '2020-04-14 16:35:24', '2020-04-14 17:42:30', '1', 'SmTDefGwwNNCPloYCfjjwXTeU3qMd233', 'a:3:{s:7:"field_1";s:12:"MatthewGumDY";s:17:"profile_field_ids";s:1:"1";s:8:"password";s:34:"$P$BBUEgMA1wjkGpb/EAbfW5P557rE7Gw1";}');
INSERT INTO `wpla_signups` (`signup_id`, `domain`, `path`, `title`, `user_login`, `user_email`, `registered`, `activated`, `active`, `activation_key`, `meta`) VALUES ('576', '', '', '', 'saleviagraso', '666nm@gmail.com', '2020-04-14 17:38:52', '0000-00-00 00:00:00', '0', 'sFqBBXmsPePvQ0EySTu2HQqs1VP6T5JH', 'a:3:{s:7:"field_1";s:20:"viagra overnight b2A";s:17:"profile_field_ids";s:1:"1";s:8:"password";s:34:"$P$BROgVWLx5tgC3QP1pqrHNsLD8pBcuD/";}');
INSERT INTO `wpla_signups` (`signup_id`, `domain`, `path`, `title`, `user_login`, `user_email`, `registered`, `activated`, `active`, `activation_key`, `meta`) VALUES ('577', '', '', '', 'buylevitraok', 'mtry8@gmail.com', '2020-04-15 00:35:05', '0000-00-00 00:00:00', '0', 'Xnv88vJqOxEd0F0foz76xZ6WTrh4LxOO', 'a:3:{s:7:"field_1";s:20:"levitra discount sbA";s:17:"profile_field_ids";s:1:"1";s:8:"password";s:34:"$P$BMFpqwckq7FFW70rw/g0DQk21pT5z//";}');
INSERT INTO `wpla_signups` (`signup_id`, `domain`, `path`, `title`, `user_login`, `user_email`, `registered`, `activated`, `active`, `activation_key`, `meta`) VALUES ('578', '', '', '', 'uscialisia', 'nqxvg@gmail.com', '2020-04-15 07:33:21', '0000-00-00 00:00:00', '0', 'KHO22W56IYZRH9jeX9xDWEahFFDWiDXZ', 'a:3:{s:7:"field_1";s:17:"cialis coupon yjA";s:17:"profile_field_ids";s:1:"1";s:8:"password";s:34:"$P$BSIpLk5Tgg8pGfeh6FODF/.cMsqoUL/";}');
INSERT INTO `wpla_signups` (`signup_id`, `domain`, `path`, `title`, `user_login`, `user_email`, `registered`, `activated`, `active`, `activation_key`, `meta`) VALUES ('579', '', '', '', 'cialispfizeryf', 'go8qo@gmail.com', '2020-04-15 15:06:20', '0000-00-00 00:00:00', '0', '8UtPptBhHVezwfpqafUf3zyqWlOgUbbg', 'a:3:{s:7:"field_1";s:21:"levitra overnight khA";s:17:"profile_field_ids";s:1:"1";s:8:"password";s:34:"$P$BoQgDcl.kccB53DBWKzdptVIDXBXhO0";}');
INSERT INTO `wpla_signups` (`signup_id`, `domain`, `path`, `title`, `user_login`, `user_email`, `registered`, `activated`, `active`, `activation_key`, `meta`) VALUES ('580', '', '', '', 'cialis5mg', 'v0viv@gmail.com', '2020-04-20 18:51:34', '0000-00-00 00:00:00', '0', 'kc1rDGc3Esz3dakGAimcPW2rg0qdzUVu', 'a:3:{s:7:"field_1";s:21:"cialis professionalVG";s:17:"profile_field_ids";s:1:"1";s:8:"password";s:34:"$P$BIVEnlEWPZl93gbBQ9vY9HBpXvQpei/";}');
INSERT INTO `wpla_signups` (`signup_id`, `domain`, `path`, `title`, `user_login`, `user_email`, `registered`, `activated`, `active`, `activation_key`, `meta`) VALUES ('581', '', '', '', 'Skylerquito', 'JessicaGriex@writeessay.guru', '2020-04-21 20:15:40', '2020-04-21 20:20:22', '1', 'Z45lALcpak9kr7DozJVMbJ9Pw9hGeumR', 'a:3:{s:7:"field_1";s:13:"BaileequitoLL";s:17:"profile_field_ids";s:1:"1";s:8:"password";s:34:"$P$BgjnQ4bexroL9.BkIr0WQkVsmfay.7/";}');
INSERT INTO `wpla_signups` (`signup_id`, `domain`, `path`, `title`, `user_login`, `user_email`, `registered`, `activated`, `active`, `activation_key`, `meta`) VALUES ('582', '', '', '', 'Edwardsoaxy', 'vera.lavrovskaya.7575@mail.ru', '2020-04-24 02:04:50', '0000-00-00 00:00:00', '0', 'iGzYDCHWPLtluSmnawO6rT6JtCmvxP89', 'a:3:{s:7:"field_1";s:13:"EdwardsoaxyEA";s:17:"profile_field_ids";s:1:"1";s:8:"password";s:34:"$P$BnSm4AJA9koOvDCclcuYOMUjlVKy3Z/";}');
INSERT INTO `wpla_signups` (`signup_id`, `domain`, `path`, `title`, `user_login`, `user_email`, `registered`, `activated`, `active`, `activation_key`, `meta`) VALUES ('583', '', '', '', 'Larrybig', 'larrySap@mailsun.monster', '2020-04-27 14:17:53', '2020-04-27 14:20:16', '1', 'RaY2zpLMezpjr2I6dPZM0ibiQzADRsJW', 'a:3:{s:7:"field_1";s:10:"LarrybigWG";s:17:"profile_field_ids";s:1:"1";s:8:"password";s:34:"$P$BNoXHDUgC0ibzfrSn8OQPIOErJSrDr1";}');
INSERT INTO `wpla_signups` (`signup_id`, `domain`, `path`, `title`, `user_login`, `user_email`, `registered`, `activated`, `active`, `activation_key`, `meta`) VALUES ('584', '', '', '', 'laylopurdy', 'nikolaevaanastasiiafuz@mail.ru', '2020-05-02 03:06:18', '2020-05-02 03:07:09', '1', 'e9aQKfVhoT1hHReYm4HYRFYJ2hllY80R', 'a:3:{s:7:"field_1";s:12:"laylopurdyUV";s:17:"profile_field_ids";s:1:"1";s:8:"password";s:34:"$P$BRdqgoQYq18EI/jhAwj5LcMj.vxUIY.";}');
INSERT INTO `wpla_signups` (`signup_id`, `domain`, `path`, `title`, `user_login`, `user_email`, `registered`, `activated`, `active`, `activation_key`, `meta`) VALUES ('585', '', '', '', 'oberontex', 'esuvorov8079@mail.ru', '2020-05-04 19:36:05', '0000-00-00 00:00:00', '0', 'qhksHlq4aSCW0mviztUXBj4ESPZxHEGo', 'a:3:{s:7:"field_1";s:11:"oberontexYO";s:17:"profile_field_ids";s:1:"1";s:8:"password";s:34:"$P$BxYty3P8K4uTEx6OUK/66PlpLFaFLJ0";}');
INSERT INTO `wpla_signups` (`signup_id`, `domain`, `path`, `title`, `user_login`, `user_email`, `registered`, `activated`, `active`, `activation_key`, `meta`) VALUES ('586', '', '', '', 'ofekityl', 'margaritolily@photoaim.com', '2020-05-06 17:55:32', '0000-00-00 00:00:00', '0', 'JMQaOipBYx74KGnGzv2fvMyVxFoHEO39', 'a:2:{s:17:"profile_field_ids";s:8:"ofekityl";s:8:"password";s:34:"$P$BbNdERmRdGG9I5K9s.6jszEmD4NbHd/";}');
INSERT INTO `wpla_signups` (`signup_id`, `domain`, `path`, `title`, `user_login`, `user_email`, `registered`, `activated`, `active`, `activation_key`, `meta`) VALUES ('587', '', '', '', 'Brianlink', 'durinko1985@rambler.ru', '2020-05-07 02:35:56', '2020-05-07 02:50:02', '1', 'S5kY6b5LGV288VmrX3TRREc4WsOvXoqr', 'a:3:{s:7:"field_1";s:11:"BrianlinkSG";s:17:"profile_field_ids";s:1:"1";s:8:"password";s:34:"$P$BvSQNwtz8nujWNggUNwBwY9Vji0RIV0";}');
INSERT INTO `wpla_signups` (`signup_id`, `domain`, `path`, `title`, `user_login`, `user_email`, `registered`, `activated`, `active`, `activation_key`, `meta`) VALUES ('588', '', '', '', 'kamolaDuete', 'nikitinaanastasiiaaps@mail.ru', '2020-05-07 08:40:39', '0000-00-00 00:00:00', '0', 'MJDdeNwVyOaEooYWn6V5buDV0wOKH3C5', 'a:3:{s:7:"field_1";s:13:"kamolaDueteXR";s:17:"profile_field_ids";s:1:"1";s:8:"password";s:34:"$P$B3Pgt4Q8jqOgsYjtMJgAULCIpPyAFy1";}');
INSERT INTO `wpla_signups` (`signup_id`, `domain`, `path`, `title`, `user_login`, `user_email`, `registered`, `activated`, `active`, `activation_key`, `meta`) VALUES ('589', '', '', '', 'Rolandtcet', 'hitrukkarim939@gmail.com', '2020-05-08 19:49:58', '2020-05-08 19:51:59', '1', '1CkwJS3aymbB7TdDEGimok8IuPvYQDM4', 'a:3:{s:7:"field_1";s:12:"RolandtcetOH";s:17:"profile_field_ids";s:1:"1";s:8:"password";s:34:"$P$BMuFt6PMNWgskrtTNCoWDOs/XPJ.mZ0";}');
INSERT INTO `wpla_signups` (`signup_id`, `domain`, `path`, `title`, `user_login`, `user_email`, `registered`, `activated`, `active`, `activation_key`, `meta`) VALUES ('590', '', '', '', 'vsjkgwple', 'pinupsportik@rambler.ru', '2020-05-09 07:12:44', '0000-00-00 00:00:00', '0', 'F4oPULgCFEg1pAKbxPza3TH0K4p3ZM3s', 'a:3:{s:7:"field_1";s:11:"jdcwnydyeGF";s:17:"profile_field_ids";s:1:"1";s:8:"password";s:34:"$P$BMOP3Pm9bcvdXofy.v3VaIxQOtFzD//";}');
INSERT INTO `wpla_signups` (`signup_id`, `domain`, `path`, `title`, `user_login`, `user_email`, `registered`, `activated`, `active`, `activation_key`, `meta`) VALUES ('591', '', '', '', 'ovydopuw', 'valoriedillon@goodcoffeemaker.com', '2020-05-11 17:46:40', '0000-00-00 00:00:00', '0', 'M9U9NDqb28KH2BAu6J6lp5o79h4SitFY', 'a:2:{s:17:"profile_field_ids";s:8:"ovydopuw";s:8:"password";s:34:"$P$Baw.3SXTDwKKEM9MN80QPRAGAKLMGQ/";}');
INSERT INTO `wpla_signups` (`signup_id`, `domain`, `path`, `title`, `user_login`, `user_email`, `registered`, `activated`, `active`, `activation_key`, `meta`) VALUES ('592', '', '', '', 'uhiram', 'kurtiskami@enelopes.com', '2020-05-14 02:56:14', '0000-00-00 00:00:00', '0', '37X2GgxL4hcfw9rJes3sBm4VYydbTaNW', 'a:2:{s:17:"profile_field_ids";s:6:"uhiram";s:8:"password";s:34:"$P$BZVtA.dGZ3s8yu0/rlOLgjL2TQL/Wg1";}');
INSERT INTO `wpla_signups` (`signup_id`, `domain`, `path`, `title`, `user_login`, `user_email`, `registered`, `activated`, `active`, `activation_key`, `meta`) VALUES ('593', '', '', '', 'aleninBix', 'alenindemid@mail.ru', '2020-05-16 08:31:50', '0000-00-00 00:00:00', '0', 'uL3XJSFWzN9fmAjePedabmx4i2M15ZbY', 'a:3:{s:7:"field_1";s:11:"aleninBixCJ";s:17:"profile_field_ids";s:1:"1";s:8:"password";s:34:"$P$BEDVw2nfazFgSeAzd7Uu9aKS4kKCEZ.";}');
INSERT INTO `wpla_signups` (`signup_id`, `domain`, `path`, `title`, `user_login`, `user_email`, `registered`, `activated`, `active`, `activation_key`, `meta`) VALUES ('594', '', '', '', 'annahelbem', 'garinizmail1982@mail.ru', '2020-05-18 05:27:24', '0000-00-00 00:00:00', '0', 'uSxB85gbw2Lu2a4PKunX2yPYUwDZRrsa', 'a:3:{s:7:"field_1";s:12:"annahelbemFL";s:17:"profile_field_ids";s:1:"1";s:8:"password";s:34:"$P$Bu2Jmazcb2LqfZIlO71BLbzqFggjRo/";}');
INSERT INTO `wpla_signups` (`signup_id`, `domain`, `path`, `title`, `user_login`, `user_email`, `registered`, `activated`, `active`, `activation_key`, `meta`) VALUES ('595', '', '', '', 'ovubodzyj', 'kontrbin@rambler.ru', '2020-05-18 10:56:36', '2020-05-18 13:56:29', '1', 'A3vNNoPdn42qHPojlYcCpxjjGssd782s', 'a:3:{s:7:"field_1";s:11:"lujqpszseMV";s:17:"profile_field_ids";s:1:"1";s:8:"password";s:34:"$P$BaR/2FDvje5amXx7NDe3MfYsLBw4yN1";}');
INSERT INTO `wpla_signups` (`signup_id`, `domain`, `path`, `title`, `user_login`, `user_email`, `registered`, `activated`, `active`, `activation_key`, `meta`) VALUES ('596', '', '', '', '3aplus63Enada', 'sam@3aplus63.ru', '2020-05-19 14:12:46', '2020-05-19 15:04:46', '1', 'lfbRcqteYoCVGgMBrc3pys3ZCbs7IGyW', 'a:3:{s:7:"field_1";s:15:"3aplus63EnadaLP";s:17:"profile_field_ids";s:1:"1";s:8:"password";s:34:"$P$BybFq2IbMBWvn43Zhj82l3IieOXYfu0";}');
INSERT INTO `wpla_signups` (`signup_id`, `domain`, `path`, `title`, `user_login`, `user_email`, `registered`, `activated`, `active`, `activation_key`, `meta`) VALUES ('597', '', '', '', 'AlfredOpice', 'fjd@spruthub.com', '2020-05-19 21:44:09', '2020-05-19 21:48:48', '1', 'c1aL9iPwHWcV5LN60pVkF0e7fQtVnKRn', 'a:3:{s:7:"field_1";s:13:"AlfredOpiceRX";s:17:"profile_field_ids";s:1:"1";s:8:"password";s:34:"$P$B9Uzy9iW5VMTNBfU9/xdtK7gJKxkdB0";}');
INSERT INTO `wpla_signups` (`signup_id`, `domain`, `path`, `title`, `user_login`, `user_email`, `registered`, `activated`, `active`, `activation_key`, `meta`) VALUES ('598', '', '', '', 'tetradidorm', 'popyrinnifont1994@mail.ru', '2020-05-20 03:14:43', '0000-00-00 00:00:00', '0', 'nKVqBqTvMFrurj5XonUSVrzGLiKoMddA', 'a:3:{s:7:"field_1";s:13:"tetradidormDU";s:17:"profile_field_ids";s:1:"1";s:8:"password";s:34:"$P$BJuPG1qZdvISmtr4dBotuXUvcVYJkW1";}');
INSERT INTO `wpla_signups` (`signup_id`, `domain`, `path`, `title`, `user_login`, `user_email`, `registered`, `activated`, `active`, `activation_key`, `meta`) VALUES ('599', '', '', '', 'furnitureexota', 'sale1@furnitopia.com', '2020-05-21 11:11:23', '2020-05-21 14:58:08', '1', '1BxdpadtGxisP1LTYDLp7UkubBChZCiN', 'a:3:{s:7:"field_1";s:16:"furnitureexotaGI";s:17:"profile_field_ids";s:1:"1";s:8:"password";s:34:"$P$BbgilXUhf81LufiuMCapvEI37t9ROe1";}');
CREATE TABLE IF NOT EXISTS `wpla_sirv_images` (  `id` int unsigned NOT NULL AUTO_INCREMENT,  `attachment_id` int NOT NULL,  `wp_path` varchar(255) DEFAULT NULL,  `size` int DEFAULT NULL,  `sirvpath` varchar(255) DEFAULT NULL,  `sirv_image_url` varchar(255) DEFAULT NULL,  `sirv_folder` varchar(255) DEFAULT NULL,  `timestamp` datetime DEFAULT NULL,  `timestamp_synced` datetime DEFAULT NULL,  PRIMARY KEY (`id`),  UNIQUE KEY `unique_key` (`attachment_id`)) ENGINE=InnoDB DEFAULT CHARSET=utf8mb3;
CREATE TABLE IF NOT EXISTS `wpla_sirv_shortcodes` (  `id` int unsigned NOT NULL AUTO_INCREMENT,  `width` varchar(20) DEFAULT 'auto',  `thumbs_height` varchar(20) DEFAULT NULL,  `gallery_styles` varchar(255) DEFAULT NULL,  `align` varchar(30) DEFAULT '',  `profile` varchar(100) DEFAULT 'false',  `link_image` varchar(10) DEFAULT 'false',  `show_caption` varchar(10) DEFAULT 'false',  `use_as_gallery` varchar(10) DEFAULT 'false',  `use_sirv_zoom` varchar(10) DEFAULT 'false',  `images` text,  `shortcode_options` text NOT NULL,  PRIMARY KEY (`id`)) ENGINE=MyISAM DEFAULT CHARSET=utf8mb3;
CREATE TABLE IF NOT EXISTS `wpla_smush_dir_images` (  `id` mediumint NOT NULL AUTO_INCREMENT,  `path` text CHARACTER SET utf8mb4 COLLATE utf8mb4_unicode_520_ci NOT NULL,  `path_hash` char(32) CHARACTER SET utf8mb4 COLLATE utf8mb4_unicode_520_ci DEFAULT NULL,  `resize` varchar(55) CHARACTER SET utf8mb4 COLLATE utf8mb4_unicode_520_ci DEFAULT NULL,  `lossy` varchar(55) CHARACTER SET utf8mb4 COLLATE utf8mb4_unicode_520_ci DEFAULT NULL,  `error` varchar(55) CHARACTER SET utf8mb4 COLLATE utf8mb4_unicode_520_ci DEFAULT NULL,  `image_size` int unsigned DEFAULT NULL,  `orig_size` int unsigned DEFAULT NULL,  `file_time` int unsigned DEFAULT NULL,  `last_scan` timestamp NOT NULL DEFAULT '0000-00-00 00:00:00',  `meta` text CHARACTER SET utf8mb4 COLLATE utf8mb4_unicode_520_ci,  UNIQUE KEY `id` (`id`),  UNIQUE KEY `path_hash` (`path_hash`),  KEY `image_size` (`image_size`)) ENGINE=MyISAM DEFAULT CHARSET=utf8mb4 COLLATE=utf8mb4_unicode_520_ci;
CREATE TABLE IF NOT EXISTS `wpla_supsystic_tbl_columns` (  `id` int unsigned NOT NULL AUTO_INCREMENT,  `table_id` int unsigned DEFAULT NULL,  `index` int unsigned NOT NULL,  `title` varchar(255) NOT NULL,  PRIMARY KEY (`id`)) ENGINE=MyISAM DEFAULT CHARSET=utf8mb3;
CREATE TABLE IF NOT EXISTS `wpla_supsystic_tbl_diagrams` (  `id` int unsigned NOT NULL AUTO_INCREMENT,  `table_id` int unsigned DEFAULT NULL,  `start_row` int unsigned DEFAULT NULL,  `start_col` int unsigned DEFAULT NULL,  `end_row` int unsigned DEFAULT NULL,  `end_col` int unsigned DEFAULT NULL,  `data` mediumtext,  PRIMARY KEY (`id`)) ENGINE=MyISAM DEFAULT CHARSET=utf8mb3;
CREATE TABLE IF NOT EXISTS `wpla_supsystic_tbl_rows` (  `id` int unsigned NOT NULL AUTO_INCREMENT,  `table_id` int unsigned DEFAULT NULL,  `data` text NOT NULL,  PRIMARY KEY (`id`)) ENGINE=MyISAM AUTO_INCREMENT=6 DEFAULT CHARSET=utf8mb3;
INSERT INTO `wpla_supsystic_tbl_rows` (`id`, `table_id`, `data`) VALUES ('1', '1', 'a:1:{s:5:"cells";a:5:{i:0;a:6:{s:1:"d";s:0:"";s:2:"cv";s:0:"";s:1:"h";s:0:"";s:1:"t";s:4:"text";s:2:"ft";s:0:"";s:1:"m";a:0:{}}i:1;a:6:{s:1:"d";s:0:"";s:2:"cv";s:0:"";s:1:"h";s:0:"";s:1:"t";s:4:"text";s:2:"ft";s:0:"";s:1:"m";a:0:{}}i:2;a:6:{s:1:"d";s:0:"";s:2:"cv";s:0:"";s:1:"h";s:0:"";s:1:"t";s:4:"text";s:2:"ft";s:0:"";s:1:"m";a:0:{}}i:3;a:6:{s:1:"d";s:0:"";s:2:"cv";s:0:"";s:1:"h";s:0:"";s:1:"t";s:4:"text";s:2:"ft";s:0:"";s:1:"m";a:0:{}}i:4;a:6:{s:1:"d";s:0:"";s:2:"cv";s:0:"";s:1:"h";s:0:"";s:1:"t";s:4:"text";s:2:"ft";s:0:"";s:1:"m";a:0:{}}}}');
INSERT INTO `wpla_supsystic_tbl_rows` (`id`, `table_id`, `data`) VALUES ('2', '1', 'a:1:{s:5:"cells";a:5:{i:0;a:6:{s:1:"d";s:0:"";s:2:"cv";s:0:"";s:1:"h";s:0:"";s:1:"t";s:4:"text";s:2:"ft";s:0:"";s:1:"m";a:0:{}}i:1;a:6:{s:1:"d";s:0:"";s:2:"cv";s:0:"";s:1:"h";s:0:"";s:1:"t";s:4:"text";s:2:"ft";s:0:"";s:1:"m";a:0:{}}i:2;a:6:{s:1:"d";s:0:"";s:2:"cv";s:0:"";s:1:"h";s:0:"";s:1:"t";s:4:"text";s:2:"ft";s:0:"";s:1:"m";a:0:{}}i:3;a:6:{s:1:"d";s:0:"";s:2:"cv";s:0:"";s:1:"h";s:0:"";s:1:"t";s:4:"text";s:2:"ft";s:0:"";s:1:"m";a:0:{}}i:4;a:6:{s:1:"d";s:0:"";s:2:"cv";s:0:"";s:1:"h";s:0:"";s:1:"t";s:4:"text";s:2:"ft";s:0:"";s:1:"m";a:0:{}}}}');
INSERT INTO `wpla_supsystic_tbl_rows` (`id`, `table_id`, `data`) VALUES ('3', '1', 'a:1:{s:5:"cells";a:5:{i:0;a:6:{s:1:"d";s:0:"";s:2:"cv";s:0:"";s:1:"h";s:0:"";s:1:"t";s:4:"text";s:2:"ft";s:0:"";s:1:"m";a:0:{}}i:1;a:6:{s:1:"d";s:0:"";s:2:"cv";s:0:"";s:1:"h";s:0:"";s:1:"t";s:4:"text";s:2:"ft";s:0:"";s:1:"m";a:0:{}}i:2;a:6:{s:1:"d";s:0:"";s:2:"cv";s:0:"";s:1:"h";s:0:"";s:1:"t";s:4:"text";s:2:"ft";s:0:"";s:1:"m";a:0:{}}i:3;a:6:{s:1:"d";s:0:"";s:2:"cv";s:0:"";s:1:"h";s:0:"";s:1:"t";s:4:"text";s:2:"ft";s:0:"";s:1:"m";a:0:{}}i:4;a:6:{s:1:"d";s:0:"";s:2:"cv";s:0:"";s:1:"h";s:0:"";s:1:"t";s:4:"text";s:2:"ft";s:0:"";s:1:"m";a:0:{}}}}');
INSERT INTO `wpla_supsystic_tbl_rows` (`id`, `table_id`, `data`) VALUES ('4', '1', 'a:1:{s:5:"cells";a:5:{i:0;a:6:{s:1:"d";s:0:"";s:2:"cv";s:0:"";s:1:"h";s:0:"";s:1:"t";s:4:"text";s:2:"ft";s:0:"";s:1:"m";a:0:{}}i:1;a:6:{s:1:"d";s:0:"";s:2:"cv";s:0:"";s:1:"h";s:0:"";s:1:"t";s:4:"text";s:2:"ft";s:0:"";s:1:"m";a:0:{}}i:2;a:6:{s:1:"d";s:0:"";s:2:"cv";s:0:"";s:1:"h";s:0:"";s:1:"t";s:4:"text";s:2:"ft";s:0:"";s:1:"m";a:0:{}}i:3;a:6:{s:1:"d";s:0:"";s:2:"cv";s:0:"";s:1:"h";s:0:"";s:1:"t";s:4:"text";s:2:"ft";s:0:"";s:1:"m";a:0:{}}i:4;a:6:{s:1:"d";s:0:"";s:2:"cv";s:0:"";s:1:"h";s:0:"";s:1:"t";s:4:"text";s:2:"ft";s:0:"";s:1:"m";a:0:{}}}}');
INSERT INTO `wpla_supsystic_tbl_rows` (`id`, `table_id`, `data`) VALUES ('5', '1', 'a:1:{s:5:"cells";a:5:{i:0;a:6:{s:1:"d";s:0:"";s:2:"cv";s:0:"";s:1:"h";s:0:"";s:1:"t";s:4:"text";s:2:"ft";s:0:"";s:1:"m";a:0:{}}i:1;a:6:{s:1:"d";s:0:"";s:2:"cv";s:0:"";s:1:"h";s:0:"";s:1:"t";s:4:"text";s:2:"ft";s:0:"";s:1:"m";a:0:{}}i:2;a:6:{s:1:"d";s:0:"";s:2:"cv";s:0:"";s:1:"h";s:0:"";s:1:"t";s:4:"text";s:2:"ft";s:0:"";s:1:"m";a:0:{}}i:3;a:6:{s:1:"d";s:0:"";s:2:"cv";s:0:"";s:1:"h";s:0:"";s:1:"t";s:4:"text";s:2:"ft";s:0:"";s:1:"m";a:0:{}}i:4;a:6:{s:1:"d";s:0:"";s:2:"cv";s:0:"";s:1:"h";s:0:"";s:1:"t";s:4:"text";s:2:"ft";s:0:"";s:1:"m";a:0:{}}}}');
CREATE TABLE IF NOT EXISTS `wpla_supsystic_tbl_tables` (  `id` int unsigned NOT NULL AUTO_INCREMENT,  `title` varchar(255) NOT NULL,  `created_at` timestamp NOT NULL DEFAULT CURRENT_TIMESTAMP,  `meta` text,  `settings` text NOT NULL,  PRIMARY KEY (`id`)) ENGINE=MyISAM AUTO_INCREMENT=2 DEFAULT CHARSET=utf8mb3;
INSERT INTO `wpla_supsystic_tbl_tables` (`id`, `title`, `created_at`, `meta`, `settings`) VALUES ('1', 'test', '2018-09-21 09:52:55', '', 'a:0:{}');
CREATE TABLE IF NOT EXISTS `wpla_term_relationships` (  `object_id` bigint unsigned NOT NULL DEFAULT '0',  `term_taxonomy_id` bigint unsigned NOT NULL DEFAULT '0',  `term_order` int NOT NULL DEFAULT '0',  PRIMARY KEY (`object_id`,`term_taxonomy_id`),  KEY `term_taxonomy_id` (`term_taxonomy_id`)) ENGINE=InnoDB DEFAULT CHARSET=utf8mb3;
INSERT INTO `wpla_term_relationships` (`object_id`, `term_taxonomy_id`, `term_order`) VALUES ('0', '322', '0');
INSERT INTO `wpla_term_relationships` (`object_id`, `term_taxonomy_id`, `term_order`) VALUES ('0', '323', '0');
INSERT INTO `wpla_term_relationships` (`object_id`, `term_taxonomy_id`, `term_order`) VALUES ('0', '324', '0');
INSERT INTO `wpla_term_relationships` (`object_id`, `term_taxonomy_id`, `term_order`) VALUES ('1', '1', '0');
INSERT INTO `wpla_term_relationships` (`object_id`, `term_taxonomy_id`, `term_order`) VALUES ('124', '23', '0');
INSERT INTO `wpla_term_relationships` (`object_id`, `term_taxonomy_id`, `term_order`) VALUES ('124', '37', '0');
INSERT INTO `wpla_term_relationships` (`object_id`, `term_taxonomy_id`, `term_order`) VALUES ('129', '23', '0');
INSERT INTO `wpla_term_relationships` (`object_id`, `term_taxonomy_id`, `term_order`) VALUES ('129', '41', '0');
INSERT INTO `wpla_term_relationships` (`object_id`, `term_taxonomy_id`, `term_order`) VALUES ('131', '24', '0');
INSERT INTO `wpla_term_relationships` (`object_id`, `term_taxonomy_id`, `term_order`) VALUES ('131', '40', '0');
INSERT INTO `wpla_term_relationships` (`object_id`, `term_taxonomy_id`, `term_order`) VALUES ('133', '24', '0');
INSERT INTO `wpla_term_relationships` (`object_id`, `term_taxonomy_id`, `term_order`) VALUES ('133', '38', '0');
INSERT INTO `wpla_term_relationships` (`object_id`, `term_taxonomy_id`, `term_order`) VALUES ('135', '24', '0');
INSERT INTO `wpla_term_relationships` (`object_id`, `term_taxonomy_id`, `term_order`) VALUES ('135', '39', '0');
INSERT INTO `wpla_term_relationships` (`object_id`, `term_taxonomy_id`, `term_order`) VALUES ('137', '23', '0');
INSERT INTO `wpla_term_relationships` (`object_id`, `term_taxonomy_id`, `term_order`) VALUES ('137', '26', '0');
INSERT INTO `wpla_term_relationships` (`object_id`, `term_taxonomy_id`, `term_order`) VALUES ('137', '40', '0');
INSERT INTO `wpla_term_relationships` (`object_id`, `term_taxonomy_id`, `term_order`) VALUES ('143', '24', '0');
INSERT INTO `wpla_term_relationships` (`object_id`, `term_taxonomy_id`, `term_order`) VALUES ('143', '42', '0');
INSERT INTO `wpla_term_relationships` (`object_id`, `term_taxonomy_id`, `term_order`) VALUES ('145', '23', '0');
INSERT INTO `wpla_term_relationships` (`object_id`, `term_taxonomy_id`, `term_order`) VALUES ('145', '25', '0');
INSERT INTO `wpla_term_relationships` (`object_id`, `term_taxonomy_id`, `term_order`) VALUES ('145', '43', '0');
INSERT INTO `wpla_term_relationships` (`object_id`, `term_taxonomy_id`, `term_order`) VALUES ('150', '22', '0');
INSERT INTO `wpla_term_relationships` (`object_id`, `term_taxonomy_id`, `term_order`) VALUES ('150', '23', '0');
INSERT INTO `wpla_term_relationships` (`object_id`, `term_taxonomy_id`, `term_order`) VALUES ('150', '26', '0');
INSERT INTO `wpla_term_relationships` (`object_id`, `term_taxonomy_id`, `term_order`) VALUES ('150', '37', '0');
INSERT INTO `wpla_term_relationships` (`object_id`, `term_taxonomy_id`, `term_order`) VALUES ('153', '23', '0');
INSERT INTO `wpla_term_relationships` (`object_id`, `term_taxonomy_id`, `term_order`) VALUES ('153', '27', '0');
INSERT INTO `wpla_term_relationships` (`object_id`, `term_taxonomy_id`, `term_order`) VALUES ('153', '37', '0');
INSERT INTO `wpla_term_relationships` (`object_id`, `term_taxonomy_id`, `term_order`) VALUES ('488', '24', '0');
INSERT INTO `wpla_term_relationships` (`object_id`, `term_taxonomy_id`, `term_order`) VALUES ('488', '275', '0');
INSERT INTO `wpla_term_relationships` (`object_id`, `term_taxonomy_id`, `term_order`) VALUES ('553', '1', '0');
INSERT INTO `wpla_term_relationships` (`object_id`, `term_taxonomy_id`, `term_order`) VALUES ('553', '40', '0');
INSERT INTO `wpla_term_relationships` (`object_id`, `term_taxonomy_id`, `term_order`) VALUES ('2695', '28', '0');
INSERT INTO `wpla_term_relationships` (`object_id`, `term_taxonomy_id`, `term_order`) VALUES ('2695', '29', '0');
INSERT INTO `wpla_term_relationships` (`object_id`, `term_taxonomy_id`, `term_order`) VALUES ('2695', '30', '0');
INSERT INTO `wpla_term_relationships` (`object_id`, `term_taxonomy_id`, `term_order`) VALUES ('2695', '31', '0');
INSERT INTO `wpla_term_relationships` (`object_id`, `term_taxonomy_id`, `term_order`) VALUES ('2695', '32', '0');
INSERT INTO `wpla_term_relationships` (`object_id`, `term_taxonomy_id`, `term_order`) VALUES ('2696', '29', '0');
INSERT INTO `wpla_term_relationships` (`object_id`, `term_taxonomy_id`, `term_order`) VALUES ('2696', '30', '0');
INSERT INTO `wpla_term_relationships` (`object_id`, `term_taxonomy_id`, `term_order`) VALUES ('2698', '28', '0');
INSERT INTO `wpla_term_relationships` (`object_id`, `term_taxonomy_id`, `term_order`) VALUES ('2698', '32', '0');
INSERT INTO `wpla_term_relationships` (`object_id`, `term_taxonomy_id`, `term_order`) VALUES ('2699', '31', '0');
INSERT INTO `wpla_term_relationships` (`object_id`, `term_taxonomy_id`, `term_order`) VALUES ('2700', '32', '0');
INSERT INTO `wpla_term_relationships` (`object_id`, `term_taxonomy_id`, `term_order`) VALUES ('2702', '31', '0');
INSERT INTO `wpla_term_relationships` (`object_id`, `term_taxonomy_id`, `term_order`) VALUES ('2704', '31', '0');
INSERT INTO `wpla_term_relationships` (`object_id`, `term_taxonomy_id`, `term_order`) VALUES ('2705', '31', '0');
INSERT INTO `wpla_term_relationships` (`object_id`, `term_taxonomy_id`, `term_order`) VALUES ('2706', '28', '0');
INSERT INTO `wpla_term_relationships` (`object_id`, `term_taxonomy_id`, `term_order`) VALUES ('2706', '29', '0');
INSERT INTO `wpla_term_relationships` (`object_id`, `term_taxonomy_id`, `term_order`) VALUES ('2707', '29', '0');
INSERT INTO `wpla_term_relationships` (`object_id`, `term_taxonomy_id`, `term_order`) VALUES ('2708', '28', '0');
INSERT INTO `wpla_term_relationships` (`object_id`, `term_taxonomy_id`, `term_order`) VALUES ('2708', '29', '0');
INSERT INTO `wpla_term_relationships` (`object_id`, `term_taxonomy_id`, `term_order`) VALUES ('2708', '30', '0');
INSERT INTO `wpla_term_relationships` (`object_id`, `term_taxonomy_id`, `term_order`) VALUES ('2709', '32', '0');
INSERT INTO `wpla_term_relationships` (`object_id`, `term_taxonomy_id`, `term_order`) VALUES ('2815', '33', '0');
INSERT INTO `wpla_term_relationships` (`object_id`, `term_taxonomy_id`, `term_order`) VALUES ('2816', '33', '0');
INSERT INTO `wpla_term_relationships` (`object_id`, `term_taxonomy_id`, `term_order`) VALUES ('2822', '33', '0');
INSERT INTO `wpla_term_relationships` (`object_id`, `term_taxonomy_id`, `term_order`) VALUES ('2823', '33', '0');
INSERT INTO `wpla_term_relationships` (`object_id`, `term_taxonomy_id`, `term_order`) VALUES ('2824', '33', '0');
INSERT INTO `wpla_term_relationships` (`object_id`, `term_taxonomy_id`, `term_order`) VALUES ('2825', '33', '0');
INSERT INTO `wpla_term_relationships` (`object_id`, `term_taxonomy_id`, `term_order`) VALUES ('2826', '33', '0');
INSERT INTO `wpla_term_relationships` (`object_id`, `term_taxonomy_id`, `term_order`) VALUES ('2827', '35', '0');
INSERT INTO `wpla_term_relationships` (`object_id`, `term_taxonomy_id`, `term_order`) VALUES ('2828', '33', '0');
INSERT INTO `wpla_term_relationships` (`object_id`, `term_taxonomy_id`, `term_order`) VALUES ('2829', '33', '0');
INSERT INTO `wpla_term_relationships` (`object_id`, `term_taxonomy_id`, `term_order`) VALUES ('2830', '33', '0');
INSERT INTO `wpla_term_relationships` (`object_id`, `term_taxonomy_id`, `term_order`) VALUES ('2835', '36', '0');
INSERT INTO `wpla_term_relationships` (`object_id`, `term_taxonomy_id`, `term_order`) VALUES ('2836', '36', '0');
INSERT INTO `wpla_term_relationships` (`object_id`, `term_taxonomy_id`, `term_order`) VALUES ('2837', '36', '0');
INSERT INTO `wpla_term_relationships` (`object_id`, `term_taxonomy_id`, `term_order`) VALUES ('8307', '33', '0');
INSERT INTO `wpla_term_relationships` (`object_id`, `term_taxonomy_id`, `term_order`) VALUES ('8308', '34', '0');
INSERT INTO `wpla_term_relationships` (`object_id`, `term_taxonomy_id`, `term_order`) VALUES ('8309', '33', '0');
INSERT INTO `wpla_term_relationships` (`object_id`, `term_taxonomy_id`, `term_order`) VALUES ('8311', '33', '0');
INSERT INTO `wpla_term_relationships` (`object_id`, `term_taxonomy_id`, `term_order`) VALUES ('8312', '33', '0');
INSERT INTO `wpla_term_relationships` (`object_id`, `term_taxonomy_id`, `term_order`) VALUES ('8313', '33', '0');
INSERT INTO `wpla_term_relationships` (`object_id`, `term_taxonomy_id`, `term_order`) VALUES ('8314', '33', '0');
INSERT INTO `wpla_term_relationships` (`object_id`, `term_taxonomy_id`, `term_order`) VALUES ('8315', '33', '0');
INSERT INTO `wpla_term_relationships` (`object_id`, `term_taxonomy_id`, `term_order`) VALUES ('8316', '33', '0');
INSERT INTO `wpla_term_relationships` (`object_id`, `term_taxonomy_id`, `term_order`) VALUES ('8317', '33', '0');
INSERT INTO `wpla_term_relationships` (`object_id`, `term_taxonomy_id`, `term_order`) VALUES ('8318', '33', '0');
INSERT INTO `wpla_term_relationships` (`object_id`, `term_taxonomy_id`, `term_order`) VALUES ('8319', '33', '0');
INSERT INTO `wpla_term_relationships` (`object_id`, `term_taxonomy_id`, `term_order`) VALUES ('8320', '33', '0');
INSERT INTO `wpla_term_relationships` (`object_id`, `term_taxonomy_id`, `term_order`) VALUES ('8321', '33', '0');
INSERT INTO `wpla_term_relationships` (`object_id`, `term_taxonomy_id`, `term_order`) VALUES ('8322', '33', '0');
INSERT INTO `wpla_term_relationships` (`object_id`, `term_taxonomy_id`, `term_order`) VALUES ('8323', '33', '0');
INSERT INTO `wpla_term_relationships` (`object_id`, `term_taxonomy_id`, `term_order`) VALUES ('8324', '33', '0');
INSERT INTO `wpla_term_relationships` (`object_id`, `term_taxonomy_id`, `term_order`) VALUES ('8325', '33', '0');
INSERT INTO `wpla_term_relationships` (`object_id`, `term_taxonomy_id`, `term_order`) VALUES ('8326', '35', '0');
INSERT INTO `wpla_term_relationships` (`object_id`, `term_taxonomy_id`, `term_order`) VALUES ('8327', '35', '0');
INSERT INTO `wpla_term_relationships` (`object_id`, `term_taxonomy_id`, `term_order`) VALUES ('8328', '33', '0');
INSERT INTO `wpla_term_relationships` (`object_id`, `term_taxonomy_id`, `term_order`) VALUES ('8329', '33', '0');
INSERT INTO `wpla_term_relationships` (`object_id`, `term_taxonomy_id`, `term_order`) VALUES ('8330', '33', '0');
INSERT INTO `wpla_term_relationships` (`object_id`, `term_taxonomy_id`, `term_order`) VALUES ('8331', '33', '0');
INSERT INTO `wpla_term_relationships` (`object_id`, `term_taxonomy_id`, `term_order`) VALUES ('8332', '35', '0');
INSERT INTO `wpla_term_relationships` (`object_id`, `term_taxonomy_id`, `term_order`) VALUES ('8333', '35', '0');
INSERT INTO `wpla_term_relationships` (`object_id`, `term_taxonomy_id`, `term_order`) VALUES ('8334', '35', '0');
INSERT INTO `wpla_term_relationships` (`object_id`, `term_taxonomy_id`, `term_order`) VALUES ('8335', '35', '0');
INSERT INTO `wpla_term_relationships` (`object_id`, `term_taxonomy_id`, `term_order`) VALUES ('8336', '33', '0');
INSERT INTO `wpla_term_relationships` (`object_id`, `term_taxonomy_id`, `term_order`) VALUES ('8337', '33', '0');
INSERT INTO `wpla_term_relationships` (`object_id`, `term_taxonomy_id`, `term_order`) VALUES ('8338', '35', '0');
INSERT INTO `wpla_term_relationships` (`object_id`, `term_taxonomy_id`, `term_order`) VALUES ('8339', '35', '0');
INSERT INTO `wpla_term_relationships` (`object_id`, `term_taxonomy_id`, `term_order`) VALUES ('8340', '35', '0');
INSERT INTO `wpla_term_relationships` (`object_id`, `term_taxonomy_id`, `term_order`) VALUES ('8341', '35', '0');
INSERT INTO `wpla_term_relationships` (`object_id`, `term_taxonomy_id`, `term_order`) VALUES ('8342', '33', '0');
INSERT INTO `wpla_term_relationships` (`object_id`, `term_taxonomy_id`, `term_order`) VALUES ('8343', '33', '0');
INSERT INTO `wpla_term_relationships` (`object_id`, `term_taxonomy_id`, `term_order`) VALUES ('8344', '33', '0');
INSERT INTO `wpla_term_relationships` (`object_id`, `term_taxonomy_id`, `term_order`) VALUES ('8345', '33', '0');
INSERT INTO `wpla_term_relationships` (`object_id`, `term_taxonomy_id`, `term_order`) VALUES ('8346', '33', '0');
INSERT INTO `wpla_term_relationships` (`object_id`, `term_taxonomy_id`, `term_order`) VALUES ('8347', '33', '0');
INSERT INTO `wpla_term_relationships` (`object_id`, `term_taxonomy_id`, `term_order`) VALUES ('8348', '33', '0');
INSERT INTO `wpla_term_relationships` (`object_id`, `term_taxonomy_id`, `term_order`) VALUES ('8349', '33', '0');
INSERT INTO `wpla_term_relationships` (`object_id`, `term_taxonomy_id`, `term_order`) VALUES ('8351', '33', '0');
INSERT INTO `wpla_term_relationships` (`object_id`, `term_taxonomy_id`, `term_order`) VALUES ('8354', '33', '0');
INSERT INTO `wpla_term_relationships` (`object_id`, `term_taxonomy_id`, `term_order`) VALUES ('8355', '33', '0');
INSERT INTO `wpla_term_relationships` (`object_id`, `term_taxonomy_id`, `term_order`) VALUES ('8361', '33', '0');
INSERT INTO `wpla_term_relationships` (`object_id`, `term_taxonomy_id`, `term_order`) VALUES ('8362', '33', '0');
INSERT INTO `wpla_term_relationships` (`object_id`, `term_taxonomy_id`, `term_order`) VALUES ('8363', '33', '0');
INSERT INTO `wpla_term_relationships` (`object_id`, `term_taxonomy_id`, `term_order`) VALUES ('8364', '33', '0');
INSERT INTO `wpla_term_relationships` (`object_id`, `term_taxonomy_id`, `term_order`) VALUES ('8365', '33', '0');
INSERT INTO `wpla_term_relationships` (`object_id`, `term_taxonomy_id`, `term_order`) VALUES ('8366', '35', '0');
INSERT INTO `wpla_term_relationships` (`object_id`, `term_taxonomy_id`, `term_order`) VALUES ('8367', '33', '0');
INSERT INTO `wpla_term_relationships` (`object_id`, `term_taxonomy_id`, `term_order`) VALUES ('8368', '33', '0');
INSERT INTO `wpla_term_relationships` (`object_id`, `term_taxonomy_id`, `term_order`) VALUES ('8369', '33', '0');
INSERT INTO `wpla_term_relationships` (`object_id`, `term_taxonomy_id`, `term_order`) VALUES ('8370', '36', '0');
INSERT INTO `wpla_term_relationships` (`object_id`, `term_taxonomy_id`, `term_order`) VALUES ('8371', '36', '0');
INSERT INTO `wpla_term_relationships` (`object_id`, `term_taxonomy_id`, `term_order`) VALUES ('8372', '36', '0');
INSERT INTO `wpla_term_relationships` (`object_id`, `term_taxonomy_id`, `term_order`) VALUES ('8373', '33', '0');
INSERT INTO `wpla_term_relationships` (`object_id`, `term_taxonomy_id`, `term_order`) VALUES ('8375', '33', '0');
INSERT INTO `wpla_term_relationships` (`object_id`, `term_taxonomy_id`, `term_order`) VALUES ('8377', '33', '0');
INSERT INTO `wpla_term_relationships` (`object_id`, `term_taxonomy_id`, `term_order`) VALUES ('8378', '33', '0');
INSERT INTO `wpla_term_relationships` (`object_id`, `term_taxonomy_id`, `term_order`) VALUES ('8379', '33', '0');
INSERT INTO `wpla_term_relationships` (`object_id`, `term_taxonomy_id`, `term_order`) VALUES ('8380', '33', '0');
INSERT INTO `wpla_term_relationships` (`object_id`, `term_taxonomy_id`, `term_order`) VALUES ('8381', '33', '0');
INSERT INTO `wpla_term_relationships` (`object_id`, `term_taxonomy_id`, `term_order`) VALUES ('8382', '33', '0');
INSERT INTO `wpla_term_relationships` (`object_id`, `term_taxonomy_id`, `term_order`) VALUES ('8383', '33', '0');
INSERT INTO `wpla_term_relationships` (`object_id`, `term_taxonomy_id`, `term_order`) VALUES ('8384', '33', '0');
INSERT INTO `wpla_term_relationships` (`object_id`, `term_taxonomy_id`, `term_order`) VALUES ('8385', '33', '0');
INSERT INTO `wpla_term_relationships` (`object_id`, `term_taxonomy_id`, `term_order`) VALUES ('8386', '33', '0');
INSERT INTO `wpla_term_relationships` (`object_id`, `term_taxonomy_id`, `term_order`) VALUES ('8387', '33', '0');
INSERT INTO `wpla_term_relationships` (`object_id`, `term_taxonomy_id`, `term_order`) VALUES ('8388', '33', '0');
INSERT INTO `wpla_term_relationships` (`object_id`, `term_taxonomy_id`, `term_order`) VALUES ('8389', '33', '0');
INSERT INTO `wpla_term_relationships` (`object_id`, `term_taxonomy_id`, `term_order`) VALUES ('8390', '33', '0');
INSERT INTO `wpla_term_relationships` (`object_id`, `term_taxonomy_id`, `term_order`) VALUES ('8391', '33', '0');
INSERT INTO `wpla_term_relationships` (`object_id`, `term_taxonomy_id`, `term_order`) VALUES ('8392', '35', '0');
INSERT INTO `wpla_term_relationships` (`object_id`, `term_taxonomy_id`, `term_order`) VALUES ('8393', '35', '0');
INSERT INTO `wpla_term_relationships` (`object_id`, `term_taxonomy_id`, `term_order`) VALUES ('8394', '33', '0');
INSERT INTO `wpla_term_relationships` (`object_id`, `term_taxonomy_id`, `term_order`) VALUES ('8395', '33', '0');
INSERT INTO `wpla_term_relationships` (`object_id`, `term_taxonomy_id`, `term_order`) VALUES ('8396', '33', '0');
INSERT INTO `wpla_term_relationships` (`object_id`, `term_taxonomy_id`, `term_order`) VALUES ('8397', '33', '0');
INSERT INTO `wpla_term_relationships` (`object_id`, `term_taxonomy_id`, `term_order`) VALUES ('8398', '35', '0');
INSERT INTO `wpla_term_relationships` (`object_id`, `term_taxonomy_id`, `term_order`) VALUES ('8399', '35', '0');
INSERT INTO `wpla_term_relationships` (`object_id`, `term_taxonomy_id`, `term_order`) VALUES ('8400', '35', '0');
INSERT INTO `wpla_term_relationships` (`object_id`, `term_taxonomy_id`, `term_order`) VALUES ('8401', '35', '0');
INSERT INTO `wpla_term_relationships` (`object_id`, `term_taxonomy_id`, `term_order`) VALUES ('8402', '33', '0');
INSERT INTO `wpla_term_relationships` (`object_id`, `term_taxonomy_id`, `term_order`) VALUES ('8403', '33', '0');
INSERT INTO `wpla_term_relationships` (`object_id`, `term_taxonomy_id`, `term_order`) VALUES ('8404', '35', '0');
INSERT INTO `wpla_term_relationships` (`object_id`, `term_taxonomy_id`, `term_order`) VALUES ('8405', '35', '0');
INSERT INTO `wpla_term_relationships` (`object_id`, `term_taxonomy_id`, `term_order`) VALUES ('8406', '35', '0');
INSERT INTO `wpla_term_relationships` (`object_id`, `term_taxonomy_id`, `term_order`) VALUES ('8407', '35', '0');
INSERT INTO `wpla_term_relationships` (`object_id`, `term_taxonomy_id`, `term_order`) VALUES ('8408', '33', '0');
INSERT INTO `wpla_term_relationships` (`object_id`, `term_taxonomy_id`, `term_order`) VALUES ('8409', '33', '0');
INSERT INTO `wpla_term_relationships` (`object_id`, `term_taxonomy_id`, `term_order`) VALUES ('8410', '33', '0');
INSERT INTO `wpla_term_relationships` (`object_id`, `term_taxonomy_id`, `term_order`) VALUES ('8411', '33', '0');
INSERT INTO `wpla_term_relationships` (`object_id`, `term_taxonomy_id`, `term_order`) VALUES ('8412', '33', '0');
INSERT INTO `wpla_term_relationships` (`object_id`, `term_taxonomy_id`, `term_order`) VALUES ('8413', '33', '0');
INSERT INTO `wpla_term_relationships` (`object_id`, `term_taxonomy_id`, `term_order`) VALUES ('8414', '33', '0');
INSERT INTO `wpla_term_relationships` (`object_id`, `term_taxonomy_id`, `term_order`) VALUES ('8415', '33', '0');
INSERT INTO `wpla_term_relationships` (`object_id`, `term_taxonomy_id`, `term_order`) VALUES ('8417', '33', '0');
INSERT INTO `wpla_term_relationships` (`object_id`, `term_taxonomy_id`, `term_order`) VALUES ('8421', '44', '0');
INSERT INTO `wpla_term_relationships` (`object_id`, `term_taxonomy_id`, `term_order`) VALUES ('8423', '44', '0');
INSERT INTO `wpla_term_relationships` (`object_id`, `term_taxonomy_id`, `term_order`) VALUES ('8424', '44', '0');
INSERT INTO `wpla_term_relationships` (`object_id`, `term_taxonomy_id`, `term_order`) VALUES ('8425', '44', '0');
INSERT INTO `wpla_term_relationships` (`object_id`, `term_taxonomy_id`, `term_order`) VALUES ('8426', '44', '0');
INSERT INTO `wpla_term_relationships` (`object_id`, `term_taxonomy_id`, `term_order`) VALUES ('8429', '44', '0');
INSERT INTO `wpla_term_relationships` (`object_id`, `term_taxonomy_id`, `term_order`) VALUES ('8434', '44', '0');
INSERT INTO `wpla_term_relationships` (`object_id`, `term_taxonomy_id`, `term_order`) VALUES ('8445', '44', '0');
INSERT INTO `wpla_term_relationships` (`object_id`, `term_taxonomy_id`, `term_order`) VALUES ('8457', '44', '0');
INSERT INTO `wpla_term_relationships` (`object_id`, `term_taxonomy_id`, `term_order`) VALUES ('8460', '45', '0');
INSERT INTO `wpla_term_relationships` (`object_id`, `term_taxonomy_id`, `term_order`) VALUES ('8472', '44', '0');
INSERT INTO `wpla_term_relationships` (`object_id`, `term_taxonomy_id`, `term_order`) VALUES ('8473', '44', '0');
INSERT INTO `wpla_term_relationships` (`object_id`, `term_taxonomy_id`, `term_order`) VALUES ('8474', '44', '0');
INSERT INTO `wpla_term_relationships` (`object_id`, `term_taxonomy_id`, `term_order`) VALUES ('8475', '44', '0');
INSERT INTO `wpla_term_relationships` (`object_id`, `term_taxonomy_id`, `term_order`) VALUES ('8483', '45', '0');
INSERT INTO `wpla_term_relationships` (`object_id`, `term_taxonomy_id`, `term_order`) VALUES ('8485', '22', '0');
INSERT INTO `wpla_term_relationships` (`object_id`, `term_taxonomy_id`, `term_order`) VALUES ('8494', '44', '0');
INSERT INTO `wpla_term_relationships` (`object_id`, `term_taxonomy_id`, `term_order`) VALUES ('8744', '47', '0');
INSERT INTO `wpla_term_relationships` (`object_id`, `term_taxonomy_id`, `term_order`) VALUES ('8745', '47', '0');
INSERT INTO `wpla_term_relationships` (`object_id`, `term_taxonomy_id`, `term_order`) VALUES ('8746', '47', '0');
INSERT INTO `wpla_term_relationships` (`object_id`, `term_taxonomy_id`, `term_order`) VALUES ('8747', '47', '0');
INSERT INTO `wpla_term_relationships` (`object_id`, `term_taxonomy_id`, `term_order`) VALUES ('8748', '47', '0');
INSERT INTO `wpla_term_relationships` (`object_id`, `term_taxonomy_id`, `term_order`) VALUES ('8749', '47', '0');
INSERT INTO `wpla_term_relationships` (`object_id`, `term_taxonomy_id`, `term_order`) VALUES ('8750', '47', '0');
INSERT INTO `wpla_term_relationships` (`object_id`, `term_taxonomy_id`, `term_order`) VALUES ('8800', '34', '0');
INSERT INTO `wpla_term_relationships` (`object_id`, `term_taxonomy_id`, `term_order`) VALUES ('8801', '34', '0');
INSERT INTO `wpla_term_relationships` (`object_id`, `term_taxonomy_id`, `term_order`) VALUES ('8802', '34', '0');
INSERT INTO `wpla_term_relationships` (`object_id`, `term_taxonomy_id`, `term_order`) VALUES ('8803', '34', '0');
INSERT INTO `wpla_term_relationships` (`object_id`, `term_taxonomy_id`, `term_order`) VALUES ('8805', '44', '0');
INSERT INTO `wpla_term_relationships` (`object_id`, `term_taxonomy_id`, `term_order`) VALUES ('8806', '44', '0');
INSERT INTO `wpla_term_relationships` (`object_id`, `term_taxonomy_id`, `term_order`) VALUES ('8809', '44', '0');
INSERT INTO `wpla_term_relationships` (`object_id`, `term_taxonomy_id`, `term_order`) VALUES ('8837', '44', '0');
INSERT INTO `wpla_term_relationships` (`object_id`, `term_taxonomy_id`, `term_order`) VALUES ('8839', '34', '0');
INSERT INTO `wpla_term_relationships` (`object_id`, `term_taxonomy_id`, `term_order`) VALUES ('8853', '18', '0');
INSERT INTO `wpla_term_relationships` (`object_id`, `term_taxonomy_id`, `term_order`) VALUES ('8853', '312', '0');
INSERT INTO `wpla_term_relationships` (`object_id`, `term_taxonomy_id`, `term_order`) VALUES ('8866', '1', '0');
INSERT INTO `wpla_term_relationships` (`object_id`, `term_taxonomy_id`, `term_order`) VALUES ('8883', '18', '0');
INSERT INTO `wpla_term_relationships` (`object_id`, `term_taxonomy_id`, `term_order`) VALUES ('8883', '312', '0');
INSERT INTO `wpla_term_relationships` (`object_id`, `term_taxonomy_id`, `term_order`) VALUES ('8899', '18', '0');
INSERT INTO `wpla_term_relationships` (`object_id`, `term_taxonomy_id`, `term_order`) VALUES ('8899', '312', '0');
INSERT INTO `wpla_term_relationships` (`object_id`, `term_taxonomy_id`, `term_order`) VALUES ('8900', '18', '0');
INSERT INTO `wpla_term_relationships` (`object_id`, `term_taxonomy_id`, `term_order`) VALUES ('8900', '312', '0');
INSERT INTO `wpla_term_relationships` (`object_id`, `term_taxonomy_id`, `term_order`) VALUES ('8922', '44', '0');
INSERT INTO `wpla_term_relationships` (`object_id`, `term_taxonomy_id`, `term_order`) VALUES ('8926', '18', '0');
INSERT INTO `wpla_term_relationships` (`object_id`, `term_taxonomy_id`, `term_order`) VALUES ('8926', '308', '0');
INSERT INTO `wpla_term_relationships` (`object_id`, `term_taxonomy_id`, `term_order`) VALUES ('8926', '312', '0');
INSERT INTO `wpla_term_relationships` (`object_id`, `term_taxonomy_id`, `term_order`) VALUES ('8933', '18', '0');
INSERT INTO `wpla_term_relationships` (`object_id`, `term_taxonomy_id`, `term_order`) VALUES ('8933', '312', '0');
INSERT INTO `wpla_term_relationships` (`object_id`, `term_taxonomy_id`, `term_order`) VALUES ('9086', '20', '0');
INSERT INTO `wpla_term_relationships` (`object_id`, `term_taxonomy_id`, `term_order`) VALUES ('9086', '121', '0');
INSERT INTO `wpla_term_relationships` (`object_id`, `term_taxonomy_id`, `term_order`) VALUES ('9086', '251', '0');
INSERT INTO `wpla_term_relationships` (`object_id`, `term_taxonomy_id`, `term_order`) VALUES ('9086', '253', '0');
INSERT INTO `wpla_term_relationships` (`object_id`, `term_taxonomy_id`, `term_order`) VALUES ('9146', '27', '0');
INSERT INTO `wpla_term_relationships` (`object_id`, `term_taxonomy_id`, `term_order`) VALUES ('9146', '257', '0');
INSERT INTO `wpla_term_relationships` (`object_id`, `term_taxonomy_id`, `term_order`) VALUES ('9146', '259', '0');
INSERT INTO `wpla_term_relationships` (`object_id`, `term_taxonomy_id`, `term_order`) VALUES ('9153', '44', '0');
INSERT INTO `wpla_term_relationships` (`object_id`, `term_taxonomy_id`, `term_order`) VALUES ('9155', '34', '0');
INSERT INTO `wpla_term_relationships` (`object_id`, `term_taxonomy_id`, `term_order`) VALUES ('10903', '44', '0');
INSERT INTO `wpla_term_relationships` (`object_id`, `term_taxonomy_id`, `term_order`) VALUES ('10980', '34', '0');
INSERT INTO `wpla_term_relationships` (`object_id`, `term_taxonomy_id`, `term_order`) VALUES ('11035', '20', '0');
INSERT INTO `wpla_term_relationships` (`object_id`, `term_taxonomy_id`, `term_order`) VALUES ('11035', '121', '0');
INSERT INTO `wpla_term_relationships` (`object_id`, `term_taxonomy_id`, `term_order`) VALUES ('11035', '251', '0');
INSERT INTO `wpla_term_relationships` (`object_id`, `term_taxonomy_id`, `term_order`) VALUES ('11035', '253', '0');
INSERT INTO `wpla_term_relationships` (`object_id`, `term_taxonomy_id`, `term_order`) VALUES ('11035', '254', '0');
INSERT INTO `wpla_term_relationships` (`object_id`, `term_taxonomy_id`, `term_order`) VALUES ('11035', '255', '0');
INSERT INTO `wpla_term_relationships` (`object_id`, `term_taxonomy_id`, `term_order`) VALUES ('11035', '256', '0');
INSERT INTO `wpla_term_relationships` (`object_id`, `term_taxonomy_id`, `term_order`) VALUES ('11060', '284', '0');
INSERT INTO `wpla_term_relationships` (`object_id`, `term_taxonomy_id`, `term_order`) VALUES ('11061', '285', '0');
INSERT INTO `wpla_term_relationships` (`object_id`, `term_taxonomy_id`, `term_order`) VALUES ('11062', '286', '0');
INSERT INTO `wpla_term_relationships` (`object_id`, `term_taxonomy_id`, `term_order`) VALUES ('11063', '287', '0');
INSERT INTO `wpla_term_relationships` (`object_id`, `term_taxonomy_id`, `term_order`) VALUES ('11064', '288', '0');
INSERT INTO `wpla_term_relationships` (`object_id`, `term_taxonomy_id`, `term_order`) VALUES ('11065', '289', '0');
INSERT INTO `wpla_term_relationships` (`object_id`, `term_taxonomy_id`, `term_order`) VALUES ('11066', '290', '0');
INSERT INTO `wpla_term_relationships` (`object_id`, `term_taxonomy_id`, `term_order`) VALUES ('11067', '291', '0');
INSERT INTO `wpla_term_relationships` (`object_id`, `term_taxonomy_id`, `term_order`) VALUES ('11068', '292', '0');
INSERT INTO `wpla_term_relationships` (`object_id`, `term_taxonomy_id`, `term_order`) VALUES ('11069', '293', '0');
INSERT INTO `wpla_term_relationships` (`object_id`, `term_taxonomy_id`, `term_order`) VALUES ('11070', '294', '0');
INSERT INTO `wpla_term_relationships` (`object_id`, `term_taxonomy_id`, `term_order`) VALUES ('11071', '295', '0');
INSERT INTO `wpla_term_relationships` (`object_id`, `term_taxonomy_id`, `term_order`) VALUES ('11072', '296', '0');
INSERT INTO `wpla_term_relationships` (`object_id`, `term_taxonomy_id`, `term_order`) VALUES ('11073', '297', '0');
INSERT INTO `wpla_term_relationships` (`object_id`, `term_taxonomy_id`, `term_order`) VALUES ('11074', '298', '0');
INSERT INTO `wpla_term_relationships` (`object_id`, `term_taxonomy_id`, `term_order`) VALUES ('11075', '299', '0');
INSERT INTO `wpla_term_relationships` (`object_id`, `term_taxonomy_id`, `term_order`) VALUES ('11087', '44', '0');
INSERT INTO `wpla_term_relationships` (`object_id`, `term_taxonomy_id`, `term_order`) VALUES ('11088', '44', '0');
INSERT INTO `wpla_term_relationships` (`object_id`, `term_taxonomy_id`, `term_order`) VALUES ('11089', '44', '0');
INSERT INTO `wpla_term_relationships` (`object_id`, `term_taxonomy_id`, `term_order`) VALUES ('11121', '44', '0');
INSERT INTO `wpla_term_relationships` (`object_id`, `term_taxonomy_id`, `term_order`) VALUES ('11122', '44', '0');
INSERT INTO `wpla_term_relationships` (`object_id`, `term_taxonomy_id`, `term_order`) VALUES ('11123', '44', '0');
INSERT INTO `wpla_term_relationships` (`object_id`, `term_taxonomy_id`, `term_order`) VALUES ('11124', '18', '0');
INSERT INTO `wpla_term_relationships` (`object_id`, `term_taxonomy_id`, `term_order`) VALUES ('11124', '309', '0');
INSERT INTO `wpla_term_relationships` (`object_id`, `term_taxonomy_id`, `term_order`) VALUES ('11127', '310', '0');
INSERT INTO `wpla_term_relationships` (`object_id`, `term_taxonomy_id`, `term_order`) VALUES ('11129', '311', '0');
INSERT INTO `wpla_term_relationships` (`object_id`, `term_taxonomy_id`, `term_order`) VALUES ('11130', '311', '0');
INSERT INTO `wpla_term_relationships` (`object_id`, `term_taxonomy_id`, `term_order`) VALUES ('11131', '26', '0');
INSERT INTO `wpla_term_relationships` (`object_id`, `term_taxonomy_id`, `term_order`) VALUES ('11131', '260', '0');
INSERT INTO `wpla_term_relationships` (`object_id`, `term_taxonomy_id`, `term_order`) VALUES ('11132', '26', '0');
INSERT INTO `wpla_term_relationships` (`object_id`, `term_taxonomy_id`, `term_order`) VALUES ('11132', '260', '0');
INSERT INTO `wpla_term_relationships` (`object_id`, `term_taxonomy_id`, `term_order`) VALUES ('11133', '26', '0');
INSERT INTO `wpla_term_relationships` (`object_id`, `term_taxonomy_id`, `term_order`) VALUES ('11133', '263', '0');
INSERT INTO `wpla_term_relationships` (`object_id`, `term_taxonomy_id`, `term_order`) VALUES ('11356', '316', '0');
INSERT INTO `wpla_term_relationships` (`object_id`, `term_taxonomy_id`, `term_order`) VALUES ('11382', '317', '0');
INSERT INTO `wpla_term_relationships` (`object_id`, `term_taxonomy_id`, `term_order`) VALUES ('11382', '318', '0');
INSERT INTO `wpla_term_relationships` (`object_id`, `term_taxonomy_id`, `term_order`) VALUES ('11384', '319', '0');
INSERT INTO `wpla_term_relationships` (`object_id`, `term_taxonomy_id`, `term_order`) VALUES ('11384', '320', '0');
INSERT INTO `wpla_term_relationships` (`object_id`, `term_taxonomy_id`, `term_order`) VALUES ('11398', '321', '0');
CREATE TABLE IF NOT EXISTS `wpla_term_taxonomy` (  `term_taxonomy_id` bigint unsigned NOT NULL AUTO_INCREMENT,  `term_id` bigint unsigned NOT NULL DEFAULT '0',  `taxonomy` varchar(32) NOT NULL DEFAULT '',  `description` longtext NOT NULL,  `parent` bigint unsigned NOT NULL DEFAULT '0',  `count` bigint NOT NULL DEFAULT '0',  PRIMARY KEY (`term_taxonomy_id`),  UNIQUE KEY `term_id_taxonomy` (`term_id`,`taxonomy`),  KEY `taxonomy` (`taxonomy`)) ENGINE=InnoDB AUTO_INCREMENT=331 DEFAULT CHARSET=utf8mb3;
INSERT INTO `wpla_term_taxonomy` (`term_taxonomy_id`, `term_id`, `taxonomy`, `description`, `parent`, `count`) VALUES ('1', '1', 'category', '', '0', '2');
INSERT INTO `wpla_term_taxonomy` (`term_taxonomy_id`, `term_id`, `taxonomy`, `description`, `parent`, `count`) VALUES ('18', '18', 'product_type', '', '0', '2');
INSERT INTO `wpla_term_taxonomy` (`term_taxonomy_id`, `term_id`, `taxonomy`, `description`, `parent`, `count`) VALUES ('19', '19', 'product_type', '', '0', '0');
INSERT INTO `wpla_term_taxonomy` (`term_taxonomy_id`, `term_id`, `taxonomy`, `description`, `parent`, `count`) VALUES ('20', '20', 'product_type', '', '0', '2');
INSERT INTO `wpla_term_taxonomy` (`term_taxonomy_id`, `term_id`, `taxonomy`, `description`, `parent`, `count`) VALUES ('21', '21', 'product_type', '', '0', '0');
INSERT INTO `wpla_term_taxonomy` (`term_taxonomy_id`, `term_id`, `taxonomy`, `description`, `parent`, `count`) VALUES ('22', '22', 'category', '', '0', '1');
INSERT INTO `wpla_term_taxonomy` (`term_taxonomy_id`, `term_id`, `taxonomy`, `description`, `parent`, `count`) VALUES ('23', '23', 'category', '', '0', '5');
INSERT INTO `wpla_term_taxonomy` (`term_taxonomy_id`, `term_id`, `taxonomy`, `description`, `parent`, `count`) VALUES ('24', '24', 'category', '', '0', '5');
INSERT INTO `wpla_term_taxonomy` (`term_taxonomy_id`, `term_id`, `taxonomy`, `description`, `parent`, `count`) VALUES ('25', '25', 'post_tag', '', '0', '1');
INSERT INTO `wpla_term_taxonomy` (`term_taxonomy_id`, `term_id`, `taxonomy`, `description`, `parent`, `count`) VALUES ('26', '26', 'post_tag', '', '0', '1');
INSERT INTO `wpla_term_taxonomy` (`term_taxonomy_id`, `term_id`, `taxonomy`, `description`, `parent`, `count`) VALUES ('27', '27', 'post_tag', '', '0', '2');
INSERT INTO `wpla_term_taxonomy` (`term_taxonomy_id`, `term_id`, `taxonomy`, `description`, `parent`, `count`) VALUES ('28', '28', 'portfolio-category', '', '0', '4');
INSERT INTO `wpla_term_taxonomy` (`term_taxonomy_id`, `term_id`, `taxonomy`, `description`, `parent`, `count`) VALUES ('29', '29', 'portfolio-category', '', '0', '5');
INSERT INTO `wpla_term_taxonomy` (`term_taxonomy_id`, `term_id`, `taxonomy`, `description`, `parent`, `count`) VALUES ('30', '30', 'portfolio-category', '', '0', '3');
INSERT INTO `wpla_term_taxonomy` (`term_taxonomy_id`, `term_id`, `taxonomy`, `description`, `parent`, `count`) VALUES ('31', '31', 'portfolio-category', '', '0', '5');
INSERT INTO `wpla_term_taxonomy` (`term_taxonomy_id`, `term_id`, `taxonomy`, `description`, `parent`, `count`) VALUES ('32', '32', 'portfolio-category', '', '0', '4');
INSERT INTO `wpla_term_taxonomy` (`term_taxonomy_id`, `term_id`, `taxonomy`, `description`, `parent`, `count`) VALUES ('33', '33', 'nav_menu', '', '0', '84');
INSERT INTO `wpla_term_taxonomy` (`term_taxonomy_id`, `term_id`, `taxonomy`, `description`, `parent`, `count`) VALUES ('34', '34', 'nav_menu', '', '0', '8');
INSERT INTO `wpla_term_taxonomy` (`term_taxonomy_id`, `term_id`, `taxonomy`, `description`, `parent`, `count`) VALUES ('35', '35', 'nav_menu', '', '0', '22');
INSERT INTO `wpla_term_taxonomy` (`term_taxonomy_id`, `term_id`, `taxonomy`, `description`, `parent`, `count`) VALUES ('36', '36', 'nav_menu', '', '0', '6');
INSERT INTO `wpla_term_taxonomy` (`term_taxonomy_id`, `term_id`, `taxonomy`, `description`, `parent`, `count`) VALUES ('37', '37', 'post_format', '', '0', '2');
INSERT INTO `wpla_term_taxonomy` (`term_taxonomy_id`, `term_id`, `taxonomy`, `description`, `parent`, `count`) VALUES ('38', '38', 'post_format', '', '0', '1');
INSERT INTO `wpla_term_taxonomy` (`term_taxonomy_id`, `term_id`, `taxonomy`, `description`, `parent`, `count`) VALUES ('39', '39', 'post_format', '', '0', '1');
INSERT INTO `wpla_term_taxonomy` (`term_taxonomy_id`, `term_id`, `taxonomy`, `description`, `parent`, `count`) VALUES ('40', '40', 'post_format', '', '0', '3');
INSERT INTO `wpla_term_taxonomy` (`term_taxonomy_id`, `term_id`, `taxonomy`, `description`, `parent`, `count`) VALUES ('41', '41', 'post_format', '', '0', '1');
INSERT INTO `wpla_term_taxonomy` (`term_taxonomy_id`, `term_id`, `taxonomy`, `description`, `parent`, `count`) VALUES ('42', '42', 'post_format', '', '0', '1');
INSERT INTO `wpla_term_taxonomy` (`term_taxonomy_id`, `term_id`, `taxonomy`, `description`, `parent`, `count`) VALUES ('43', '43', 'post_format', '', '0', '1');
INSERT INTO `wpla_term_taxonomy` (`term_taxonomy_id`, `term_id`, `taxonomy`, `description`, `parent`, `count`) VALUES ('44', '44', 'nav_menu', '', '0', '27');
INSERT INTO `wpla_term_taxonomy` (`term_taxonomy_id`, `term_id`, `taxonomy`, `description`, `parent`, `count`) VALUES ('45', '45', 'category', '', '0', '2');
INSERT INTO `wpla_term_taxonomy` (`term_taxonomy_id`, `term_id`, `taxonomy`, `description`, `parent`, `count`) VALUES ('47', '47', 'nav_menu', '', '0', '7');
INSERT INTO `wpla_term_taxonomy` (`term_taxonomy_id`, `term_id`, `taxonomy`, `description`, `parent`, `count`) VALUES ('53', '53', 'product_cat', '', '0', '0');
INSERT INTO `wpla_term_taxonomy` (`term_taxonomy_id`, `term_id`, `taxonomy`, `description`, `parent`, `count`) VALUES ('121', '121', 'product_cat', '', '0', '2');
INSERT INTO `wpla_term_taxonomy` (`term_taxonomy_id`, `term_id`, `taxonomy`, `description`, `parent`, `count`) VALUES ('122', '122', 'pa_taglia-standard-uomo-donna', '', '0', '0');
INSERT INTO `wpla_term_taxonomy` (`term_taxonomy_id`, `term_id`, `taxonomy`, `description`, `parent`, `count`) VALUES ('123', '123', 'pa_taglia-standard-uomo-donna', '', '0', '0');
INSERT INTO `wpla_term_taxonomy` (`term_taxonomy_id`, `term_id`, `taxonomy`, `description`, `parent`, `count`) VALUES ('126', '126', 'pa_taglia-standard-uomo-donna', '', '0', '0');
INSERT INTO `wpla_term_taxonomy` (`term_taxonomy_id`, `term_id`, `taxonomy`, `description`, `parent`, `count`) VALUES ('127', '127', 'pa_taglia-standard-uomo-donna', '', '0', '0');
INSERT INTO `wpla_term_taxonomy` (`term_taxonomy_id`, `term_id`, `taxonomy`, `description`, `parent`, `count`) VALUES ('128', '128', 'pa_taglia-standard-uomo-donna', '', '0', '0');
INSERT INTO `wpla_term_taxonomy` (`term_taxonomy_id`, `term_id`, `taxonomy`, `description`, `parent`, `count`) VALUES ('129', '129', 'pa_taglia-standard-uomo-donna', '', '0', '0');
INSERT INTO `wpla_term_taxonomy` (`term_taxonomy_id`, `term_id`, `taxonomy`, `description`, `parent`, `count`) VALUES ('130', '130', 'pa_taglia-standard-uomo-donna', '', '0', '0');
INSERT INTO `wpla_term_taxonomy` (`term_taxonomy_id`, `term_id`, `taxonomy`, `description`, `parent`, `count`) VALUES ('131', '131', 'pa_taglia-standard-uomo-donna', '', '0', '0');
INSERT INTO `wpla_term_taxonomy` (`term_taxonomy_id`, `term_id`, `taxonomy`, `description`, `parent`, `count`) VALUES ('132', '132', 'pa_taglia-standard-uomo-donna', '', '0', '0');
INSERT INTO `wpla_term_taxonomy` (`term_taxonomy_id`, `term_id`, `taxonomy`, `description`, `parent`, `count`) VALUES ('133', '133', 'pa_taglia-standard-uomo-donna', '', '0', '0');
INSERT INTO `wpla_term_taxonomy` (`term_taxonomy_id`, `term_id`, `taxonomy`, `description`, `parent`, `count`) VALUES ('134', '134', 'pa_taglia-standard-uomo-donna', '', '0', '0');
INSERT INTO `wpla_term_taxonomy` (`term_taxonomy_id`, `term_id`, `taxonomy`, `description`, `parent`, `count`) VALUES ('135', '135', 'pa_taglia-it-uomo-donna', '', '0', '0');
INSERT INTO `wpla_term_taxonomy` (`term_taxonomy_id`, `term_id`, `taxonomy`, `description`, `parent`, `count`) VALUES ('136', '136', 'pa_taglia-it-uomo-donna', '', '0', '0');
INSERT INTO `wpla_term_taxonomy` (`term_taxonomy_id`, `term_id`, `taxonomy`, `description`, `parent`, `count`) VALUES ('137', '137', 'pa_taglia-it-uomo-donna', '', '0', '0');
INSERT INTO `wpla_term_taxonomy` (`term_taxonomy_id`, `term_id`, `taxonomy`, `description`, `parent`, `count`) VALUES ('138', '138', 'pa_taglia-it-uomo-donna', '', '0', '0');
INSERT INTO `wpla_term_taxonomy` (`term_taxonomy_id`, `term_id`, `taxonomy`, `description`, `parent`, `count`) VALUES ('139', '139', 'pa_taglia-it-uomo-donna', '', '0', '0');
INSERT INTO `wpla_term_taxonomy` (`term_taxonomy_id`, `term_id`, `taxonomy`, `description`, `parent`, `count`) VALUES ('140', '140', 'pa_taglia-it-uomo-donna', '', '0', '0');
INSERT INTO `wpla_term_taxonomy` (`term_taxonomy_id`, `term_id`, `taxonomy`, `description`, `parent`, `count`) VALUES ('141', '141', 'pa_taglia-it-uomo-donna', '', '0', '0');
INSERT INTO `wpla_term_taxonomy` (`term_taxonomy_id`, `term_id`, `taxonomy`, `description`, `parent`, `count`) VALUES ('142', '142', 'pa_taglia-it-uomo-donna', '', '0', '0');
INSERT INTO `wpla_term_taxonomy` (`term_taxonomy_id`, `term_id`, `taxonomy`, `description`, `parent`, `count`) VALUES ('143', '143', 'pa_taglia-it-uomo-donna', '', '0', '0');
INSERT INTO `wpla_term_taxonomy` (`term_taxonomy_id`, `term_id`, `taxonomy`, `description`, `parent`, `count`) VALUES ('144', '144', 'pa_taglia-it-uomo-donna', '', '0', '0');
INSERT INTO `wpla_term_taxonomy` (`term_taxonomy_id`, `term_id`, `taxonomy`, `description`, `parent`, `count`) VALUES ('145', '145', 'pa_taglia-it-uomo-donna', '', '0', '0');
INSERT INTO `wpla_term_taxonomy` (`term_taxonomy_id`, `term_id`, `taxonomy`, `description`, `parent`, `count`) VALUES ('146', '146', 'pa_taglia-it-uomo-donna', '', '0', '0');
INSERT INTO `wpla_term_taxonomy` (`term_taxonomy_id`, `term_id`, `taxonomy`, `description`, `parent`, `count`) VALUES ('147', '147', 'pa_taglia-it-uomo-donna', '', '0', '0');
INSERT INTO `wpla_term_taxonomy` (`term_taxonomy_id`, `term_id`, `taxonomy`, `description`, `parent`, `count`) VALUES ('148', '148', 'pa_taglia-it-uomo-donna', '', '0', '0');
INSERT INTO `wpla_term_taxonomy` (`term_taxonomy_id`, `term_id`, `taxonomy`, `description`, `parent`, `count`) VALUES ('149', '149', 'pa_taglia-jeans', '', '0', '0');
INSERT INTO `wpla_term_taxonomy` (`term_taxonomy_id`, `term_id`, `taxonomy`, `description`, `parent`, `count`) VALUES ('150', '150', 'pa_taglia-jeans', '', '0', '0');
INSERT INTO `wpla_term_taxonomy` (`term_taxonomy_id`, `term_id`, `taxonomy`, `description`, `parent`, `count`) VALUES ('151', '151', 'pa_taglia-jeans', '', '0', '0');
INSERT INTO `wpla_term_taxonomy` (`term_taxonomy_id`, `term_id`, `taxonomy`, `description`, `parent`, `count`) VALUES ('152', '152', 'pa_taglia-jeans', '', '0', '0');
INSERT INTO `wpla_term_taxonomy` (`term_taxonomy_id`, `term_id`, `taxonomy`, `description`, `parent`, `count`) VALUES ('153', '153', 'pa_taglia-jeans', '', '0', '0');
INSERT INTO `wpla_term_taxonomy` (`term_taxonomy_id`, `term_id`, `taxonomy`, `description`, `parent`, `count`) VALUES ('154', '154', 'pa_taglia-jeans', '', '0', '0');
INSERT INTO `wpla_term_taxonomy` (`term_taxonomy_id`, `term_id`, `taxonomy`, `description`, `parent`, `count`) VALUES ('155', '155', 'pa_taglia-jeans', '', '0', '0');
INSERT INTO `wpla_term_taxonomy` (`term_taxonomy_id`, `term_id`, `taxonomy`, `description`, `parent`, `count`) VALUES ('156', '156', 'pa_taglia-jeans', '', '0', '0');
INSERT INTO `wpla_term_taxonomy` (`term_taxonomy_id`, `term_id`, `taxonomy`, `description`, `parent`, `count`) VALUES ('157', '157', 'pa_taglia-jeans', '', '0', '0');
INSERT INTO `wpla_term_taxonomy` (`term_taxonomy_id`, `term_id`, `taxonomy`, `description`, `parent`, `count`) VALUES ('158', '158', 'pa_taglia-jeans', '', '0', '0');
INSERT INTO `wpla_term_taxonomy` (`term_taxonomy_id`, `term_id`, `taxonomy`, `description`, `parent`, `count`) VALUES ('159', '159', 'pa_taglia-jeans', '', '0', '0');
INSERT INTO `wpla_term_taxonomy` (`term_taxonomy_id`, `term_id`, `taxonomy`, `description`, `parent`, `count`) VALUES ('160', '160', 'pa_colore', '', '0', '0');
INSERT INTO `wpla_term_taxonomy` (`term_taxonomy_id`, `term_id`, `taxonomy`, `description`, `parent`, `count`) VALUES ('161', '161', 'pa_colore', '', '0', '0');
INSERT INTO `wpla_term_taxonomy` (`term_taxonomy_id`, `term_id`, `taxonomy`, `description`, `parent`, `count`) VALUES ('162', '162', 'pa_colore', '', '0', '0');
INSERT INTO `wpla_term_taxonomy` (`term_taxonomy_id`, `term_id`, `taxonomy`, `description`, `parent`, `count`) VALUES ('163', '163', 'pa_colore', '', '0', '0');
INSERT INTO `wpla_term_taxonomy` (`term_taxonomy_id`, `term_id`, `taxonomy`, `description`, `parent`, `count`) VALUES ('164', '164', 'pa_colore', '', '0', '0');
INSERT INTO `wpla_term_taxonomy` (`term_taxonomy_id`, `term_id`, `taxonomy`, `description`, `parent`, `count`) VALUES ('165', '165', 'pa_colore', '', '0', '0');
INSERT INTO `wpla_term_taxonomy` (`term_taxonomy_id`, `term_id`, `taxonomy`, `description`, `parent`, `count`) VALUES ('166', '166', 'pa_colore', '', '0', '0');
INSERT INTO `wpla_term_taxonomy` (`term_taxonomy_id`, `term_id`, `taxonomy`, `description`, `parent`, `count`) VALUES ('167', '167', 'pa_colore', '', '0', '0');
INSERT INTO `wpla_term_taxonomy` (`term_taxonomy_id`, `term_id`, `taxonomy`, `description`, `parent`, `count`) VALUES ('168', '168', 'pa_colore', '', '0', '0');
INSERT INTO `wpla_term_taxonomy` (`term_taxonomy_id`, `term_id`, `taxonomy`, `description`, `parent`, `count`) VALUES ('169', '169', 'pa_colore', '', '0', '0');
INSERT INTO `wpla_term_taxonomy` (`term_taxonomy_id`, `term_id`, `taxonomy`, `description`, `parent`, `count`) VALUES ('170', '170', 'pa_colore', '', '0', '0');
INSERT INTO `wpla_term_taxonomy` (`term_taxonomy_id`, `term_id`, `taxonomy`, `description`, `parent`, `count`) VALUES ('171', '171', 'pa_colore', '', '0', '0');
INSERT INTO `wpla_term_taxonomy` (`term_taxonomy_id`, `term_id`, `taxonomy`, `description`, `parent`, `count`) VALUES ('172', '172', 'pa_colore', '', '0', '0');
INSERT INTO `wpla_term_taxonomy` (`term_taxonomy_id`, `term_id`, `taxonomy`, `description`, `parent`, `count`) VALUES ('173', '173', 'pa_colore', '', '0', '0');
INSERT INTO `wpla_term_taxonomy` (`term_taxonomy_id`, `term_id`, `taxonomy`, `description`, `parent`, `count`) VALUES ('174', '174', 'pa_colore', '', '0', '0');
INSERT INTO `wpla_term_taxonomy` (`term_taxonomy_id`, `term_id`, `taxonomy`, `description`, `parent`, `count`) VALUES ('175', '175', 'pa_colore', '', '0', '0');
INSERT INTO `wpla_term_taxonomy` (`term_taxonomy_id`, `term_id`, `taxonomy`, `description`, `parent`, `count`) VALUES ('176', '176', 'pa_colore', '', '0', '0');
INSERT INTO `wpla_term_taxonomy` (`term_taxonomy_id`, `term_id`, `taxonomy`, `description`, `parent`, `count`) VALUES ('177', '177', 'pa_colore', '', '0', '0');
INSERT INTO `wpla_term_taxonomy` (`term_taxonomy_id`, `term_id`, `taxonomy`, `description`, `parent`, `count`) VALUES ('178', '178', 'pa_colore', '', '0', '0');
INSERT INTO `wpla_term_taxonomy` (`term_taxonomy_id`, `term_id`, `taxonomy`, `description`, `parent`, `count`) VALUES ('179', '179', 'pa_colore', '', '0', '0');
INSERT INTO `wpla_term_taxonomy` (`term_taxonomy_id`, `term_id`, `taxonomy`, `description`, `parent`, `count`) VALUES ('180', '180', 'pa_colore', '', '0', '0');
INSERT INTO `wpla_term_taxonomy` (`term_taxonomy_id`, `term_id`, `taxonomy`, `description`, `parent`, `count`) VALUES ('181', '181', 'pa_colore', '', '0', '0');
INSERT INTO `wpla_term_taxonomy` (`term_taxonomy_id`, `term_id`, `taxonomy`, `description`, `parent`, `count`) VALUES ('182', '182', 'pa_colore', '', '0', '0');
INSERT INTO `wpla_term_taxonomy` (`term_taxonomy_id`, `term_id`, `taxonomy`, `description`, `parent`, `count`) VALUES ('183', '183', 'pa_colore', '', '0', '0');
INSERT INTO `wpla_term_taxonomy` (`term_taxonomy_id`, `term_id`, `taxonomy`, `description`, `parent`, `count`) VALUES ('184', '184', 'pa_colore', '', '0', '0');
INSERT INTO `wpla_term_taxonomy` (`term_taxonomy_id`, `term_id`, `taxonomy`, `description`, `parent`, `count`) VALUES ('185', '185', 'pa_colore', '', '0', '0');
INSERT INTO `wpla_term_taxonomy` (`term_taxonomy_id`, `term_id`, `taxonomy`, `description`, `parent`, `count`) VALUES ('186', '186', 'pa_colore', '', '0', '0');
INSERT INTO `wpla_term_taxonomy` (`term_taxonomy_id`, `term_id`, `taxonomy`, `description`, `parent`, `count`) VALUES ('187', '187', 'pa_colore', '', '0', '0');
INSERT INTO `wpla_term_taxonomy` (`term_taxonomy_id`, `term_id`, `taxonomy`, `description`, `parent`, `count`) VALUES ('188', '188', 'pa_colore', '', '0', '0');
INSERT INTO `wpla_term_taxonomy` (`term_taxonomy_id`, `term_id`, `taxonomy`, `description`, `parent`, `count`) VALUES ('189', '189', 'pa_colore', '', '0', '0');
INSERT INTO `wpla_term_taxonomy` (`term_taxonomy_id`, `term_id`, `taxonomy`, `description`, `parent`, `count`) VALUES ('190', '190', 'pa_colore', '', '0', '0');
INSERT INTO `wpla_term_taxonomy` (`term_taxonomy_id`, `term_id`, `taxonomy`, `description`, `parent`, `count`) VALUES ('191', '191', 'pa_colore', '', '0', '0');
INSERT INTO `wpla_term_taxonomy` (`term_taxonomy_id`, `term_id`, `taxonomy`, `description`, `parent`, `count`) VALUES ('192', '192', 'pa_colore', '', '0', '0');
INSERT INTO `wpla_term_taxonomy` (`term_taxonomy_id`, `term_id`, `taxonomy`, `description`, `parent`, `count`) VALUES ('193', '193', 'pa_colore', '', '0', '0');
INSERT INTO `wpla_term_taxonomy` (`term_taxonomy_id`, `term_id`, `taxonomy`, `description`, `parent`, `count`) VALUES ('194', '194', 'pa_colore', '', '0', '0');
INSERT INTO `wpla_term_taxonomy` (`term_taxonomy_id`, `term_id`, `taxonomy`, `description`, `parent`, `count`) VALUES ('195', '195', 'pa_colore', '', '0', '0');
INSERT INTO `wpla_term_taxonomy` (`term_taxonomy_id`, `term_id`, `taxonomy`, `description`, `parent`, `count`) VALUES ('196', '196', 'pa_colore', '', '0', '0');
INSERT INTO `wpla_term_taxonomy` (`term_taxonomy_id`, `term_id`, `taxonomy`, `description`, `parent`, `count`) VALUES ('197', '197', 'pa_colore', '', '0', '0');
INSERT INTO `wpla_term_taxonomy` (`term_taxonomy_id`, `term_id`, `taxonomy`, `description`, `parent`, `count`) VALUES ('198', '198', 'pa_colore', '', '0', '0');
INSERT INTO `wpla_term_taxonomy` (`term_taxonomy_id`, `term_id`, `taxonomy`, `description`, `parent`, `count`) VALUES ('199', '199', 'pa_colore', '', '0', '0');
INSERT INTO `wpla_term_taxonomy` (`term_taxonomy_id`, `term_id`, `taxonomy`, `description`, `parent`, `count`) VALUES ('200', '200', 'pa_colore', '', '0', '0');
INSERT INTO `wpla_term_taxonomy` (`term_taxonomy_id`, `term_id`, `taxonomy`, `description`, `parent`, `count`) VALUES ('201', '201', 'pa_colore', '', '0', '0');
INSERT INTO `wpla_term_taxonomy` (`term_taxonomy_id`, `term_id`, `taxonomy`, `description`, `parent`, `count`) VALUES ('202', '202', 'pa_colore', '', '0', '0');
INSERT INTO `wpla_term_taxonomy` (`term_taxonomy_id`, `term_id`, `taxonomy`, `description`, `parent`, `count`) VALUES ('203', '203', 'pa_colore', '', '0', '0');
INSERT INTO `wpla_term_taxonomy` (`term_taxonomy_id`, `term_id`, `taxonomy`, `description`, `parent`, `count`) VALUES ('204', '204', 'pa_colore', '', '0', '0');
INSERT INTO `wpla_term_taxonomy` (`term_taxonomy_id`, `term_id`, `taxonomy`, `description`, `parent`, `count`) VALUES ('205', '205', 'pa_colore', '', '0', '0');
INSERT INTO `wpla_term_taxonomy` (`term_taxonomy_id`, `term_id`, `taxonomy`, `description`, `parent`, `count`) VALUES ('206', '206', 'pa_colore', '', '0', '0');
INSERT INTO `wpla_term_taxonomy` (`term_taxonomy_id`, `term_id`, `taxonomy`, `description`, `parent`, `count`) VALUES ('207', '207', 'pa_colore', '', '0', '0');
INSERT INTO `wpla_term_taxonomy` (`term_taxonomy_id`, `term_id`, `taxonomy`, `description`, `parent`, `count`) VALUES ('208', '208', 'pa_colore', '', '0', '0');
INSERT INTO `wpla_term_taxonomy` (`term_taxonomy_id`, `term_id`, `taxonomy`, `description`, `parent`, `count`) VALUES ('209', '209', 'pa_colore', '', '0', '0');
INSERT INTO `wpla_term_taxonomy` (`term_taxonomy_id`, `term_id`, `taxonomy`, `description`, `parent`, `count`) VALUES ('210', '210', 'pa_colore', '', '0', '0');
INSERT INTO `wpla_term_taxonomy` (`term_taxonomy_id`, `term_id`, `taxonomy`, `description`, `parent`, `count`) VALUES ('211', '211', 'pa_colore', '', '0', '0');
INSERT INTO `wpla_term_taxonomy` (`term_taxonomy_id`, `term_id`, `taxonomy`, `description`, `parent`, `count`) VALUES ('212', '212', 'pa_colore', '', '0', '0');
INSERT INTO `wpla_term_taxonomy` (`term_taxonomy_id`, `term_id`, `taxonomy`, `description`, `parent`, `count`) VALUES ('213', '213', 'pa_colore', '', '0', '0');
INSERT INTO `wpla_term_taxonomy` (`term_taxonomy_id`, `term_id`, `taxonomy`, `description`, `parent`, `count`) VALUES ('214', '214', 'pa_colore', '', '0', '0');
INSERT INTO `wpla_term_taxonomy` (`term_taxonomy_id`, `term_id`, `taxonomy`, `description`, `parent`, `count`) VALUES ('215', '215', 'pa_colore', '', '0', '0');
INSERT INTO `wpla_term_taxonomy` (`term_taxonomy_id`, `term_id`, `taxonomy`, `description`, `parent`, `count`) VALUES ('216', '216', 'pa_colore', '', '0', '0');
INSERT INTO `wpla_term_taxonomy` (`term_taxonomy_id`, `term_id`, `taxonomy`, `description`, `parent`, `count`) VALUES ('217', '217', 'pa_colore', '', '0', '0');
INSERT INTO `wpla_term_taxonomy` (`term_taxonomy_id`, `term_id`, `taxonomy`, `description`, `parent`, `count`) VALUES ('218', '218', 'pa_colore', '', '0', '0');
INSERT INTO `wpla_term_taxonomy` (`term_taxonomy_id`, `term_id`, `taxonomy`, `description`, `parent`, `count`) VALUES ('219', '219', 'pa_colore', '', '0', '0');
INSERT INTO `wpla_term_taxonomy` (`term_taxonomy_id`, `term_id`, `taxonomy`, `description`, `parent`, `count`) VALUES ('220', '220', 'pa_colore', '', '0', '0');
INSERT INTO `wpla_term_taxonomy` (`term_taxonomy_id`, `term_id`, `taxonomy`, `description`, `parent`, `count`) VALUES ('221', '221', 'pa_colore', '', '0', '0');
INSERT INTO `wpla_term_taxonomy` (`term_taxonomy_id`, `term_id`, `taxonomy`, `description`, `parent`, `count`) VALUES ('222', '222', 'pa_colore', '', '0', '0');
INSERT INTO `wpla_term_taxonomy` (`term_taxonomy_id`, `term_id`, `taxonomy`, `description`, `parent`, `count`) VALUES ('223', '223', 'pa_colore', '', '0', '0');
INSERT INTO `wpla_term_taxonomy` (`term_taxonomy_id`, `term_id`, `taxonomy`, `description`, `parent`, `count`) VALUES ('224', '224', 'pa_colore', '', '0', '0');
INSERT INTO `wpla_term_taxonomy` (`term_taxonomy_id`, `term_id`, `taxonomy`, `description`, `parent`, `count`) VALUES ('225', '225', 'pa_colore', '', '0', '0');
INSERT INTO `wpla_term_taxonomy` (`term_taxonomy_id`, `term_id`, `taxonomy`, `description`, `parent`, `count`) VALUES ('226', '226', 'pa_colore', '', '0', '0');
INSERT INTO `wpla_term_taxonomy` (`term_taxonomy_id`, `term_id`, `taxonomy`, `description`, `parent`, `count`) VALUES ('227', '227', 'pa_colore', '', '0', '0');
INSERT INTO `wpla_term_taxonomy` (`term_taxonomy_id`, `term_id`, `taxonomy`, `description`, `parent`, `count`) VALUES ('228', '228', 'pa_colore', '', '0', '0');
INSERT INTO `wpla_term_taxonomy` (`term_taxonomy_id`, `term_id`, `taxonomy`, `description`, `parent`, `count`) VALUES ('229', '229', 'pa_colore', '', '0', '0');
INSERT INTO `wpla_term_taxonomy` (`term_taxonomy_id`, `term_id`, `taxonomy`, `description`, `parent`, `count`) VALUES ('230', '230', 'pa_colore', '', '0', '0');
INSERT INTO `wpla_term_taxonomy` (`term_taxonomy_id`, `term_id`, `taxonomy`, `description`, `parent`, `count`) VALUES ('231', '231', 'pa_colore', '', '0', '0');
INSERT INTO `wpla_term_taxonomy` (`term_taxonomy_id`, `term_id`, `taxonomy`, `description`, `parent`, `count`) VALUES ('232', '232', 'pa_colore', '', '0', '0');
INSERT INTO `wpla_term_taxonomy` (`term_taxonomy_id`, `term_id`, `taxonomy`, `description`, `parent`, `count`) VALUES ('233', '233', 'pa_colore', '', '0', '0');
INSERT INTO `wpla_term_taxonomy` (`term_taxonomy_id`, `term_id`, `taxonomy`, `description`, `parent`, `count`) VALUES ('234', '234', 'pa_colore', '', '0', '0');
INSERT INTO `wpla_term_taxonomy` (`term_taxonomy_id`, `term_id`, `taxonomy`, `description`, `parent`, `count`) VALUES ('235', '235', 'pa_colore', '', '0', '0');
INSERT INTO `wpla_term_taxonomy` (`term_taxonomy_id`, `term_id`, `taxonomy`, `description`, `parent`, `count`) VALUES ('236', '236', 'pa_colore', '', '0', '0');
INSERT INTO `wpla_term_taxonomy` (`term_taxonomy_id`, `term_id`, `taxonomy`, `description`, `parent`, `count`) VALUES ('237', '237', 'pa_colore', '', '0', '0');
INSERT INTO `wpla_term_taxonomy` (`term_taxonomy_id`, `term_id`, `taxonomy`, `description`, `parent`, `count`) VALUES ('238', '238', 'pa_colore', '', '0', '0');
INSERT INTO `wpla_term_taxonomy` (`term_taxonomy_id`, `term_id`, `taxonomy`, `description`, `parent`, `count`) VALUES ('239', '239', 'pa_colore', '', '0', '0');
INSERT INTO `wpla_term_taxonomy` (`term_taxonomy_id`, `term_id`, `taxonomy`, `description`, `parent`, `count`) VALUES ('240', '240', 'pa_colore', '', '0', '0');
INSERT INTO `wpla_term_taxonomy` (`term_taxonomy_id`, `term_id`, `taxonomy`, `description`, `parent`, `count`) VALUES ('241', '241', 'pa_colore', '', '0', '0');
INSERT INTO `wpla_term_taxonomy` (`term_taxonomy_id`, `term_id`, `taxonomy`, `description`, `parent`, `count`) VALUES ('242', '242', 'pa_colore', '', '0', '0');
INSERT INTO `wpla_term_taxonomy` (`term_taxonomy_id`, `term_id`, `taxonomy`, `description`, `parent`, `count`) VALUES ('243', '243', 'pa_colore', '', '0', '0');
INSERT INTO `wpla_term_taxonomy` (`term_taxonomy_id`, `term_id`, `taxonomy`, `description`, `parent`, `count`) VALUES ('244', '244', 'pa_colore', '', '0', '0');
INSERT INTO `wpla_term_taxonomy` (`term_taxonomy_id`, `term_id`, `taxonomy`, `description`, `parent`, `count`) VALUES ('245', '245', 'pa_colore', '', '0', '0');
INSERT INTO `wpla_term_taxonomy` (`term_taxonomy_id`, `term_id`, `taxonomy`, `description`, `parent`, `count`) VALUES ('246', '246', 'pa_colore', '', '0', '0');
INSERT INTO `wpla_term_taxonomy` (`term_taxonomy_id`, `term_id`, `taxonomy`, `description`, `parent`, `count`) VALUES ('247', '247', 'pa_colore', '', '0', '0');
INSERT INTO `wpla_term_taxonomy` (`term_taxonomy_id`, `term_id`, `taxonomy`, `description`, `parent`, `count`) VALUES ('248', '248', 'pa_colore', '', '0', '0');
INSERT INTO `wpla_term_taxonomy` (`term_taxonomy_id`, `term_id`, `taxonomy`, `description`, `parent`, `count`) VALUES ('249', '249', 'pa_colore', '', '0', '0');
INSERT INTO `wpla_term_taxonomy` (`term_taxonomy_id`, `term_id`, `taxonomy`, `description`, `parent`, `count`) VALUES ('250', '250', 'pa_colore', '', '0', '0');
INSERT INTO `wpla_term_taxonomy` (`term_taxonomy_id`, `term_id`, `taxonomy`, `description`, `parent`, `count`) VALUES ('251', '251', 'pa_libro', 'Il libro stampato è costituito da fogli e copertina stampati e rilegati', '0', '2');
INSERT INTO `wpla_term_taxonomy` (`term_taxonomy_id`, `term_id`, `taxonomy`, `description`, `parent`, `count`) VALUES ('253', '253', 'pa_libro', 'Il libro in versione Pdf è costituito da un file scaricabile tramite download', '0', '2');
INSERT INTO `wpla_term_taxonomy` (`term_taxonomy_id`, `term_id`, `taxonomy`, `description`, `parent`, `count`) VALUES ('254', '254', 'product_tag', '', '0', '1');
INSERT INTO `wpla_term_taxonomy` (`term_taxonomy_id`, `term_id`, `taxonomy`, `description`, `parent`, `count`) VALUES ('255', '255', 'product_tag', '', '0', '1');
INSERT INTO `wpla_term_taxonomy` (`term_taxonomy_id`, `term_id`, `taxonomy`, `description`, `parent`, `count`) VALUES ('256', '256', 'product_tag', '', '0', '1');
INSERT INTO `wpla_term_taxonomy` (`term_taxonomy_id`, `term_id`, `taxonomy`, `description`, `parent`, `count`) VALUES ('257', '257', 'category', '', '0', '1');
INSERT INTO `wpla_term_taxonomy` (`term_taxonomy_id`, `term_id`, `taxonomy`, `description`, `parent`, `count`) VALUES ('258', '258', 'category', '', '257', '0');
INSERT INTO `wpla_term_taxonomy` (`term_taxonomy_id`, `term_id`, `taxonomy`, `description`, `parent`, `count`) VALUES ('259', '259', 'category', '', '257', '1');
INSERT INTO `wpla_term_taxonomy` (`term_taxonomy_id`, `term_id`, `taxonomy`, `description`, `parent`, `count`) VALUES ('260', '260', 'category', '', '257', '0');
INSERT INTO `wpla_term_taxonomy` (`term_taxonomy_id`, `term_id`, `taxonomy`, `description`, `parent`, `count`) VALUES ('261', '261', 'category', '', '257', '0');
INSERT INTO `wpla_term_taxonomy` (`term_taxonomy_id`, `term_id`, `taxonomy`, `description`, `parent`, `count`) VALUES ('262', '262', 'category', '', '257', '0');
INSERT INTO `wpla_term_taxonomy` (`term_taxonomy_id`, `term_id`, `taxonomy`, `description`, `parent`, `count`) VALUES ('263', '263', 'category', '', '257', '0');
INSERT INTO `wpla_term_taxonomy` (`term_taxonomy_id`, `term_id`, `taxonomy`, `description`, `parent`, `count`) VALUES ('264', '264', 'category', '', '257', '0');
INSERT INTO `wpla_term_taxonomy` (`term_taxonomy_id`, `term_id`, `taxonomy`, `description`, `parent`, `count`) VALUES ('265', '265', 'category', '', '23', '0');
INSERT INTO `wpla_term_taxonomy` (`term_taxonomy_id`, `term_id`, `taxonomy`, `description`, `parent`, `count`) VALUES ('266', '266', 'category', '', '23', '0');
INSERT INTO `wpla_term_taxonomy` (`term_taxonomy_id`, `term_id`, `taxonomy`, `description`, `parent`, `count`) VALUES ('267', '267', 'category', '', '23', '0');
INSERT INTO `wpla_term_taxonomy` (`term_taxonomy_id`, `term_id`, `taxonomy`, `description`, `parent`, `count`) VALUES ('268', '268', 'category', '', '22', '0');
INSERT INTO `wpla_term_taxonomy` (`term_taxonomy_id`, `term_id`, `taxonomy`, `description`, `parent`, `count`) VALUES ('269', '269', 'category', '', '22', '0');
INSERT INTO `wpla_term_taxonomy` (`term_taxonomy_id`, `term_id`, `taxonomy`, `description`, `parent`, `count`) VALUES ('270', '270', 'category', '', '22', '0');
INSERT INTO `wpla_term_taxonomy` (`term_taxonomy_id`, `term_id`, `taxonomy`, `description`, `parent`, `count`) VALUES ('271', '271', 'category', '', '22', '0');
INSERT INTO `wpla_term_taxonomy` (`term_taxonomy_id`, `term_id`, `taxonomy`, `description`, `parent`, `count`) VALUES ('272', '272', 'category', '', '22', '0');
INSERT INTO `wpla_term_taxonomy` (`term_taxonomy_id`, `term_id`, `taxonomy`, `description`, `parent`, `count`) VALUES ('273', '273', 'category', '', '22', '0');
INSERT INTO `wpla_term_taxonomy` (`term_taxonomy_id`, `term_id`, `taxonomy`, `description`, `parent`, `count`) VALUES ('274', '274', 'category', '', '24', '0');
INSERT INTO `wpla_term_taxonomy` (`term_taxonomy_id`, `term_id`, `taxonomy`, `description`, `parent`, `count`) VALUES ('275', '275', 'category', '', '24', '1');
INSERT INTO `wpla_term_taxonomy` (`term_taxonomy_id`, `term_id`, `taxonomy`, `description`, `parent`, `count`) VALUES ('284', '284', 'bp-email-type', 'Un utente ha risposto a un aggiornamento attività pubblicato dal destinatario.', '0', '1');
INSERT INTO `wpla_term_taxonomy` (`term_taxonomy_id`, `term_id`, `taxonomy`, `description`, `parent`, `count`) VALUES ('285', '285', 'bp-email-type', 'Un utente ha risposto a un commento su un aggiornamento attività pubblicato dal destinatario.', '0', '1');
INSERT INTO `wpla_term_taxonomy` (`term_taxonomy_id`, `term_id`, `taxonomy`, `description`, `parent`, `count`) VALUES ('286', '286', 'bp-email-type', 'Il destinatario è stato menzionato in un aggiornamento attività.', '0', '1');
INSERT INTO `wpla_term_taxonomy` (`term_taxonomy_id`, `term_id`, `taxonomy`, `description`, `parent`, `count`) VALUES ('287', '287', 'bp-email-type', 'Il destinatario è stato menzionato in un aggiornamento attività di un gruppo.', '0', '1');
INSERT INTO `wpla_term_taxonomy` (`term_taxonomy_id`, `term_id`, `taxonomy`, `description`, `parent`, `count`) VALUES ('288', '288', 'bp-email-type', 'Il destinatario ha registrato un account.', '0', '1');
INSERT INTO `wpla_term_taxonomy` (`term_taxonomy_id`, `term_id`, `taxonomy`, `description`, `parent`, `count`) VALUES ('289', '289', 'bp-email-type', 'Il destinatario ha registrato un account e un sito.', '0', '1');
INSERT INTO `wpla_term_taxonomy` (`term_taxonomy_id`, `term_id`, `taxonomy`, `description`, `parent`, `count`) VALUES ('290', '290', 'bp-email-type', 'Un utente ha inviato una richiesta di amicizia al destinatario.', '0', '1');
INSERT INTO `wpla_term_taxonomy` (`term_taxonomy_id`, `term_id`, `taxonomy`, `description`, `parent`, `count`) VALUES ('291', '291', 'bp-email-type', 'Il destinatario ha avuto una richiesta di amicizia accettata da un utente.', '0', '1');
INSERT INTO `wpla_term_taxonomy` (`term_taxonomy_id`, `term_id`, `taxonomy`, `description`, `parent`, `count`) VALUES ('292', '292', 'bp-email-type', 'I dettagli di un gruppo sono stati aggiornati.', '0', '1');
INSERT INTO `wpla_term_taxonomy` (`term_taxonomy_id`, `term_id`, `taxonomy`, `description`, `parent`, `count`) VALUES ('293', '293', 'bp-email-type', 'Un utente ha inviato al destinatario l\'invito a un gruppo.', '0', '1');
INSERT INTO `wpla_term_taxonomy` (`term_taxonomy_id`, `term_id`, `taxonomy`, `description`, `parent`, `count`) VALUES ('294', '294', 'bp-email-type', 'Lo stato del destinatario in un gruppo è cambiato.', '0', '1');
INSERT INTO `wpla_term_taxonomy` (`term_taxonomy_id`, `term_id`, `taxonomy`, `description`, `parent`, `count`) VALUES ('295', '295', 'bp-email-type', 'Un utente ha richiesto il permesso di aderire a un gruppo.', '0', '1');
INSERT INTO `wpla_term_taxonomy` (`term_taxonomy_id`, `term_id`, `taxonomy`, `description`, `parent`, `count`) VALUES ('296', '296', 'bp-email-type', 'Il destinatario ha ricevuto un messaggio privato.', '0', '1');
INSERT INTO `wpla_term_taxonomy` (`term_taxonomy_id`, `term_id`, `taxonomy`, `description`, `parent`, `count`) VALUES ('297', '297', 'bp-email-type', 'Il destinatario ha modificato il suo indirizzo email.', '0', '1');
INSERT INTO `wpla_term_taxonomy` (`term_taxonomy_id`, `term_id`, `taxonomy`, `description`, `parent`, `count`) VALUES ('298', '298', 'bp-email-type', 'Il destinatario ha richiesto di unirsi ad un gruppo, ed è stato accettato.', '0', '1');
INSERT INTO `wpla_term_taxonomy` (`term_taxonomy_id`, `term_id`, `taxonomy`, `description`, `parent`, `count`) VALUES ('299', '299', 'bp-email-type', 'Il destinatario ha richiesto di unirsi ad un gruppo, ed è stato rifiutato.', '0', '1');
INSERT INTO `wpla_term_taxonomy` (`term_taxonomy_id`, `term_id`, `taxonomy`, `description`, `parent`, `count`) VALUES ('300', '300', 'product_visibility', '', '0', '0');
INSERT INTO `wpla_term_taxonomy` (`term_taxonomy_id`, `term_id`, `taxonomy`, `description`, `parent`, `count`) VALUES ('301', '301', 'product_visibility', '', '0', '0');
INSERT INTO `wpla_term_taxonomy` (`term_taxonomy_id`, `term_id`, `taxonomy`, `description`, `parent`, `count`) VALUES ('302', '302', 'product_visibility', '', '0', '0');
INSERT INTO `wpla_term_taxonomy` (`term_taxonomy_id`, `term_id`, `taxonomy`, `description`, `parent`, `count`) VALUES ('303', '303', 'product_visibility', '', '0', '0');
INSERT INTO `wpla_term_taxonomy` (`term_taxonomy_id`, `term_id`, `taxonomy`, `description`, `parent`, `count`) VALUES ('304', '304', 'product_visibility', '', '0', '0');
INSERT INTO `wpla_term_taxonomy` (`term_taxonomy_id`, `term_id`, `taxonomy`, `description`, `parent`, `count`) VALUES ('305', '305', 'product_visibility', '', '0', '0');
INSERT INTO `wpla_term_taxonomy` (`term_taxonomy_id`, `term_id`, `taxonomy`, `description`, `parent`, `count`) VALUES ('306', '306', 'product_visibility', '', '0', '0');
INSERT INTO `wpla_term_taxonomy` (`term_taxonomy_id`, `term_id`, `taxonomy`, `description`, `parent`, `count`) VALUES ('307', '307', 'product_visibility', '', '0', '0');
INSERT INTO `wpla_term_taxonomy` (`term_taxonomy_id`, `term_id`, `taxonomy`, `description`, `parent`, `count`) VALUES ('308', '308', 'product_visibility', '', '0', '0');
INSERT INTO `wpla_term_taxonomy` (`term_taxonomy_id`, `term_id`, `taxonomy`, `description`, `parent`, `count`) VALUES ('309', '309', 'product_cat', '', '0', '1');
INSERT INTO `wpla_term_taxonomy` (`term_taxonomy_id`, `term_id`, `taxonomy`, `description`, `parent`, `count`) VALUES ('310', '310', 'quiz-type', '', '0', '1');
INSERT INTO `wpla_term_taxonomy` (`term_taxonomy_id`, `term_id`, `taxonomy`, `description`, `parent`, `count`) VALUES ('311', '311', 'question-type', '', '0', '2');
INSERT INTO `wpla_term_taxonomy` (`term_taxonomy_id`, `term_id`, `taxonomy`, `description`, `parent`, `count`) VALUES ('312', '312', 'product_cat', '', '0', '1');
INSERT INTO `wpla_term_taxonomy` (`term_taxonomy_id`, `term_id`, `taxonomy`, `description`, `parent`, `count`) VALUES ('313', '313', 'action-group', '', '0', '0');
INSERT INTO `wpla_term_taxonomy` (`term_taxonomy_id`, `term_id`, `taxonomy`, `description`, `parent`, `count`) VALUES ('314', '314', 'action-group', '', '0', '0');
INSERT INTO `wpla_term_taxonomy` (`term_taxonomy_id`, `term_id`, `taxonomy`, `description`, `parent`, `count`) VALUES ('315', '315', 'gd_placecategory', '', '0', '0');
INSERT INTO `wpla_term_taxonomy` (`term_taxonomy_id`, `term_id`, `taxonomy`, `description`, `parent`, `count`) VALUES ('316', '316', 'topic-tag', '', '0', '1');
INSERT INTO `wpla_term_taxonomy` (`term_taxonomy_id`, `term_id`, `taxonomy`, `description`, `parent`, `count`) VALUES ('317', '317', 'topic-tag', '', '0', '0');
INSERT INTO `wpla_term_taxonomy` (`term_taxonomy_id`, `term_id`, `taxonomy`, `description`, `parent`, `count`) VALUES ('318', '318', 'topic-tag', '', '0', '0');
INSERT INTO `wpla_term_taxonomy` (`term_taxonomy_id`, `term_id`, `taxonomy`, `description`, `parent`, `count`) VALUES ('319', '319', 'topic-tag', '', '0', '0');
INSERT INTO `wpla_term_taxonomy` (`term_taxonomy_id`, `term_id`, `taxonomy`, `description`, `parent`, `count`) VALUES ('320', '320', 'topic-tag', '', '0', '0');
INSERT INTO `wpla_term_taxonomy` (`term_taxonomy_id`, `term_id`, `taxonomy`, `description`, `parent`, `count`) VALUES ('321', '321', 'topic-tag', '', '0', '1');
INSERT INTO `wpla_term_taxonomy` (`term_taxonomy_id`, `term_id`, `taxonomy`, `description`, `parent`, `count`) VALUES ('322', '322', 'wcmp_spmv', 'Used for minimum price products under all single product multi vendor concept.', '0', '0');
INSERT INTO `wpla_term_taxonomy` (`term_taxonomy_id`, `term_id`, `taxonomy`, `description`, `parent`, `count`) VALUES ('323', '323', 'wcmp_spmv', 'Used for maximum price products under all single product multi vendor concept.', '0', '0');
INSERT INTO `wpla_term_taxonomy` (`term_taxonomy_id`, `term_id`, `taxonomy`, `description`, `parent`, `count`) VALUES ('324', '324', 'wcmp_spmv', 'Used for top rated vendor products under all single product multi vendor concept.', '0', '0');
INSERT INTO `wpla_term_taxonomy` (`term_taxonomy_id`, `term_id`, `taxonomy`, `description`, `parent`, `count`) VALUES ('325', '325', 'mvx_spmv', 'Used for minimum price products under all single product multi vendor concept.', '0', '0');
INSERT INTO `wpla_term_taxonomy` (`term_taxonomy_id`, `term_id`, `taxonomy`, `description`, `parent`, `count`) VALUES ('326', '326', 'mvx_spmv', 'Used for maximum price products under all single product multi vendor concept.', '0', '0');
INSERT INTO `wpla_term_taxonomy` (`term_taxonomy_id`, `term_id`, `taxonomy`, `description`, `parent`, `count`) VALUES ('327', '327', 'mvx_spmv', 'Used for top rated vendor products under all single product multi vendor concept.', '0', '0');
INSERT INTO `wpla_term_taxonomy` (`term_taxonomy_id`, `term_id`, `taxonomy`, `description`, `parent`, `count`) VALUES ('328', '328', 'exactmetrics_note_category', '', '0', '0');
INSERT INTO `wpla_term_taxonomy` (`term_taxonomy_id`, `term_id`, `taxonomy`, `description`, `parent`, `count`) VALUES ('329', '329', 'exactmetrics_note_category', '', '0', '0');
INSERT INTO `wpla_term_taxonomy` (`term_taxonomy_id`, `term_id`, `taxonomy`, `description`, `parent`, `count`) VALUES ('330', '330', 'exactmetrics_note_category', '', '0', '0');
CREATE TABLE IF NOT EXISTS `wpla_termmeta` (  `meta_id` bigint unsigned NOT NULL AUTO_INCREMENT,  `term_id` bigint unsigned NOT NULL DEFAULT '0',  `meta_key` varchar(255) DEFAULT NULL,  `meta_value` longtext,  PRIMARY KEY (`meta_id`),  KEY `term_id` (`term_id`),  KEY `meta_key` (`meta_key`(191))) ENGINE=InnoDB AUTO_INCREMENT=229 DEFAULT CHARSET=utf8mb3;
INSERT INTO `wpla_termmeta` (`meta_id`, `term_id`, `meta_key`, `meta_value`) VALUES ('2', '53', 'cat_meta', 'a:2:{i:0;a:2:{i:0;a:2:{i:0;s:0:"";s:10:"cat_header";s:0:"";}s:10:"cat_header";s:0:"";}s:10:"cat_header";s:0:"";}');
INSERT INTO `wpla_termmeta` (`meta_id`, `term_id`, `meta_key`, `meta_value`) VALUES ('62', '121', 'cat_meta', 'a:2:{i:0;a:2:{i:0;a:2:{i:0;s:0:"";s:10:"cat_header";s:0:"";}s:10:"cat_header";s:0:"";}s:10:"cat_header";s:0:"";}');
INSERT INTO `wpla_termmeta` (`meta_id`, `term_id`, `meta_key`, `meta_value`) VALUES ('64', '258', 'kleo_category_display_type', 'masonry');
INSERT INTO `wpla_termmeta` (`meta_id`, `term_id`, `meta_key`, `meta_value`) VALUES ('65', '259', 'kleo_category_display_type', 'masonry');
INSERT INTO `wpla_termmeta` (`meta_id`, `term_id`, `meta_key`, `meta_value`) VALUES ('66', '260', 'kleo_category_display_type', 'masonry');
INSERT INTO `wpla_termmeta` (`meta_id`, `term_id`, `meta_key`, `meta_value`) VALUES ('67', '261', 'kleo_category_display_type', 'masonry');
INSERT INTO `wpla_termmeta` (`meta_id`, `term_id`, `meta_key`, `meta_value`) VALUES ('68', '262', 'kleo_category_display_type', 'masonry');
INSERT INTO `wpla_termmeta` (`meta_id`, `term_id`, `meta_key`, `meta_value`) VALUES ('69', '263', 'kleo_category_display_type', 'masonry');
INSERT INTO `wpla_termmeta` (`meta_id`, `term_id`, `meta_key`, `meta_value`) VALUES ('70', '264', 'kleo_category_display_type', 'masonry');
INSERT INTO `wpla_termmeta` (`meta_id`, `term_id`, `meta_key`, `meta_value`) VALUES ('71', '23', 'kleo_category_display_type', 'masonry');
INSERT INTO `wpla_termmeta` (`meta_id`, `term_id`, `meta_key`, `meta_value`) VALUES ('72', '265', 'kleo_category_display_type', 'masonry');
INSERT INTO `wpla_termmeta` (`meta_id`, `term_id`, `meta_key`, `meta_value`) VALUES ('73', '266', 'kleo_category_display_type', 'masonry');
INSERT INTO `wpla_termmeta` (`meta_id`, `term_id`, `meta_key`, `meta_value`) VALUES ('74', '267', 'kleo_category_display_type', 'masonry');
INSERT INTO `wpla_termmeta` (`meta_id`, `term_id`, `meta_key`, `meta_value`) VALUES ('75', '22', 'kleo_category_display_type', 'masonry');
INSERT INTO `wpla_termmeta` (`meta_id`, `term_id`, `meta_key`, `meta_value`) VALUES ('76', '268', 'kleo_category_display_type', 'masonry');
INSERT INTO `wpla_termmeta` (`meta_id`, `term_id`, `meta_key`, `meta_value`) VALUES ('77', '269', 'kleo_category_display_type', 'masonry');
INSERT INTO `wpla_termmeta` (`meta_id`, `term_id`, `meta_key`, `meta_value`) VALUES ('78', '270', 'kleo_category_display_type', 'masonry');
INSERT INTO `wpla_termmeta` (`meta_id`, `term_id`, `meta_key`, `meta_value`) VALUES ('79', '271', 'kleo_category_display_type', 'masonry');
INSERT INTO `wpla_termmeta` (`meta_id`, `term_id`, `meta_key`, `meta_value`) VALUES ('80', '272', 'kleo_category_display_type', 'masonry');
INSERT INTO `wpla_termmeta` (`meta_id`, `term_id`, `meta_key`, `meta_value`) VALUES ('81', '273', 'kleo_category_display_type', 'masonry');
INSERT INTO `wpla_termmeta` (`meta_id`, `term_id`, `meta_key`, `meta_value`) VALUES ('82', '24', 'kleo_category_display_type', 'masonry');
INSERT INTO `wpla_termmeta` (`meta_id`, `term_id`, `meta_key`, `meta_value`) VALUES ('83', '274', 'kleo_category_display_type', 'masonry');
INSERT INTO `wpla_termmeta` (`meta_id`, `term_id`, `meta_key`, `meta_value`) VALUES ('84', '275', 'kleo_category_display_type', 'masonry');
INSERT INTO `wpla_termmeta` (`meta_id`, `term_id`, `meta_key`, `meta_value`) VALUES ('85', '53', 'order', '0');
INSERT INTO `wpla_termmeta` (`meta_id`, `term_id`, `meta_key`, `meta_value`) VALUES ('86', '53', 'display_type', '');
INSERT INTO `wpla_termmeta` (`meta_id`, `term_id`, `meta_key`, `meta_value`) VALUES ('87', '53', 'thumbnail_id', '0');
INSERT INTO `wpla_termmeta` (`meta_id`, `term_id`, `meta_key`, `meta_value`) VALUES ('88', '131', 'order', '7');
INSERT INTO `wpla_termmeta` (`meta_id`, `term_id`, `meta_key`, `meta_value`) VALUES ('89', '130', 'order', '8');
INSERT INTO `wpla_termmeta` (`meta_id`, `term_id`, `meta_key`, `meta_value`) VALUES ('90', '133', 'order', '5');
INSERT INTO `wpla_termmeta` (`meta_id`, `term_id`, `meta_key`, `meta_value`) VALUES ('91', '132', 'order', '6');
INSERT INTO `wpla_termmeta` (`meta_id`, `term_id`, `meta_key`, `meta_value`) VALUES ('92', '129', 'order', '9');
INSERT INTO `wpla_termmeta` (`meta_id`, `term_id`, `meta_key`, `meta_value`) VALUES ('93', '128', 'order', '10');
INSERT INTO `wpla_termmeta` (`meta_id`, `term_id`, `meta_key`, `meta_value`) VALUES ('94', '127', 'order', '11');
INSERT INTO `wpla_termmeta` (`meta_id`, `term_id`, `meta_key`, `meta_value`) VALUES ('95', '126', 'order', '3');
INSERT INTO `wpla_termmeta` (`meta_id`, `term_id`, `meta_key`, `meta_value`) VALUES ('96', '161', 'order', '0');
INSERT INTO `wpla_termmeta` (`meta_id`, `term_id`, `meta_key`, `meta_value`) VALUES ('97', '162', 'order', '0');
INSERT INTO `wpla_termmeta` (`meta_id`, `term_id`, `meta_key`, `meta_value`) VALUES ('98', '123', 'order', '2');
INSERT INTO `wpla_termmeta` (`meta_id`, `term_id`, `meta_key`, `meta_value`) VALUES ('99', '122', 'order', '1');
INSERT INTO `wpla_termmeta` (`meta_id`, `term_id`, `meta_key`, `meta_value`) VALUES ('100', '121', 'thumbnail_id', '9092');
INSERT INTO `wpla_termmeta` (`meta_id`, `term_id`, `meta_key`, `meta_value`) VALUES ('101', '121', 'display_type', '');
INSERT INTO `wpla_termmeta` (`meta_id`, `term_id`, `meta_key`, `meta_value`) VALUES ('102', '121', 'order', '0');
INSERT INTO `wpla_termmeta` (`meta_id`, `term_id`, `meta_key`, `meta_value`) VALUES ('103', '134', 'order', '4');
INSERT INTO `wpla_termmeta` (`meta_id`, `term_id`, `meta_key`, `meta_value`) VALUES ('104', '135', 'order', '1');
INSERT INTO `wpla_termmeta` (`meta_id`, `term_id`, `meta_key`, `meta_value`) VALUES ('105', '136', 'order', '2');
INSERT INTO `wpla_termmeta` (`meta_id`, `term_id`, `meta_key`, `meta_value`) VALUES ('106', '137', 'order', '3');
INSERT INTO `wpla_termmeta` (`meta_id`, `term_id`, `meta_key`, `meta_value`) VALUES ('107', '138', 'order', '4');
INSERT INTO `wpla_termmeta` (`meta_id`, `term_id`, `meta_key`, `meta_value`) VALUES ('108', '139', 'order', '5');
INSERT INTO `wpla_termmeta` (`meta_id`, `term_id`, `meta_key`, `meta_value`) VALUES ('109', '140', 'order', '6');
INSERT INTO `wpla_termmeta` (`meta_id`, `term_id`, `meta_key`, `meta_value`) VALUES ('110', '141', 'order', '7');
INSERT INTO `wpla_termmeta` (`meta_id`, `term_id`, `meta_key`, `meta_value`) VALUES ('111', '142', 'order', '8');
INSERT INTO `wpla_termmeta` (`meta_id`, `term_id`, `meta_key`, `meta_value`) VALUES ('112', '143', 'order', '9');
INSERT INTO `wpla_termmeta` (`meta_id`, `term_id`, `meta_key`, `meta_value`) VALUES ('113', '144', 'order', '10');
INSERT INTO `wpla_termmeta` (`meta_id`, `term_id`, `meta_key`, `meta_value`) VALUES ('114', '145', 'order', '11');
INSERT INTO `wpla_termmeta` (`meta_id`, `term_id`, `meta_key`, `meta_value`) VALUES ('115', '146', 'order', '0');
INSERT INTO `wpla_termmeta` (`meta_id`, `term_id`, `meta_key`, `meta_value`) VALUES ('116', '147', 'order', '0');
INSERT INTO `wpla_termmeta` (`meta_id`, `term_id`, `meta_key`, `meta_value`) VALUES ('117', '148', 'order', '0');
INSERT INTO `wpla_termmeta` (`meta_id`, `term_id`, `meta_key`, `meta_value`) VALUES ('118', '149', 'order', '1');
INSERT INTO `wpla_termmeta` (`meta_id`, `term_id`, `meta_key`, `meta_value`) VALUES ('119', '150', 'order', '2');
INSERT INTO `wpla_termmeta` (`meta_id`, `term_id`, `meta_key`, `meta_value`) VALUES ('120', '151', 'order', '3');
INSERT INTO `wpla_termmeta` (`meta_id`, `term_id`, `meta_key`, `meta_value`) VALUES ('121', '152', 'order', '4');
INSERT INTO `wpla_termmeta` (`meta_id`, `term_id`, `meta_key`, `meta_value`) VALUES ('122', '153', 'order', '5');
INSERT INTO `wpla_termmeta` (`meta_id`, `term_id`, `meta_key`, `meta_value`) VALUES ('123', '154', 'order', '6');
INSERT INTO `wpla_termmeta` (`meta_id`, `term_id`, `meta_key`, `meta_value`) VALUES ('124', '155', 'order', '7');
INSERT INTO `wpla_termmeta` (`meta_id`, `term_id`, `meta_key`, `meta_value`) VALUES ('125', '156', 'order', '8');
INSERT INTO `wpla_termmeta` (`meta_id`, `term_id`, `meta_key`, `meta_value`) VALUES ('126', '157', 'order', '9');
INSERT INTO `wpla_termmeta` (`meta_id`, `term_id`, `meta_key`, `meta_value`) VALUES ('127', '158', 'order', '10');
INSERT INTO `wpla_termmeta` (`meta_id`, `term_id`, `meta_key`, `meta_value`) VALUES ('128', '159', 'order', '11');
INSERT INTO `wpla_termmeta` (`meta_id`, `term_id`, `meta_key`, `meta_value`) VALUES ('129', '121', 'product_count_product_cat', '2');
INSERT INTO `wpla_termmeta` (`meta_id`, `term_id`, `meta_key`, `meta_value`) VALUES ('130', '160', 'order', '0');
INSERT INTO `wpla_termmeta` (`meta_id`, `term_id`, `meta_key`, `meta_value`) VALUES ('131', '163', 'order', '0');
INSERT INTO `wpla_termmeta` (`meta_id`, `term_id`, `meta_key`, `meta_value`) VALUES ('132', '164', 'order', '0');
INSERT INTO `wpla_termmeta` (`meta_id`, `term_id`, `meta_key`, `meta_value`) VALUES ('133', '165', 'order', '0');
INSERT INTO `wpla_termmeta` (`meta_id`, `term_id`, `meta_key`, `meta_value`) VALUES ('134', '166', 'order', '0');
INSERT INTO `wpla_termmeta` (`meta_id`, `term_id`, `meta_key`, `meta_value`) VALUES ('135', '167', 'order', '0');
INSERT INTO `wpla_termmeta` (`meta_id`, `term_id`, `meta_key`, `meta_value`) VALUES ('136', '168', 'order', '0');
INSERT INTO `wpla_termmeta` (`meta_id`, `term_id`, `meta_key`, `meta_value`) VALUES ('137', '169', 'order', '0');
INSERT INTO `wpla_termmeta` (`meta_id`, `term_id`, `meta_key`, `meta_value`) VALUES ('138', '170', 'order', '0');
INSERT INTO `wpla_termmeta` (`meta_id`, `term_id`, `meta_key`, `meta_value`) VALUES ('139', '171', 'order', '0');
INSERT INTO `wpla_termmeta` (`meta_id`, `term_id`, `meta_key`, `meta_value`) VALUES ('140', '172', 'order', '0');
INSERT INTO `wpla_termmeta` (`meta_id`, `term_id`, `meta_key`, `meta_value`) VALUES ('141', '173', 'order', '0');
INSERT INTO `wpla_termmeta` (`meta_id`, `term_id`, `meta_key`, `meta_value`) VALUES ('142', '174', 'order', '0');
INSERT INTO `wpla_termmeta` (`meta_id`, `term_id`, `meta_key`, `meta_value`) VALUES ('143', '175', 'order', '0');
INSERT INTO `wpla_termmeta` (`meta_id`, `term_id`, `meta_key`, `meta_value`) VALUES ('144', '176', 'order', '0');
INSERT INTO `wpla_termmeta` (`meta_id`, `term_id`, `meta_key`, `meta_value`) VALUES ('145', '177', 'order', '0');
INSERT INTO `wpla_termmeta` (`meta_id`, `term_id`, `meta_key`, `meta_value`) VALUES ('146', '178', 'order', '0');
INSERT INTO `wpla_termmeta` (`meta_id`, `term_id`, `meta_key`, `meta_value`) VALUES ('147', '179', 'order', '0');
INSERT INTO `wpla_termmeta` (`meta_id`, `term_id`, `meta_key`, `meta_value`) VALUES ('148', '180', 'order', '0');
INSERT INTO `wpla_termmeta` (`meta_id`, `term_id`, `meta_key`, `meta_value`) VALUES ('149', '181', 'order', '0');
INSERT INTO `wpla_termmeta` (`meta_id`, `term_id`, `meta_key`, `meta_value`) VALUES ('150', '182', 'order', '0');
INSERT INTO `wpla_termmeta` (`meta_id`, `term_id`, `meta_key`, `meta_value`) VALUES ('151', '183', 'order', '0');
INSERT INTO `wpla_termmeta` (`meta_id`, `term_id`, `meta_key`, `meta_value`) VALUES ('152', '184', 'order', '0');
INSERT INTO `wpla_termmeta` (`meta_id`, `term_id`, `meta_key`, `meta_value`) VALUES ('153', '185', 'order', '0');
INSERT INTO `wpla_termmeta` (`meta_id`, `term_id`, `meta_key`, `meta_value`) VALUES ('154', '186', 'order', '0');
INSERT INTO `wpla_termmeta` (`meta_id`, `term_id`, `meta_key`, `meta_value`) VALUES ('155', '187', 'order', '0');
INSERT INTO `wpla_termmeta` (`meta_id`, `term_id`, `meta_key`, `meta_value`) VALUES ('156', '188', 'order', '0');
INSERT INTO `wpla_termmeta` (`meta_id`, `term_id`, `meta_key`, `meta_value`) VALUES ('157', '189', 'order', '0');
INSERT INTO `wpla_termmeta` (`meta_id`, `term_id`, `meta_key`, `meta_value`) VALUES ('158', '190', 'order', '0');
INSERT INTO `wpla_termmeta` (`meta_id`, `term_id`, `meta_key`, `meta_value`) VALUES ('159', '191', 'order', '0');
INSERT INTO `wpla_termmeta` (`meta_id`, `term_id`, `meta_key`, `meta_value`) VALUES ('160', '192', 'order', '0');
INSERT INTO `wpla_termmeta` (`meta_id`, `term_id`, `meta_key`, `meta_value`) VALUES ('161', '193', 'order', '0');
INSERT INTO `wpla_termmeta` (`meta_id`, `term_id`, `meta_key`, `meta_value`) VALUES ('162', '194', 'order', '0');
INSERT INTO `wpla_termmeta` (`meta_id`, `term_id`, `meta_key`, `meta_value`) VALUES ('163', '195', 'order', '0');
INSERT INTO `wpla_termmeta` (`meta_id`, `term_id`, `meta_key`, `meta_value`) VALUES ('164', '196', 'order', '0');
INSERT INTO `wpla_termmeta` (`meta_id`, `term_id`, `meta_key`, `meta_value`) VALUES ('165', '197', 'order', '0');
INSERT INTO `wpla_termmeta` (`meta_id`, `term_id`, `meta_key`, `meta_value`) VALUES ('166', '198', 'order', '0');
INSERT INTO `wpla_termmeta` (`meta_id`, `term_id`, `meta_key`, `meta_value`) VALUES ('167', '199', 'order', '0');
INSERT INTO `wpla_termmeta` (`meta_id`, `term_id`, `meta_key`, `meta_value`) VALUES ('168', '200', 'order', '0');
INSERT INTO `wpla_termmeta` (`meta_id`, `term_id`, `meta_key`, `meta_value`) VALUES ('169', '201', 'order', '0');
INSERT INTO `wpla_termmeta` (`meta_id`, `term_id`, `meta_key`, `meta_value`) VALUES ('170', '202', 'order', '0');
INSERT INTO `wpla_termmeta` (`meta_id`, `term_id`, `meta_key`, `meta_value`) VALUES ('171', '203', 'order', '0');
INSERT INTO `wpla_termmeta` (`meta_id`, `term_id`, `meta_key`, `meta_value`) VALUES ('172', '204', 'order', '0');
INSERT INTO `wpla_termmeta` (`meta_id`, `term_id`, `meta_key`, `meta_value`) VALUES ('173', '205', 'order', '0');
INSERT INTO `wpla_termmeta` (`meta_id`, `term_id`, `meta_key`, `meta_value`) VALUES ('174', '206', 'order', '0');
INSERT INTO `wpla_termmeta` (`meta_id`, `term_id`, `meta_key`, `meta_value`) VALUES ('175', '207', 'order', '0');
INSERT INTO `wpla_termmeta` (`meta_id`, `term_id`, `meta_key`, `meta_value`) VALUES ('176', '208', 'order', '0');
INSERT INTO `wpla_termmeta` (`meta_id`, `term_id`, `meta_key`, `meta_value`) VALUES ('177', '209', 'order', '0');
INSERT INTO `wpla_termmeta` (`meta_id`, `term_id`, `meta_key`, `meta_value`) VALUES ('178', '210', 'order', '0');
INSERT INTO `wpla_termmeta` (`meta_id`, `term_id`, `meta_key`, `meta_value`) VALUES ('179', '211', 'order', '0');
INSERT INTO `wpla_termmeta` (`meta_id`, `term_id`, `meta_key`, `meta_value`) VALUES ('180', '212', 'order', '0');
INSERT INTO `wpla_termmeta` (`meta_id`, `term_id`, `meta_key`, `meta_value`) VALUES ('181', '213', 'order', '0');
INSERT INTO `wpla_termmeta` (`meta_id`, `term_id`, `meta_key`, `meta_value`) VALUES ('182', '214', 'order', '0');
INSERT INTO `wpla_termmeta` (`meta_id`, `term_id`, `meta_key`, `meta_value`) VALUES ('183', '215', 'order', '0');
INSERT INTO `wpla_termmeta` (`meta_id`, `term_id`, `meta_key`, `meta_value`) VALUES ('184', '216', 'order', '0');
INSERT INTO `wpla_termmeta` (`meta_id`, `term_id`, `meta_key`, `meta_value`) VALUES ('185', '217', 'order', '0');
INSERT INTO `wpla_termmeta` (`meta_id`, `term_id`, `meta_key`, `meta_value`) VALUES ('186', '218', 'order', '0');
INSERT INTO `wpla_termmeta` (`meta_id`, `term_id`, `meta_key`, `meta_value`) VALUES ('187', '219', 'order', '0');
INSERT INTO `wpla_termmeta` (`meta_id`, `term_id`, `meta_key`, `meta_value`) VALUES ('188', '220', 'order', '0');
INSERT INTO `wpla_termmeta` (`meta_id`, `term_id`, `meta_key`, `meta_value`) VALUES ('189', '221', 'order', '0');
INSERT INTO `wpla_termmeta` (`meta_id`, `term_id`, `meta_key`, `meta_value`) VALUES ('190', '222', 'order', '0');
INSERT INTO `wpla_termmeta` (`meta_id`, `term_id`, `meta_key`, `meta_value`) VALUES ('191', '223', 'order', '0');
INSERT INTO `wpla_termmeta` (`meta_id`, `term_id`, `meta_key`, `meta_value`) VALUES ('192', '224', 'order', '0');
INSERT INTO `wpla_termmeta` (`meta_id`, `term_id`, `meta_key`, `meta_value`) VALUES ('193', '225', 'order', '0');
INSERT INTO `wpla_termmeta` (`meta_id`, `term_id`, `meta_key`, `meta_value`) VALUES ('194', '226', 'order', '0');
INSERT INTO `wpla_termmeta` (`meta_id`, `term_id`, `meta_key`, `meta_value`) VALUES ('195', '227', 'order', '0');
INSERT INTO `wpla_termmeta` (`meta_id`, `term_id`, `meta_key`, `meta_value`) VALUES ('196', '228', 'order', '0');
INSERT INTO `wpla_termmeta` (`meta_id`, `term_id`, `meta_key`, `meta_value`) VALUES ('197', '229', 'order', '0');
INSERT INTO `wpla_termmeta` (`meta_id`, `term_id`, `meta_key`, `meta_value`) VALUES ('198', '230', 'order', '0');
INSERT INTO `wpla_termmeta` (`meta_id`, `term_id`, `meta_key`, `meta_value`) VALUES ('199', '231', 'order', '0');
INSERT INTO `wpla_termmeta` (`meta_id`, `term_id`, `meta_key`, `meta_value`) VALUES ('200', '232', 'order', '0');
INSERT INTO `wpla_termmeta` (`meta_id`, `term_id`, `meta_key`, `meta_value`) VALUES ('201', '233', 'order', '0');
INSERT INTO `wpla_termmeta` (`meta_id`, `term_id`, `meta_key`, `meta_value`) VALUES ('202', '234', 'order', '0');
INSERT INTO `wpla_termmeta` (`meta_id`, `term_id`, `meta_key`, `meta_value`) VALUES ('203', '235', 'order', '0');
INSERT INTO `wpla_termmeta` (`meta_id`, `term_id`, `meta_key`, `meta_value`) VALUES ('204', '236', 'order', '0');
INSERT INTO `wpla_termmeta` (`meta_id`, `term_id`, `meta_key`, `meta_value`) VALUES ('205', '237', 'order', '0');
INSERT INTO `wpla_termmeta` (`meta_id`, `term_id`, `meta_key`, `meta_value`) VALUES ('206', '238', 'order', '0');
INSERT INTO `wpla_termmeta` (`meta_id`, `term_id`, `meta_key`, `meta_value`) VALUES ('207', '239', 'order', '0');
INSERT INTO `wpla_termmeta` (`meta_id`, `term_id`, `meta_key`, `meta_value`) VALUES ('208', '240', 'order', '0');
INSERT INTO `wpla_termmeta` (`meta_id`, `term_id`, `meta_key`, `meta_value`) VALUES ('209', '241', 'order', '0');
INSERT INTO `wpla_termmeta` (`meta_id`, `term_id`, `meta_key`, `meta_value`) VALUES ('210', '242', 'order', '0');
INSERT INTO `wpla_termmeta` (`meta_id`, `term_id`, `meta_key`, `meta_value`) VALUES ('211', '243', 'order', '0');
INSERT INTO `wpla_termmeta` (`meta_id`, `term_id`, `meta_key`, `meta_value`) VALUES ('212', '244', 'order', '0');
INSERT INTO `wpla_termmeta` (`meta_id`, `term_id`, `meta_key`, `meta_value`) VALUES ('213', '245', 'order', '0');
INSERT INTO `wpla_termmeta` (`meta_id`, `term_id`, `meta_key`, `meta_value`) VALUES ('214', '246', 'order', '0');
INSERT INTO `wpla_termmeta` (`meta_id`, `term_id`, `meta_key`, `meta_value`) VALUES ('215', '247', 'order', '0');
INSERT INTO `wpla_termmeta` (`meta_id`, `term_id`, `meta_key`, `meta_value`) VALUES ('216', '248', 'order', '0');
INSERT INTO `wpla_termmeta` (`meta_id`, `term_id`, `meta_key`, `meta_value`) VALUES ('217', '249', 'order', '0');
INSERT INTO `wpla_termmeta` (`meta_id`, `term_id`, `meta_key`, `meta_value`) VALUES ('218', '250', 'order', '0');
INSERT INTO `wpla_termmeta` (`meta_id`, `term_id`, `meta_key`, `meta_value`) VALUES ('219', '53', 'product_count_product_cat', '0');
INSERT INTO `wpla_termmeta` (`meta_id`, `term_id`, `meta_key`, `meta_value`) VALUES ('220', '251', 'order', '0');
INSERT INTO `wpla_termmeta` (`meta_id`, `term_id`, `meta_key`, `meta_value`) VALUES ('221', '253', 'order', '0');
INSERT INTO `wpla_termmeta` (`meta_id`, `term_id`, `meta_key`, `meta_value`) VALUES ('222', '254', 'product_count_product_tag', '1');
INSERT INTO `wpla_termmeta` (`meta_id`, `term_id`, `meta_key`, `meta_value`) VALUES ('223', '255', 'product_count_product_tag', '1');
INSERT INTO `wpla_termmeta` (`meta_id`, `term_id`, `meta_key`, `meta_value`) VALUES ('224', '256', 'product_count_product_tag', '1');
INSERT INTO `wpla_termmeta` (`meta_id`, `term_id`, `meta_key`, `meta_value`) VALUES ('225', '309', 'order', '0');
INSERT INTO `wpla_termmeta` (`meta_id`, `term_id`, `meta_key`, `meta_value`) VALUES ('226', '309', 'product_count_product_cat', '1');
INSERT INTO `wpla_termmeta` (`meta_id`, `term_id`, `meta_key`, `meta_value`) VALUES ('227', '312', 'product_count_product_cat', '1');
INSERT INTO `wpla_termmeta` (`meta_id`, `term_id`, `meta_key`, `meta_value`) VALUES ('228', '315', 'ct_cat_icon', 'a:2:{s:2:"id";i:11287;s:3:"src";s:17:"2019/05/pin-1.png";}');
CREATE TABLE IF NOT EXISTS `wpla_terms` (  `term_id` bigint unsigned NOT NULL AUTO_INCREMENT,  `name` varchar(200) NOT NULL DEFAULT '',  `slug` varchar(200) NOT NULL DEFAULT '',  `term_group` bigint NOT NULL DEFAULT '0',  `term_icon` text,  PRIMARY KEY (`term_id`),  KEY `slug` (`slug`(191)),  KEY `name` (`name`(191))) ENGINE=InnoDB AUTO_INCREMENT=331 DEFAULT CHARSET=utf8mb3;
INSERT INTO `wpla_terms` (`term_id`, `name`, `slug`, `term_group`, `term_icon`) VALUES ('1', 'Non categorizzato', 'non-categorizzato', '0', '');
INSERT INTO `wpla_terms` (`term_id`, `name`, `slug`, `term_group`, `term_icon`) VALUES ('18', 'simple', 'simple', '0', '');
INSERT INTO `wpla_terms` (`term_id`, `name`, `slug`, `term_group`, `term_icon`) VALUES ('19', 'grouped', 'grouped', '0', '');
INSERT INTO `wpla_terms` (`term_id`, `name`, `slug`, `term_group`, `term_icon`) VALUES ('20', 'variable', 'variable', '0', '');
INSERT INTO `wpla_terms` (`term_id`, `name`, `slug`, `term_group`, `term_icon`) VALUES ('21', 'external', 'external', '0', '');
INSERT INTO `wpla_terms` (`term_id`, `name`, `slug`, `term_group`, `term_icon`) VALUES ('22', 'Eventi', 'eventi', '0', '');
INSERT INTO `wpla_terms` (`term_id`, `name`, `slug`, `term_group`, `term_icon`) VALUES ('23', 'Agenzie', 'agenzie', '0', '');
INSERT INTO `wpla_terms` (`term_id`, `name`, `slug`, `term_group`, `term_icon`) VALUES ('24', 'Retail', 'retail', '0', '');
INSERT INTO `wpla_terms` (`term_id`, `name`, `slug`, `term_group`, `term_icon`) VALUES ('25', 'Awesome', 'awesome', '0', '');
INSERT INTO `wpla_terms` (`term_id`, `name`, `slug`, `term_group`, `term_icon`) VALUES ('26', 'Business', 'business', '0', '');
INSERT INTO `wpla_terms` (`term_id`, `name`, `slug`, `term_group`, `term_icon`) VALUES ('27', 'Design', 'design', '0', '');
INSERT INTO `wpla_terms` (`term_id`, `name`, `slug`, `term_group`, `term_icon`) VALUES ('28', 'Design', 'design', '0', '');
INSERT INTO `wpla_terms` (`term_id`, `name`, `slug`, `term_group`, `term_icon`) VALUES ('29', 'Photography', 'photography', '0', '');
INSERT INTO `wpla_terms` (`term_id`, `name`, `slug`, `term_group`, `term_icon`) VALUES ('30', 'Print', 'print', '0', '');
INSERT INTO `wpla_terms` (`term_id`, `name`, `slug`, `term_group`, `term_icon`) VALUES ('31', 'Videos', 'videos', '0', '');
INSERT INTO `wpla_terms` (`term_id`, `name`, `slug`, `term_group`, `term_icon`) VALUES ('32', 'Web Template', 'web-template', '0', '');
INSERT INTO `wpla_terms` (`term_id`, `name`, `slug`, `term_group`, `term_icon`) VALUES ('33', 'kleoNavMenu', 'kleonavmenu', '0', '');
INSERT INTO `wpla_terms` (`term_id`, `name`, `slug`, `term_group`, `term_icon`) VALUES ('34', 'kleoTopMenu', 'kleotopmenu', '0', '');
INSERT INTO `wpla_terms` (`term_id`, `name`, `slug`, `term_group`, `term_icon`) VALUES ('35', 'Shortcodes', 'shortcodes', '0', '');
INSERT INTO `wpla_terms` (`term_id`, `name`, `slug`, `term_group`, `term_icon`) VALUES ('36', 'One Page', 'one-page', '0', '');
INSERT INTO `wpla_terms` (`term_id`, `name`, `slug`, `term_group`, `term_icon`) VALUES ('37', 'Image', 'post-format-image', '0', '');
INSERT INTO `wpla_terms` (`term_id`, `name`, `slug`, `term_group`, `term_icon`) VALUES ('38', 'Link', 'post-format-link', '0', '');
INSERT INTO `wpla_terms` (`term_id`, `name`, `slug`, `term_group`, `term_icon`) VALUES ('39', 'Aside', 'post-format-aside', '0', '');
INSERT INTO `wpla_terms` (`term_id`, `name`, `slug`, `term_group`, `term_icon`) VALUES ('40', 'Gallery', 'post-format-gallery', '0', '');
INSERT INTO `wpla_terms` (`term_id`, `name`, `slug`, `term_group`, `term_icon`) VALUES ('41', 'Video', 'post-format-video', '0', '');
INSERT INTO `wpla_terms` (`term_id`, `name`, `slug`, `term_group`, `term_icon`) VALUES ('42', 'Quote', 'post-format-quote', '0', '');
INSERT INTO `wpla_terms` (`term_id`, `name`, `slug`, `term_group`, `term_icon`) VALUES ('43', 'Audio', 'post-format-audio', '0', '');
INSERT INTO `wpla_terms` (`term_id`, `name`, `slug`, `term_group`, `term_icon`) VALUES ('44', 'Menu Principale', 'menu-principale', '0', '');
INSERT INTO `wpla_terms` (`term_id`, `name`, `slug`, `term_group`, `term_icon`) VALUES ('45', 'Corsi', 'corsi', '0', '');
INSERT INTO `wpla_terms` (`term_id`, `name`, `slug`, `term_group`, `term_icon`) VALUES ('47', 'Account', 'account', '0', '');
INSERT INTO `wpla_terms` (`term_id`, `name`, `slug`, `term_group`, `term_icon`) VALUES ('53', 'MODA &amp; ACCESSORI', 'moda-accessori', '0', '');
INSERT INTO `wpla_terms` (`term_id`, `name`, `slug`, `term_group`, `term_icon`) VALUES ('121', 'LIBRI e RIVISTE', 'libri-e-riviste', '0', '');
INSERT INTO `wpla_terms` (`term_id`, `name`, `slug`, `term_group`, `term_icon`) VALUES ('122', 'XS', 'xs', '0', '');
INSERT INTO `wpla_terms` (`term_id`, `name`, `slug`, `term_group`, `term_icon`) VALUES ('123', 'S', 's', '0', '');
INSERT INTO `wpla_terms` (`term_id`, `name`, `slug`, `term_group`, `term_icon`) VALUES ('126', 'M', 'm', '0', '');
INSERT INTO `wpla_terms` (`term_id`, `name`, `slug`, `term_group`, `term_icon`) VALUES ('127', '7XL', '7xl', '0', '');
INSERT INTO `wpla_terms` (`term_id`, `name`, `slug`, `term_group`, `term_icon`) VALUES ('128', '6XL', '6xl', '0', '');
INSERT INTO `wpla_terms` (`term_id`, `name`, `slug`, `term_group`, `term_icon`) VALUES ('129', '5XL', '5xl', '0', '');
INSERT INTO `wpla_terms` (`term_id`, `name`, `slug`, `term_group`, `term_icon`) VALUES ('130', '4XL', '4xl', '0', '');
INSERT INTO `wpla_terms` (`term_id`, `name`, `slug`, `term_group`, `term_icon`) VALUES ('131', '3XL', '3xl', '0', '');
INSERT INTO `wpla_terms` (`term_id`, `name`, `slug`, `term_group`, `term_icon`) VALUES ('132', '2XL', '2xl', '0', '');
INSERT INTO `wpla_terms` (`term_id`, `name`, `slug`, `term_group`, `term_icon`) VALUES ('133', 'XL', 'xl', '0', '');
INSERT INTO `wpla_terms` (`term_id`, `name`, `slug`, `term_group`, `term_icon`) VALUES ('134', 'L', 'l', '0', '');
INSERT INTO `wpla_terms` (`term_id`, `name`, `slug`, `term_group`, `term_icon`) VALUES ('135', '44', '44', '0', '');
INSERT INTO `wpla_terms` (`term_id`, `name`, `slug`, `term_group`, `term_icon`) VALUES ('136', '46', '46', '0', '');
INSERT INTO `wpla_terms` (`term_id`, `name`, `slug`, `term_group`, `term_icon`) VALUES ('137', '48', '48', '0', '');
INSERT INTO `wpla_terms` (`term_id`, `name`, `slug`, `term_group`, `term_icon`) VALUES ('138', '50', '50', '0', '');
INSERT INTO `wpla_terms` (`term_id`, `name`, `slug`, `term_group`, `term_icon`) VALUES ('139', '52', '52', '0', '');
INSERT INTO `wpla_terms` (`term_id`, `name`, `slug`, `term_group`, `term_icon`) VALUES ('140', '54', '54', '0', '');
INSERT INTO `wpla_terms` (`term_id`, `name`, `slug`, `term_group`, `term_icon`) VALUES ('141', '56', '56', '0', '');
INSERT INTO `wpla_terms` (`term_id`, `name`, `slug`, `term_group`, `term_icon`) VALUES ('142', '58', '58', '0', '');
INSERT INTO `wpla_terms` (`term_id`, `name`, `slug`, `term_group`, `term_icon`) VALUES ('143', '60', '60', '0', '');
INSERT INTO `wpla_terms` (`term_id`, `name`, `slug`, `term_group`, `term_icon`) VALUES ('144', '62', '62', '0', '');
INSERT INTO `wpla_terms` (`term_id`, `name`, `slug`, `term_group`, `term_icon`) VALUES ('145', '64', '64', '0', '');
INSERT INTO `wpla_terms` (`term_id`, `name`, `slug`, `term_group`, `term_icon`) VALUES ('146', '42', '42', '0', '');
INSERT INTO `wpla_terms` (`term_id`, `name`, `slug`, `term_group`, `term_icon`) VALUES ('147', '40', '40', '0', '');
INSERT INTO `wpla_terms` (`term_id`, `name`, `slug`, `term_group`, `term_icon`) VALUES ('148', '38', '38', '0', '');
INSERT INTO `wpla_terms` (`term_id`, `name`, `slug`, `term_group`, `term_icon`) VALUES ('149', '29', '29', '0', '');
INSERT INTO `wpla_terms` (`term_id`, `name`, `slug`, `term_group`, `term_icon`) VALUES ('150', '30-31', '30-31', '0', '');
INSERT INTO `wpla_terms` (`term_id`, `name`, `slug`, `term_group`, `term_icon`) VALUES ('151', '32-33', '32-33', '0', '');
INSERT INTO `wpla_terms` (`term_id`, `name`, `slug`, `term_group`, `term_icon`) VALUES ('152', '34-35', '34-35', '0', '');
INSERT INTO `wpla_terms` (`term_id`, `name`, `slug`, `term_group`, `term_icon`) VALUES ('153', '36-37', '36-37', '0', '');
INSERT INTO `wpla_terms` (`term_id`, `name`, `slug`, `term_group`, `term_icon`) VALUES ('154', '38-39', '38-39', '0', '');
INSERT INTO `wpla_terms` (`term_id`, `name`, `slug`, `term_group`, `term_icon`) VALUES ('155', '40-41', '40-41', '0', '');
INSERT INTO `wpla_terms` (`term_id`, `name`, `slug`, `term_group`, `term_icon`) VALUES ('156', '42-43', '42-43', '0', '');
INSERT INTO `wpla_terms` (`term_id`, `name`, `slug`, `term_group`, `term_icon`) VALUES ('157', '44-45', '44-45', '0', '');
INSERT INTO `wpla_terms` (`term_id`, `name`, `slug`, `term_group`, `term_icon`) VALUES ('158', '46-47', '46-47', '0', '');
INSERT INTO `wpla_terms` (`term_id`, `name`, `slug`, `term_group`, `term_icon`) VALUES ('159', '48-49', '48-49', '0', '');
INSERT INTO `wpla_terms` (`term_id`, `name`, `slug`, `term_group`, `term_icon`) VALUES ('160', 'Bianco', 'bianco', '0', '');
INSERT INTO `wpla_terms` (`term_id`, `name`, `slug`, `term_group`, `term_icon`) VALUES ('161', 'Avorio', 'avorio', '0', '');
INSERT INTO `wpla_terms` (`term_id`, `name`, `slug`, `term_group`, `term_icon`) VALUES ('162', 'Crema', 'crema', '0', '');
INSERT INTO `wpla_terms` (`term_id`, `name`, `slug`, `term_group`, `term_icon`) VALUES ('163', 'Giallo Chiaro', 'giallo-chiaro', '0', '');
INSERT INTO `wpla_terms` (`term_id`, `name`, `slug`, `term_group`, `term_icon`) VALUES ('164', 'Giallo Limone', 'giallo-limone', '0', '');
INSERT INTO `wpla_terms` (`term_id`, `name`, `slug`, `term_group`, `term_icon`) VALUES ('165', 'Giallo', 'giallo', '0', '');
INSERT INTO `wpla_terms` (`term_id`, `name`, `slug`, `term_group`, `term_icon`) VALUES ('166', 'Giallo Scuro', 'giallo-scuro', '0', '');
INSERT INTO `wpla_terms` (`term_id`, `name`, `slug`, `term_group`, `term_icon`) VALUES ('167', 'Arancio', 'arancio', '0', '');
INSERT INTO `wpla_terms` (`term_id`, `name`, `slug`, `term_group`, `term_icon`) VALUES ('168', 'Arancio Chiaro', 'arancio-chiaro', '0', '');
INSERT INTO `wpla_terms` (`term_id`, `name`, `slug`, `term_group`, `term_icon`) VALUES ('169', 'Arancio Scuro', 'arancio-scuro', '0', '');
INSERT INTO `wpla_terms` (`term_id`, `name`, `slug`, `term_group`, `term_icon`) VALUES ('170', 'Rosso', 'rosso', '0', '');
INSERT INTO `wpla_terms` (`term_id`, `name`, `slug`, `term_group`, `term_icon`) VALUES ('171', 'Rosso Scarlatto', 'rosso-scarlatto', '0', '');
INSERT INTO `wpla_terms` (`term_id`, `name`, `slug`, `term_group`, `term_icon`) VALUES ('172', 'Rosso Scuro', 'rosso-scuro', '0', '');
INSERT INTO `wpla_terms` (`term_id`, `name`, `slug`, `term_group`, `term_icon`) VALUES ('173', 'Rosso Carminio', 'rosso-carminio', '0', '');
INSERT INTO `wpla_terms` (`term_id`, `name`, `slug`, `term_group`, `term_icon`) VALUES ('174', 'Rosso Magenta', 'rosso-magenta', '0', '');
INSERT INTO `wpla_terms` (`term_id`, `name`, `slug`, `term_group`, `term_icon`) VALUES ('175', 'Rosa Carminio', 'rosa-carminio', '0', '');
INSERT INTO `wpla_terms` (`term_id`, `name`, `slug`, `term_group`, `term_icon`) VALUES ('176', 'Rosa', 'rosa', '0', '');
INSERT INTO `wpla_terms` (`term_id`, `name`, `slug`, `term_group`, `term_icon`) VALUES ('177', 'Fucsia', 'fucsia', '0', '');
INSERT INTO `wpla_terms` (`term_id`, `name`, `slug`, `term_group`, `term_icon`) VALUES ('178', 'Rosa Chiaro', 'rosa-chiaro', '0', '');
INSERT INTO `wpla_terms` (`term_id`, `name`, `slug`, `term_group`, `term_icon`) VALUES ('179', 'Rosa Scuro', 'rosa-scuro', '0', '');
INSERT INTO `wpla_terms` (`term_id`, `name`, `slug`, `term_group`, `term_icon`) VALUES ('180', 'Magenta', 'magenta', '0', '');
INSERT INTO `wpla_terms` (`term_id`, `name`, `slug`, `term_group`, `term_icon`) VALUES ('181', 'Magenta Chiaro', 'magenta-chiaro', '0', '');
INSERT INTO `wpla_terms` (`term_id`, `name`, `slug`, `term_group`, `term_icon`) VALUES ('182', 'Magenta Scuro', 'magenta-scuro', '0', '');
INSERT INTO `wpla_terms` (`term_id`, `name`, `slug`, `term_group`, `term_icon`) VALUES ('183', 'Viola', 'viola', '0', '');
INSERT INTO `wpla_terms` (`term_id`, `name`, `slug`, `term_group`, `term_icon`) VALUES ('184', 'Viola Chiaro', 'viola-chiaro', '0', '');
INSERT INTO `wpla_terms` (`term_id`, `name`, `slug`, `term_group`, `term_icon`) VALUES ('185', 'Viola Scuro', 'viola-scuro', '0', '');
INSERT INTO `wpla_terms` (`term_id`, `name`, `slug`, `term_group`, `term_icon`) VALUES ('186', 'Viola Porpora', 'viola-porpora', '0', '');
INSERT INTO `wpla_terms` (`term_id`, `name`, `slug`, `term_group`, `term_icon`) VALUES ('187', 'Viola Azzurro', 'viola-azzurro', '0', '');
INSERT INTO `wpla_terms` (`term_id`, `name`, `slug`, `term_group`, `term_icon`) VALUES ('188', 'Malva', 'malva', '0', '');
INSERT INTO `wpla_terms` (`term_id`, `name`, `slug`, `term_group`, `term_icon`) VALUES ('189', 'Blu', 'blu', '0', '');
INSERT INTO `wpla_terms` (`term_id`, `name`, `slug`, `term_group`, `term_icon`) VALUES ('190', 'Blu Chiaro', 'blu-chiaro', '0', '');
INSERT INTO `wpla_terms` (`term_id`, `name`, `slug`, `term_group`, `term_icon`) VALUES ('191', 'Blu Scuro', 'blu-scuro', '0', '');
INSERT INTO `wpla_terms` (`term_id`, `name`, `slug`, `term_group`, `term_icon`) VALUES ('192', 'Indaco', 'indaco', '0', '');
INSERT INTO `wpla_terms` (`term_id`, `name`, `slug`, `term_group`, `term_icon`) VALUES ('193', 'Blu Rossastro', 'blu-rossastro', '0', '');
INSERT INTO `wpla_terms` (`term_id`, `name`, `slug`, `term_group`, `term_icon`) VALUES ('194', 'Blu Cobalto', 'blu-cobalto', '0', '');
INSERT INTO `wpla_terms` (`term_id`, `name`, `slug`, `term_group`, `term_icon`) VALUES ('195', 'Blu Oltremare', 'blu-oltremare', '0', '');
INSERT INTO `wpla_terms` (`term_id`, `name`, `slug`, `term_group`, `term_icon`) VALUES ('196', 'Blu Chiaro Oltremare', 'blu-chiaro-oltremare', '0', '');
INSERT INTO `wpla_terms` (`term_id`, `name`, `slug`, `term_group`, `term_icon`) VALUES ('197', 'Azzurro', 'azzurro', '0', '');
INSERT INTO `wpla_terms` (`term_id`, `name`, `slug`, `term_group`, `term_icon`) VALUES ('198', 'Blu Turchese', 'blu-turchese', '0', '');
INSERT INTO `wpla_terms` (`term_id`, `name`, `slug`, `term_group`, `term_icon`) VALUES ('199', 'Blu di Prussia', 'blu-di-prussia', '0', '');
INSERT INTO `wpla_terms` (`term_id`, `name`, `slug`, `term_group`, `term_icon`) VALUES ('200', 'Celeste', 'celeste', '0', '');
INSERT INTO `wpla_terms` (`term_id`, `name`, `slug`, `term_group`, `term_icon`) VALUES ('201', 'Verde', 'verde', '0', '');
INSERT INTO `wpla_terms` (`term_id`, `name`, `slug`, `term_group`, `term_icon`) VALUES ('202', 'Celeste Chiaro', 'celeste-chiaro', '0', '');
INSERT INTO `wpla_terms` (`term_id`, `name`, `slug`, `term_group`, `term_icon`) VALUES ('203', 'Celeste Scuro', 'celeste-scuro', '0', '');
INSERT INTO `wpla_terms` (`term_id`, `name`, `slug`, `term_group`, `term_icon`) VALUES ('204', 'Verde Cobalto', 'verde-cobalto', '0', '');
INSERT INTO `wpla_terms` (`term_id`, `name`, `slug`, `term_group`, `term_icon`) VALUES ('205', 'Verde Cobalto Scuro', 'verde-cobalto-scuro', '0', '');
INSERT INTO `wpla_terms` (`term_id`, `name`, `slug`, `term_group`, `term_icon`) VALUES ('206', 'Verde Smeraldo', 'verde-smeraldo', '0', '');
INSERT INTO `wpla_terms` (`term_id`, `name`, `slug`, `term_group`, `term_icon`) VALUES ('207', 'Verde Erba', 'verde-erba', '0', '');
INSERT INTO `wpla_terms` (`term_id`, `name`, `slug`, `term_group`, `term_icon`) VALUES ('208', 'Verde Foglia', 'verde-foglia', '0', '');
INSERT INTO `wpla_terms` (`term_id`, `name`, `slug`, `term_group`, `term_icon`) VALUES ('209', 'Verde Oliva', 'verde-oliva', '0', '');
INSERT INTO `wpla_terms` (`term_id`, `name`, `slug`, `term_group`, `term_icon`) VALUES ('210', 'Verde Pino', 'verde-pino', '0', '');
INSERT INTO `wpla_terms` (`term_id`, `name`, `slug`, `term_group`, `term_icon`) VALUES ('211', 'Verde Giallo', 'verde-giallo', '0', '');
INSERT INTO `wpla_terms` (`term_id`, `name`, `slug`, `term_group`, `term_icon`) VALUES ('212', 'Verde Terra', 'verde-terra', '0', '');
INSERT INTO `wpla_terms` (`term_id`, `name`, `slug`, `term_group`, `term_icon`) VALUES ('213', 'Rosso Indiano', 'rosso-indiano', '0', '');
INSERT INTO `wpla_terms` (`term_id`, `name`, `slug`, `term_group`, `term_icon`) VALUES ('214', 'Rosso Carminio Bruciato', 'rosso-carminio-bruciato', '0', '');
INSERT INTO `wpla_terms` (`term_id`, `name`, `slug`, `term_group`, `term_icon`) VALUES ('215', 'Carne Scuro', 'carne-scuro', '0', '');
INSERT INTO `wpla_terms` (`term_id`, `name`, `slug`, `term_group`, `term_icon`) VALUES ('216', 'Carne Medio', 'carne-medio', '0', '');
INSERT INTO `wpla_terms` (`term_id`, `name`, `slug`, `term_group`, `term_icon`) VALUES ('217', 'Carne Chiaro', 'carne-chiaro', '0', '');
INSERT INTO `wpla_terms` (`term_id`, `name`, `slug`, `term_group`, `term_icon`) VALUES ('218', 'Cannella', 'cannella', '0', '');
INSERT INTO `wpla_terms` (`term_id`, `name`, `slug`, `term_group`, `term_icon`) VALUES ('219', 'Rosso Pompeiano', 'rosso-pompeiano', '0', '');
INSERT INTO `wpla_terms` (`term_id`, `name`, `slug`, `term_group`, `term_icon`) VALUES ('220', 'Rosso Veneziano', 'rosso-veneziano', '0', '');
INSERT INTO `wpla_terms` (`term_id`, `name`, `slug`, `term_group`, `term_icon`) VALUES ('221', 'Sanguigna', 'sanguigna', '0', '');
INSERT INTO `wpla_terms` (`term_id`, `name`, `slug`, `term_group`, `term_icon`) VALUES ('222', 'Ocra', 'ocra', '0', '');
INSERT INTO `wpla_terms` (`term_id`, `name`, `slug`, `term_group`, `term_icon`) VALUES ('223', 'Ocra Bruciata', 'ocra-bruciata', '0', '');
INSERT INTO `wpla_terms` (`term_id`, `name`, `slug`, `term_group`, `term_icon`) VALUES ('224', 'Terracotta', 'terracotta', '0', '');
INSERT INTO `wpla_terms` (`term_id`, `name`, `slug`, `term_group`, `term_icon`) VALUES ('225', 'Giallo Ocra', 'giallo-ocra', '0', '');
INSERT INTO `wpla_terms` (`term_id`, `name`, `slug`, `term_group`, `term_icon`) VALUES ('226', 'Giallo Napoli', 'giallo-napoli', '0', '');
INSERT INTO `wpla_terms` (`term_id`, `name`, `slug`, `term_group`, `term_icon`) VALUES ('227', 'Giallo Napoli Scuro', 'giallo-napoli-scuro', '0', '');
INSERT INTO `wpla_terms` (`term_id`, `name`, `slug`, `term_group`, `term_icon`) VALUES ('228', 'Verde Oro', 'verde-oro', '0', '');
INSERT INTO `wpla_terms` (`term_id`, `name`, `slug`, `term_group`, `term_icon`) VALUES ('229', 'Marrone', 'marrone', '0', '');
INSERT INTO `wpla_terms` (`term_id`, `name`, `slug`, `term_group`, `term_icon`) VALUES ('230', 'Terra Naturale', 'terra-naturale', '0', '');
INSERT INTO `wpla_terms` (`term_id`, `name`, `slug`, `term_group`, `term_icon`) VALUES ('231', 'Marrone Chiaro', 'marrone-chiaro', '0', '');
INSERT INTO `wpla_terms` (`term_id`, `name`, `slug`, `term_group`, `term_icon`) VALUES ('232', 'Marrone Scuro', 'marrone-scuro', '0', '');
INSERT INTO `wpla_terms` (`term_id`, `name`, `slug`, `term_group`, `term_icon`) VALUES ('233', 'Terra Bruciata', 'terra-bruciata', '0', '');
INSERT INTO `wpla_terms` (`term_id`, `name`, `slug`, `term_group`, `term_icon`) VALUES ('234', 'Torrone', 'torrone', '0', '');
INSERT INTO `wpla_terms` (`term_id`, `name`, `slug`, `term_group`, `term_icon`) VALUES ('235', 'Terra di Siena', 'terra-di-siena', '0', '');
INSERT INTO `wpla_terms` (`term_id`, `name`, `slug`, `term_group`, `term_icon`) VALUES ('236', 'Terra di Siena Bruciata', 'terra-di-siena-bruciata', '0', '');
INSERT INTO `wpla_terms` (`term_id`, `name`, `slug`, `term_group`, `term_icon`) VALUES ('237', 'Marrone Radica di Noce', 'marrone-radica-di-noce', '0', '');
INSERT INTO `wpla_terms` (`term_id`, `name`, `slug`, `term_group`, `term_icon`) VALUES ('238', 'Seppia', 'seppia', '0', '');
INSERT INTO `wpla_terms` (`term_id`, `name`, `slug`, `term_group`, `term_icon`) VALUES ('239', 'Seppia Chiaro', 'seppia-chiaro', '0', '');
INSERT INTO `wpla_terms` (`term_id`, `name`, `slug`, `term_group`, `term_icon`) VALUES ('240', 'Seppia Scuro', 'seppia-scuro', '0', '');
INSERT INTO `wpla_terms` (`term_id`, `name`, `slug`, `term_group`, `term_icon`) VALUES ('241', 'Grigio', 'grigio', '0', '');
INSERT INTO `wpla_terms` (`term_id`, `name`, `slug`, `term_group`, `term_icon`) VALUES ('242', 'Grigio Caldo', 'grigio-caldo', '0', '');
INSERT INTO `wpla_terms` (`term_id`, `name`, `slug`, `term_group`, `term_icon`) VALUES ('243', 'Grigio Freddo', 'grigio-freddo', '0', '');
INSERT INTO `wpla_terms` (`term_id`, `name`, `slug`, `term_group`, `term_icon`) VALUES ('244', 'Grigio Chiaro', 'grigio-chiaro', '0', '');
INSERT INTO `wpla_terms` (`term_id`, `name`, `slug`, `term_group`, `term_icon`) VALUES ('245', 'Grigio Scuro', 'grigio-scuro', '0', '');
INSERT INTO `wpla_terms` (`term_id`, `name`, `slug`, `term_group`, `term_icon`) VALUES ('246', 'Nero', 'nero', '0', '');
INSERT INTO `wpla_terms` (`term_id`, `name`, `slug`, `term_group`, `term_icon`) VALUES ('247', 'Oro', 'oro', '0', '');
INSERT INTO `wpla_terms` (`term_id`, `name`, `slug`, `term_group`, `term_icon`) VALUES ('248', 'Argento', 'argento', '0', '');
INSERT INTO `wpla_terms` (`term_id`, `name`, `slug`, `term_group`, `term_icon`) VALUES ('249', 'Rame', 'rame', '0', '');
INSERT INTO `wpla_terms` (`term_id`, `name`, `slug`, `term_group`, `term_icon`) VALUES ('250', 'Bronzo', 'bronzo', '0', '');
INSERT INTO `wpla_terms` (`term_id`, `name`, `slug`, `term_group`, `term_icon`) VALUES ('251', 'Libro Stampato', 'libro-stampato', '0', '');
INSERT INTO `wpla_terms` (`term_id`, `name`, `slug`, `term_group`, `term_icon`) VALUES ('253', 'Libro Pdf', 'libro-pdf', '0', '');
INSERT INTO `wpla_terms` (`term_id`, `name`, `slug`, `term_group`, `term_icon`) VALUES ('254', 'book', 'book', '0', '');
INSERT INTO `wpla_terms` (`term_id`, `name`, `slug`, `term_group`, `term_icon`) VALUES ('255', 'moda', 'moda', '0', '');
INSERT INTO `wpla_terms` (`term_id`, `name`, `slug`, `term_group`, `term_icon`) VALUES ('256', 'tendenze', 'tendenze', '0', '');
INSERT INTO `wpla_terms` (`term_id`, `name`, `slug`, `term_group`, `term_icon`) VALUES ('257', 'Moda', 'moda', '0', '');
INSERT INTO `wpla_terms` (`term_id`, `name`, `slug`, `term_group`, `term_icon`) VALUES ('258', 'Sfilate', 'sfilate', '0', '');
INSERT INTO `wpla_terms` (`term_id`, `name`, `slug`, `term_group`, `term_icon`) VALUES ('259', 'Tendenze', 'tendenze', '0', '');
INSERT INTO `wpla_terms` (`term_id`, `name`, `slug`, `term_group`, `term_icon`) VALUES ('260', 'Abbigliamento', 'abbigliamento', '0', '');
INSERT INTO `wpla_terms` (`term_id`, `name`, `slug`, `term_group`, `term_icon`) VALUES ('261', 'Borse', 'borse', '0', '');
INSERT INTO `wpla_terms` (`term_id`, `name`, `slug`, `term_group`, `term_icon`) VALUES ('262', 'Scarpe', 'scarpe', '0', '');
INSERT INTO `wpla_terms` (`term_id`, `name`, `slug`, `term_group`, `term_icon`) VALUES ('263', 'Accessori', 'accessori', '0', '');
INSERT INTO `wpla_terms` (`term_id`, `name`, `slug`, `term_group`, `term_icon`) VALUES ('264', 'News', 'news', '0', '');
INSERT INTO `wpla_terms` (`term_id`, `name`, `slug`, `term_group`, `term_icon`) VALUES ('265', 'Rappresentanti - Showroom', 'rappresentanti-showroom', '0', '');
INSERT INTO `wpla_terms` (`term_id`, `name`, `slug`, `term_group`, `term_icon`) VALUES ('266', 'Comunicazione e PR', 'comunicazione-e-pr', '0', '');
INSERT INTO `wpla_terms` (`term_id`, `name`, `slug`, `term_group`, `term_icon`) VALUES ('267', 'Designers', 'designers', '0', '');
INSERT INTO `wpla_terms` (`term_id`, `name`, `slug`, `term_group`, `term_icon`) VALUES ('268', 'Sfilate', 'sfilate-eventi', '0', '');
INSERT INTO `wpla_terms` (`term_id`, `name`, `slug`, `term_group`, `term_icon`) VALUES ('269', 'Mostre', 'mostre', '0', '');
INSERT INTO `wpla_terms` (`term_id`, `name`, `slug`, `term_group`, `term_icon`) VALUES ('270', 'Inaugurazioni', 'inaugurazioni', '0', '');
INSERT INTO `wpla_terms` (`term_id`, `name`, `slug`, `term_group`, `term_icon`) VALUES ('271', 'Premiazioni', 'premiazioni', '0', '');
INSERT INTO `wpla_terms` (`term_id`, `name`, `slug`, `term_group`, `term_icon`) VALUES ('272', 'Party', 'party', '0', '');
INSERT INTO `wpla_terms` (`term_id`, `name`, `slug`, `term_group`, `term_icon`) VALUES ('273', 'Performance', 'performance', '0', '');
INSERT INTO `wpla_terms` (`term_id`, `name`, `slug`, `term_group`, `term_icon`) VALUES ('274', 'Negozi', 'negozi', '0', '');
INSERT INTO `wpla_terms` (`term_id`, `name`, `slug`, `term_group`, `term_icon`) VALUES ('275', 'E-commerce', 'e-commerce', '0', '');
INSERT INTO `wpla_terms` (`term_id`, `name`, `slug`, `term_group`, `term_icon`) VALUES ('284', 'activity-comment', 'activity-comment', '0', '');
INSERT INTO `wpla_terms` (`term_id`, `name`, `slug`, `term_group`, `term_icon`) VALUES ('285', 'activity-comment-author', 'activity-comment-author', '0', '');
INSERT INTO `wpla_terms` (`term_id`, `name`, `slug`, `term_group`, `term_icon`) VALUES ('286', 'activity-at-message', 'activity-at-message', '0', '');
INSERT INTO `wpla_terms` (`term_id`, `name`, `slug`, `term_group`, `term_icon`) VALUES ('287', 'groups-at-message', 'groups-at-message', '0', '');
INSERT INTO `wpla_terms` (`term_id`, `name`, `slug`, `term_group`, `term_icon`) VALUES ('288', 'core-user-registration', 'core-user-registration', '0', '');
INSERT INTO `wpla_terms` (`term_id`, `name`, `slug`, `term_group`, `term_icon`) VALUES ('289', 'core-user-registration-with-blog', 'core-user-registration-with-blog', '0', '');
INSERT INTO `wpla_terms` (`term_id`, `name`, `slug`, `term_group`, `term_icon`) VALUES ('290', 'friends-request', 'friends-request', '0', '');
INSERT INTO `wpla_terms` (`term_id`, `name`, `slug`, `term_group`, `term_icon`) VALUES ('291', 'friends-request-accepted', 'friends-request-accepted', '0', '');
INSERT INTO `wpla_terms` (`term_id`, `name`, `slug`, `term_group`, `term_icon`) VALUES ('292', 'groups-details-updated', 'groups-details-updated', '0', '');
INSERT INTO `wpla_terms` (`term_id`, `name`, `slug`, `term_group`, `term_icon`) VALUES ('293', 'groups-invitation', 'groups-invitation', '0', '');
INSERT INTO `wpla_terms` (`term_id`, `name`, `slug`, `term_group`, `term_icon`) VALUES ('294', 'groups-member-promoted', 'groups-member-promoted', '0', '');
INSERT INTO `wpla_terms` (`term_id`, `name`, `slug`, `term_group`, `term_icon`) VALUES ('295', 'groups-membership-request', 'groups-membership-request', '0', '');
INSERT INTO `wpla_terms` (`term_id`, `name`, `slug`, `term_group`, `term_icon`) VALUES ('296', 'messages-unread', 'messages-unread', '0', '');
INSERT INTO `wpla_terms` (`term_id`, `name`, `slug`, `term_group`, `term_icon`) VALUES ('297', 'settings-verify-email-change', 'settings-verify-email-change', '0', '');
INSERT INTO `wpla_terms` (`term_id`, `name`, `slug`, `term_group`, `term_icon`) VALUES ('298', 'groups-membership-request-accepted', 'groups-membership-request-accepted', '0', '');
INSERT INTO `wpla_terms` (`term_id`, `name`, `slug`, `term_group`, `term_icon`) VALUES ('299', 'groups-membership-request-rejected', 'groups-membership-request-rejected', '0', '');
INSERT INTO `wpla_terms` (`term_id`, `name`, `slug`, `term_group`, `term_icon`) VALUES ('300', 'exclude-from-search', 'exclude-from-search', '0', '');
INSERT INTO `wpla_terms` (`term_id`, `name`, `slug`, `term_group`, `term_icon`) VALUES ('301', 'exclude-from-catalog', 'exclude-from-catalog', '0', '');
INSERT INTO `wpla_terms` (`term_id`, `name`, `slug`, `term_group`, `term_icon`) VALUES ('302', 'featured', 'featured', '0', '');
INSERT INTO `wpla_terms` (`term_id`, `name`, `slug`, `term_group`, `term_icon`) VALUES ('303', 'outofstock', 'outofstock', '0', '');
INSERT INTO `wpla_terms` (`term_id`, `name`, `slug`, `term_group`, `term_icon`) VALUES ('304', 'rated-1', 'rated-1', '0', '');
INSERT INTO `wpla_terms` (`term_id`, `name`, `slug`, `term_group`, `term_icon`) VALUES ('305', 'rated-2', 'rated-2', '0', '');
INSERT INTO `wpla_terms` (`term_id`, `name`, `slug`, `term_group`, `term_icon`) VALUES ('306', 'rated-3', 'rated-3', '0', '');
INSERT INTO `wpla_terms` (`term_id`, `name`, `slug`, `term_group`, `term_icon`) VALUES ('307', 'rated-4', 'rated-4', '0', '');
INSERT INTO `wpla_terms` (`term_id`, `name`, `slug`, `term_group`, `term_icon`) VALUES ('308', 'rated-5', 'rated-5', '0', '');
INSERT INTO `wpla_terms` (`term_id`, `name`, `slug`, `term_group`, `term_icon`) VALUES ('309', 'corsi', 'corsi-1', '0', '');
INSERT INTO `wpla_terms` (`term_id`, `name`, `slug`, `term_group`, `term_icon`) VALUES ('310', 'multiple-choice', 'multiple-choice', '0', '');
INSERT INTO `wpla_terms` (`term_id`, `name`, `slug`, `term_group`, `term_icon`) VALUES ('311', 'multiple-choice', 'multiple-choice-1', '0', '');
INSERT INTO `wpla_terms` (`term_id`, `name`, `slug`, `term_group`, `term_icon`) VALUES ('312', 'Senza categoria', 'senza-categoria', '0', '');
INSERT INTO `wpla_terms` (`term_id`, `name`, `slug`, `term_group`, `term_icon`) VALUES ('313', 'woocommerce-db-updates', 'woocommerce-db-updates', '0', '');
INSERT INTO `wpla_terms` (`term_id`, `name`, `slug`, `term_group`, `term_icon`) VALUES ('314', 'wc_update_product_lookup_tables', 'wc_update_product_lookup_tables', '0', '');
INSERT INTO `wpla_terms` (`term_id`, `name`, `slug`, `term_group`, `term_icon`) VALUES ('315', 'Uncategorized', 'uncategorized', '0', '');
INSERT INTO `wpla_terms` (`term_id`, `name`, `slug`, `term_group`, `term_icon`) VALUES ('316', 'Zovirax Acyclovir Over The Counter pnl50', 'zovirax-acyclovir-over-the-counter-pnl50', '0', '');
INSERT INTO `wpla_terms` (`term_id`, `name`, `slug`, `term_group`, `term_icon`) VALUES ('317', 'The ideal commander bur relaxes radar tacoma as truro', 'the-ideal-commander-bur-relaxes-radar-tacoma-as-truro', '0', '');
INSERT INTO `wpla_terms` (`term_id`, `name`, `slug`, `term_group`, `term_icon`) VALUES ('318', 'the ideal analgesic...', 'the-ideal-analgesic', '0', '');
INSERT INTO `wpla_terms` (`term_id`, `name`, `slug`, `term_group`, `term_icon`) VALUES ('319', 'Above 1999', 'above-1999', '0', '');
INSERT INTO `wpla_terms` (`term_id`, `name`, `slug`, `term_group`, `term_icon`) VALUES ('320', 'blake waterlogged both top protocol laps ken tho warren beetle...', 'blake-waterlogged-both-top-protocol-laps-ken-tho-warren-beetle', '0', '');
INSERT INTO `wpla_terms` (`term_id`, `name`, `slug`, `term_group`, `term_icon`) VALUES ('321', 'Country dressers bedroom Los Angeles', 'country-dressers-bedroom-los-angeles', '0', '');
INSERT INTO `wpla_terms` (`term_id`, `name`, `slug`, `term_group`, `term_icon`) VALUES ('322', 'Prezzo minimo', 'min-price', '0', '');
INSERT INTO `wpla_terms` (`term_id`, `name`, `slug`, `term_group`, `term_icon`) VALUES ('323', 'Prezzo massimo', 'max-price', '0', '');
INSERT INTO `wpla_terms` (`term_id`, `name`, `slug`, `term_group`, `term_icon`) VALUES ('324', 'Venditori più votati', 'top-rated-vendor', '0', '');
INSERT INTO `wpla_terms` (`term_id`, `name`, `slug`, `term_group`, `term_icon`) VALUES ('325', 'Min Price', 'min-price', '0', '');
INSERT INTO `wpla_terms` (`term_id`, `name`, `slug`, `term_group`, `term_icon`) VALUES ('326', 'Max Price', 'max-price', '0', '');
INSERT INTO `wpla_terms` (`term_id`, `name`, `slug`, `term_group`, `term_icon`) VALUES ('327', 'Top rated vendor', 'top-rated-vendor', '0', '');
INSERT INTO `wpla_terms` (`term_id`, `name`, `slug`, `term_group`, `term_icon`) VALUES ('328', 'Website Updates', 'website-updates', '0', '');
INSERT INTO `wpla_terms` (`term_id`, `name`, `slug`, `term_group`, `term_icon`) VALUES ('329', 'Blog Post', 'blog-post', '0', '');
INSERT INTO `wpla_terms` (`term_id`, `name`, `slug`, `term_group`, `term_icon`) VALUES ('330', 'Promotion', 'promotion', '0', '');
